000
CXUS55 KLOX 281655
CF6WJF
PRELIMINARY LOCAL CLIMATOLOGICAL DATA (WS FORM: F-6)

                                          STATION:   LANCASTER FOX FIELD CA
                                          MONTH:     MARCH
                                          YEAR:      2015
                                          LATITUDE:   34 43 N
                                          LONGITUDE: 118 13 W

  TEMPERATURE IN F:       :PCPN:    SNOW:  WIND      :SUNSHINE: SKY     :PK WND
================================================================================
1   2   3   4   5  6A  6B    7    8   9   10  11  12  13   14  15   16   17  18
                                     12Z  AVG MX 2MIN
DY MAX MIN AVG DEP HDD CDD  WTR  SNW DPTH SPD SPD DIR MIN PSBL S-S WX    SPD DR
================================================================================

 1  55  39  47  -4  18   0 0.04    M    0  5.8 17 150   M    M   9 1      20 160
 2  55  36  46  -5  19   0    T    M    0 12.7 28 240   M    M   3        32 240
 3  60  29  45  -6  20   0 0.00  0.0    0  6.9 25 270   M    M   1        29 270
 4  60  27  44  -7  21   0 0.00  0.0    0  6.6 18  50   M    M   0        22  40
 5  66  23  45  -7  20   0 0.00  0.0    0  6.1 17  60   M    M   0        24  90
 6  73  25  49  -3  16   0 0.00  0.0    0  7.9 23  60   M    M   0        27  60
 7  75  28  52   0  13   0 0.00  0.0    0  4.1 14  50   M    M   0        18  40
 8  79  32  56   4   9   0 0.00  0.0    0  6.1 24 250   M    M   0        28 260
 9  77  34  56   4   9   0 0.00  0.0    0  5.2 18  60   M    M   0        24  60
10  78  29  54   2  11   0 0.00  0.0    0  4.3 15 220   M    M   0         M  M
11  72  43  58   6   7   0    T    M    0  7.2 24 260   M    M   4        29 260
12  77  40  59   6   6   0 0.00  0.0    0  6.9 24  70   M    M   0        29  60
13  79  38  59   6   6   0 0.00  0.0    0  8.8 25  40   M    M   0        32  50
14  83  38  61   8   4   0 0.00  0.0    0  4.5  9 260   M    M   0        11  60
15  82  44  63  10   2   0 0.00  0.0    0  5.0 16 260   M    M   0        20 210
16  82  46  64  11   1   0 0.00  0.0    0  6.3 18 220   M    M   0        22 210
17  77  47  62   9   3   0 0.00  0.0    0 14.8 28 280   M    M   0        31 280
18  72  55  64  10   1   0    T  0.0    0 11.1 23 270   M    M   1        28 270
19  79  46  63   9   2   0 0.00  0.0    0  6.9 25 280   M    M   1        30 270
20  80  38  59   5   6   0 0.00  0.0    0  6.9 21 240   M    M   0        25 240
21  78  50  64  10   1   0 0.00  0.0    0 13.8 24 240   M    M   0 8      29 230
22  79  51  65  11   0   0 0.00  0.0    0 16.0 25 220   M    M   0 8      33 220
23  67  48  58   4   7   0 0.00  0.0    0 22.9 39 280   M    M   0 8      46 280
24  72  49  61   7   4   0 0.00  0.0    0 23.0 32 270   M    M   0        39 280
25  77  42  60   6   5   0 0.00  0.0    0  7.1 23  60   M    M   0        27  70
26  83  38  61   6   4   0 0.00  0.0    0  6.6 21  50   M    M   0        28  50
27  87  41  64   9   1   0 0.00  0.0    0  7.0 21 240   M    M   0        24 240
================================================================================
SM 2004 1056       216   0  0.04     0.0 240.4          M       19
================================================================================
AV 74.2 39.1                               8.9 FASTST   M    M   1    MAX(MPH)
                                 MISC ---->  # 39 280               # 46  280
================================================================================
NOTES:
# LAST OF SEVERAL OCCURRENCES

COLUMN 17 PEAK WIND IN M.P.H.

PRELIMINARY LOCAL CLIMATOLOGICAL DATA (WS FORM: F-6) , PAGE 2

                                          STATION:  LANCASTER FOX FIELD CA
                                          MONTH:    MARCH
                                          YEAR:     2015
                                          LATITUDE:   34 43 N
                                          LONGITUDE: 118 13 W

[TEMPERATURE DATA]      [PRECIPITATION DATA]       SYMBOLS USED IN COLUMN 16

AVERAGE MONTHLY: 56.7   TOTAL FOR MONTH:   0.04    1 = FOG OR MIST
DPTR FM NORMAL:   3.8   DPTR FM NORMAL:   -1.00    2 = FOG REDUCING VISIBILITY
HIGHEST:    87 ON 27    GRTST 24HR  0.04 ON  1- 1      TO 1/4 MILE OR LESS
LOWEST:     23 ON  5                               3 = THUNDER
                        SNOW, ICE PELLETS, HAIL    4 = ICE PELLETS
                        TOTAL MONTH:   0.0 INCH    5 = HAIL
                        GRTST 24HR     0.0         6 = FREEZING RAIN OR DRIZZLE
                        GRTST DEPTH:   0           7 = DUSTSTORM OR SANDSTORM:
                                                       VSBY 1/2 MILE OR LESS
                                                   8 = SMOKE OR HAZE
[NO. OF DAYS WITH]      [WEATHER - DAYS WITH]      9 = BLOWING SNOW
                                                   X = TORNADO
MAX 32 OR BELOW:   0    0.01 INCH OR MORE:   1
MAX 90 OR ABOVE:   0    0.10 INCH OR MORE:   0
MIN 32 OR BELOW:   7    0.50 INCH OR MORE:   0
MIN  0 OR BELOW:   0    1.00 INCH OR MORE:   0

[HDD (BASE 65) ]
TOTAL THIS MO.   216    CLEAR  (SCALE 0-3)  25
DPTR FM NORMAL  -111    PTCLDY (SCALE 4-7)   1
TOTAL FM JUL 1  2085    CLOUDY (SCALE 8-10)  1
DPTR FM NORMAL  -535

[CDD (BASE 65) ]
TOTAL THIS MO.     0
DPTR FM NORMAL     0    [PRESSURE DATA]
TOTAL FM JAN 1     0    HIGHEST SLP M ON M
DPTR FM NORMAL     0    LOWEST  SLP 29.82 ON  9

[REMARKS]
