000
CXUS56 KLKN 011009
CF6WMC
PRELIMINARY LOCAL CLIMATOLOGICAL DATA (WS FORM: F-6)

                                          STATION:   WINNEMUCCA AIRPORT NV
                                          MONTH:     OCTOBER
                                          YEAR:      2014
                                          LATITUDE:   40 54 N
                                          LONGITUDE: 117 48 W

  TEMPERATURE IN F:       :PCPN:    SNOW:  WIND      :SUNSHINE: SKY     :PK WND
================================================================================
1   2   3   4   5  6A  6B    7    8   9   10  11  12  13   14  15   16   17  18
                                     12Z  AVG MX 2MIN
DY MAX MIN AVG DEP HDD CDD  WTR  SNW DPTH SPD SPD DIR MIN PSBL S-S WX    SPD DR
================================================================================

 1  61  29  45  -9  20   0 0.00  0.0    0  4.1  9 120   M    M   0        11 130
 2  72  27  50  -4  15   0 0.00  0.0    0  4.3 10 360   M    M   0        14 300
 3  78  32  55   2  10   0 0.00  0.0    0  4.0 10  50   M    M   0        13  50
 4  80  33  57   4   8   0 0.00  0.0    0  5.1 13 300   M    M   0        16 310
 5  81  33  57   5   8   0 0.00  0.0    0  3.6 10 150   M    M   0        13 310
 6  84  35  60   8   5   0 0.00  0.0    0  3.0 10 150   M    M   0        12 270
 7  85  35  60   8   5   0 0.00  0.0    0  3.8 12 270   M    M   0        16 260
 8  82  34  58   7   7   0 0.00  0.0    0  4.5 13 240   M    M   0        17 240
 9  77  32  55   4  10   0 0.00  0.0    0  4.0 14 280   M    M   0        18 270
10  76  32  54   4  11   0 0.00  0.0    0  4.9 15 340   M    M   0        19 320
11  76  35  56   6   9   0 0.00  0.0    0  7.0 21 280   M    M   0        25 270
12  64  35  50   0  15   0 0.00  0.0    0  6.7 22 350   M    M   0        28 350
13  78  28  53   4  12   0 0.00  0.0    0  5.6 13 130   M    M   0        19 170
14  79  36  58   9   7   0 0.00  0.0    0  6.4 17 190   M    M   0        23 160
15  62  32  47  -1  18   0    T  0.0    0  9.4 29 270   M    M   2        37 280
16  68  32  50   2  15   0 0.00  0.0    0  5.1 12  40   M    M   0        15  40
17  72  35  54   6  11   0 0.00  0.0    0  6.1 13  70   M    M   0        17  70
18  73  26  50   3  15   0 0.00  0.0    0  4.2 12  20   M    M   0        15  10
19  77  29  53   6  12   0 0.00  0.0    0  4.4 12  30   M    M   0 8      14  20
20  77  28  53   6  12   0    T  0.0    0  7.1 31 250   M    M   2        39 250
21  57  29  43  -3  22   0 0.05  0.0    0  6.7 20 250   M    M   1 1      25 280
22  68  23  46   0  19   0 0.00  0.0    0  4.7 13 150   M    M   0        16 160
23  67  37  52   6  13   0 0.00  0.0    0  4.4 16 320   M    M   4        20 320
24  79  29  54   9  11   0 0.00  0.0    0  5.0 18 200   M    M   0        24 200
25  74  38  56  11   9   0    T  0.0    0 13.7 36 290   M    M   1 8      47 290
26  56  24  40  -4  25   0 0.04  0.0    0  7.4 22 270   M    M   4 1      28 260
27  55  18  37  -7  28   0 0.00  0.0    0  7.5 16  40   M    M   2        22  30
28  64  18  41  -3  24   0 0.00  0.0    0  3.9  9 130   M    M   0        10 250
29  72  28  50   7  15   0 0.00  0.0    0  3.6 10 150   M    M   0        13 130
30  70  30  50   7  15   0    T    M    0  5.4 12  20   M    M   0        16  30
31  70  32  51   8  14   0 0.00  0.0    0  4.4 18 260   M    M   1        23 260
================================================================================
SM 2234  944       420   0  0.09     0.0 170.0          M       17
================================================================================
AV 72.1 30.5                               5.5 FASTST   M    M   1    MAX(MPH)
                                 MISC ---->  # 36 290               # 47  290
================================================================================
NOTES:
# LAST OF SEVERAL OCCURRENCES

COLUMN 17 PEAK WIND IN M.P.H.

PRELIMINARY LOCAL CLIMATOLOGICAL DATA (WS FORM: F-6) , PAGE 2

                                          STATION:  WINNEMUCCA AIRPORT NV
                                          MONTH:    OCTOBER
                                          YEAR:     2014
                                          LATITUDE:   40 54 N
                                          LONGITUDE: 117 48 W

[TEMPERATURE DATA]      [PRECIPITATION DATA]       SYMBOLS USED IN COLUMN 16

AVERAGE MONTHLY: 51.3   TOTAL FOR MONTH:   0.09    1 = FOG OR MIST
DPTR FM NORMAL:   3.1   DPTR FM NORMAL:   -0.58    2 = FOG REDUCING VISIBILITY
HIGHEST:    85 ON  7    GRTST 24HR  0.05 ON 21-21      TO 1/4 MILE OR LESS
LOWEST:     18 ON 28,27                            3 = THUNDER
                        SNOW, ICE PELLETS, HAIL    4 = ICE PELLETS
                        TOTAL MONTH:   0.0 INCH    5 = HAIL
                        GRTST 24HR     0.0         6 = FREEZING RAIN OR DRIZZLE
                        GRTST DEPTH:   0           7 = DUSTSTORM OR SANDSTORM:
                                                       VSBY 1/2 MILE OR LESS
                                                   8 = SMOKE OR HAZE
[NO. OF DAYS WITH]      [WEATHER - DAYS WITH]      9 = BLOWING SNOW
                                                   X = TORNADO
MAX 32 OR BELOW:   0    0.01 INCH OR MORE:   2
MAX 90 OR ABOVE:   0    0.10 INCH OR MORE:   0
MIN 32 OR BELOW:  20    0.50 INCH OR MORE:   0
MIN  0 OR BELOW:   0    1.00 INCH OR MORE:   0

[HDD (BASE 65) ]
TOTAL THIS MO.   420    CLEAR  (SCALE 0-3)  29
DPTR FM NORMAL  -101    PTCLDY (SCALE 4-7)   2
TOTAL FM JUL 1   524    CLOUDY (SCALE 8-10)  0
DPTR FM NORMAL  -201

[CDD (BASE 65) ]
TOTAL THIS MO.     0
DPTR FM NORMAL     0    [PRESSURE DATA]
TOTAL FM JAN 1   674    HIGHEST SLP M ON M
DPTR FM NORMAL   133    LOWEST  SLP 29.53 ON 31

[REMARKS]
#FINAL-10-14#
