180
CXUS56 KMTR 271000
CF6WVI
PRELIMINARY LOCAL CLIMATOLOGICAL DATA (WS FORM: F-6)

                                          STATION:   WATSONVILLE AIRPORT
                                          MONTH:     SEPTEMBER
                                          YEAR:      2016
                                          LATITUDE:   36 55 N
                                          LONGITUDE: 121 47 W

  TEMPERATURE IN F:       :PCPN:    SNOW:  WIND      :SUNSHINE: SKY     :PK WND
================================================================================
1   2   3   4   5  6A  6B    7    8   9   10  11  12  13   14  15   16   17  18
                                     12Z  AVG MX 2MIN
DY MAX MIN AVG DEP HDD CDD  WTR  SNW DPTH SPD SPD DIR MIN PSBL S-S WX    SPD DR
================================================================================

 1  72  56  64   0   1   0 0.00  0.0    0  4.5 15  90   M    M   7 1      17  90
 2  71  54  63  -1   2   0 0.00  0.0    0  5.1 13 100   M    M   6 1      16 100
 3  66  52  59  -5   6   0 0.00  0.0    0  4.7 16 200   M    M   8 1      21 200
 4  67  49  58  -6   7   0 0.00  0.0    0  5.5 16 170   M    M   5 1      22 170
 5  70  52  61  -3   4   0 0.00  0.0    0  4.9 12 140   M    M   4        15 210
 6  81  47  64   0   1   0 0.00  0.0    0  3.6 12 180   M    M   0        13 180
 7  86  49  68   4   0   3 0.00  0.0    0  3.7 13 200   M    M   2 1      17 200
 8  68  53  61  -3   4   0 0.00  0.0    0  6.1 15 240   M    M   6 1      20 220
 9  65  52  59  -5   6   0 0.00  0.0    0  3.5 12 200   M    M   7 12     15 190
10  64  54  59  -5   6   0 0.00  0.0    0  4.0 12 210   M    M   9 1      15 220
11  66  54  60  -4   5   0 0.00  0.0    0  5.1 14 230   M    M   9 1      17 240
12  65  56  61  -3   4   0 0.00  0.0    0  6.7 15 240   M    M  10        20 230
13  70  53  62  -2   3   0    T  0.0    0  6.2 15 230   M    M   6        20 240
14  73  48  61  -3   4   0 0.00  0.0    0  4.5 17 230   M    M   0        21 240
15  75  47  61  -3   4   0 0.00  0.0    0  4.3 12 130   M    M   2        14 120
16  70  51  61  -3   4   0 0.00  0.0    0  2.8 12 200   M    M   6 12     14 190
17  81  50  66   2   0   1 0.00  0.0    0  3.1 10 150   M    M   6 12     12 160
18  94  47  71   8   0   6 0.00  0.0    0  2.5 12 150   M    M   1 12     14 150
19  84  53  69   6   0   4 0.00  0.0    0  5.0 10 200   M    M   1 1      14 240
20  77  56  67   4   0   2 0.00  0.0    0  2.8 13 210   M    M   5 1      15 210
21  72  50  61  -2   4   0 0.00  0.0    0  4.3 10 110   M    M   3 1      17 260
22  72  46  59  -4   6   0 0.00  0.0    0  6.0 14 180   M    M   0        17 180
23  74  48  61  -2   4   0 0.00  0.0    0  4.2 12 120   M    M   1 12     17 180
24  85  51  68   5   0   3 0.00  0.0    0  3.8 14 240   M    M   0        16 240
25  94  55  75  12   0  10 0.00  0.0    0  4.7 13 230   M    M   0        17 230
26 101  54  78  15   0  13 0.00  0.0    0  3.4 12 240   M    M   1        15 250
================================================================================
SM 1963 1337        75  42    T      0.0 115.0          M      105
================================================================================
AV 75.5 51.4                               4.4 FASTST   M    M   4    MAX(MPH)
                                 MISC ---->  # 17 230               # 22  170
================================================================================
NOTES:
# LAST OF SEVERAL OCCURRENCES

COLUMN 17 PEAK WIND IN M.P.H.

PRELIMINARY LOCAL CLIMATOLOGICAL DATA (WS FORM: F-6) , PAGE 2

                                          STATION:  WATSONVILLE AIRPORT
                                          MONTH:    SEPTEMBER
                                          YEAR:     2016
                                          LATITUDE:   36 55 N
                                          LONGITUDE: 121 47 W

[TEMPERATURE DATA]      [PRECIPITATION DATA]       SYMBOLS USED IN COLUMN 16

AVERAGE MONTHLY: 63.5   TOTAL FOR MONTH:      T    1 = FOG OR MIST
DPTR FM NORMAL:  -0.2   DPTR FM NORMAL:   -0.17    2 = FOG REDUCING VISIBILITY
HIGHEST:   101 ON 26    GRTST 24HR    T  ON 13-13      TO 1/4 MILE OR LESS
LOWEST:     46 ON 22                               3 = THUNDER
                        SNOW, ICE PELLETS, HAIL    4 = ICE PELLETS
                        TOTAL MONTH:   0.0 INCH    5 = HAIL
                        GRTST 24HR     0.0         6 = FREEZING RAIN OR DRIZZLE
                        GRTST DEPTH:   0           7 = DUSTSTORM OR SANDSTORM:
                                                       VSBY 1/2 MILE OR LESS
                                                   8 = SMOKE OR HAZE
[NO. OF DAYS WITH]      [WEATHER - DAYS WITH]      9 = BLOWING SNOW
                                                   X = TORNADO
MAX 32 OR BELOW:   0    0.01 INCH OR MORE:   0
MAX 90 OR ABOVE:   3    0.10 INCH OR MORE:   0
MIN 32 OR BELOW:   0    0.50 INCH OR MORE:   0
MIN  0 OR BELOW:   0    1.00 INCH OR MORE:   0

[HDD (BASE 65) ]
TOTAL THIS MO.    75    CLEAR  (SCALE 0-3)  11
DPTR FM NORMAL    12    PTCLDY (SCALE 4-7)  12
TOTAL FM JUL 1   281    CLOUDY (SCALE 8-10)  3
DPTR FM NORMAL    84

[CDD (BASE 65) ]
TOTAL THIS MO.    42
DPTR FM NORMAL    16    [PRESSURE DATA]
TOTAL FM JAN 1    70    HIGHEST SLP M ON M
DPTR FM NORMAL   -22    LOWEST  SLP 29.81 ON M

[REMARKS]
