000
CXUS54 KTSA 240840
CF6XNA
PRELIMINARY LOCAL CLIMATOLOGICAL DATA (WS FORM: F-6)

                                          STATION:   HIGHFILL ARKANSAS
                                          MONTH:     OCTOBER
                                          YEAR:      2014
                                          LATITUDE:   36 16 N
                                          LONGITUDE:  94 19 W

  TEMPERATURE IN F:       :PCPN:    SNOW:  WIND      :SUNSHINE: SKY     :PK WND
================================================================================
1   2   3   4   5  6A  6B    7    8   9   10  11  12  13   14  15   16   17  18
                                     12Z  AVG MX 2MIN
DY MAX MIN AVG DEP HDD CDD  WTR  SNW DPTH SPD SPD DIR MIN PSBL S-S WX    SPD DR
================================================================================

 1  85  59  72  10   0   7 0.00  0.0    0  9.4 21 170   M    M   3 1      27 180
 2  78  60  69   8   0   4 1.01  0.0    0 10.4 26 230   M    M   6 138    36 220
 3  62  39  51 -10  14   0    T  0.0    0 11.3 29 340   M    M   2        35 340
 4  64  39  52  -9  13   0 0.00  0.0    0  6.5 15 270   M    M   0        19 300
 5  77  47  62   2   3   0 0.01  0.0    0  8.1 22 290   M    M   1 38     30 310
 6  76  49  63   3   2   0 0.00  0.0    0  5.8 14 220   M    M   2        19 230
 7  85  63  74  14   0   9 0.00  0.0    0  6.8 15 210   M    M   0        20 220
 8  82  61  72  13   0   7 0.27  0.0    0  6.9 17 180   M    M   3 13     21 190
 9  83  63  73  14   0   8 0.15  0.0    0  8.3 21  20   M    M   4 123    28  20
10  68  54  61   2   4   0 3.15  0.0    0  9.0 38 350   M    M  10 13     45 350
11  54  50  52  -7  13   0 0.24  0.0    0  8.7 15  40   M    M  10 1      20  30
12  66  52  59   1   6   0 0.01  0.0    0  9.2 16 160   M    M   9 1      21 170
13  67  52  60   2   5   0 2.36  0.0    0 12.8 22 310   M    M  10 13     32 310
14  66  50  58   0   7   0    T  0.0    0 12.9 25 310   M    M   4        37 310
15  67  43  55  -3  10   0 0.00  0.0    0  6.9 18 310   M    M   0        24 300
16  78  39  59   2   6   0 0.00  0.0    0  6.5 17 180   M    M   0        20 190
17  75  49  62   5   3   0 0.00  0.0    0  5.8 14 360   M    M   0        18 360
18  67  44  56  -1   9   0 0.00  0.0    0  6.2 15  20   M    M   0 1      19  20
19  67  41  54  -3  11   0 0.00  0.0    0  3.7 12 170   M    M   0 18     14 200
20  69  49  59   3   6   0 0.24    M    0  3.5 12 230   M    M   7 12     15 220
21  77  47  62   6   3   0 0.00  0.0    0  0.7  7 240   M    M   5 128     9 230
22  75  50  63   7   2   0 0.00  0.0    0  3.5  9 150   M    M   2 18     13 120
23  60  51  56   0   9   0 0.22  0.0    0  3.1  9 170   M    M   6 1      10 170
================================================================================
SM 1648 1151       126  35  7.66     0.0 166.0          M       84
================================================================================
AV 71.7 50.0                               7.2 FASTST   M    M   4    MAX(MPH)
                                 MISC ---->  # 38 350               # 45  350
================================================================================
NOTES:
# LAST OF SEVERAL OCCURRENCES

COLUMN 17 PEAK WIND IN M.P.H.

PRELIMINARY LOCAL CLIMATOLOGICAL DATA (WS FORM: F-6) , PAGE 2

                                          STATION:  HIGHFILL ARKANSAS
                                          MONTH:    OCTOBER
                                          YEAR:     2014
                                          LATITUDE:   36 16 N
                                          LONGITUDE:  94 19 W

[TEMPERATURE DATA]      [PRECIPITATION DATA]       SYMBOLS USED IN COLUMN 16

AVERAGE MONTHLY: 60.8   TOTAL FOR MONTH:   7.66    1 = FOG OR MIST
DPTR FM NORMAL:   2.4   DPTR FM NORMAL:    4.81    2 = FOG REDUCING VISIBILITY
HIGHEST:    85 ON  7, 1 GRTST 24HR  3.30 ON  9-10      TO 1/4 MILE OR LESS
LOWEST:     39 ON 16, 4                            3 = THUNDER
                        SNOW, ICE PELLETS, HAIL    4 = ICE PELLETS
                        TOTAL MONTH:   0.0 INCH    5 = HAIL
                        GRTST 24HR     0.0         6 = FREEZING RAIN OR DRIZZLE
                        GRTST DEPTH:   0           7 = DUSTSTORM OR SANDSTORM:
                                                       VSBY 1/2 MILE OR LESS
                                                   8 = SMOKE OR HAZE
[NO. OF DAYS WITH]      [WEATHER - DAYS WITH]      9 = BLOWING SNOW
                                                   X = TORNADO
MAX 32 OR BELOW:   0    0.01 INCH OR MORE:  10
MAX 90 OR ABOVE:   0    0.10 INCH OR MORE:   8
MIN 32 OR BELOW:   0    0.50 INCH OR MORE:   3
MIN  0 OR BELOW:   0    1.00 INCH OR MORE:   3

[HDD (BASE 65) ]
TOTAL THIS MO.   126    CLEAR  (SCALE 0-3)  12
DPTR FM NORMAL   -43    PTCLDY (SCALE 4-7)   7
TOTAL FM JUL 1   154    CLOUDY (SCALE 8-10)  4
DPTR FM NORMAL   -65

[CDD (BASE 65) ]
TOTAL THIS MO.    35
DPTR FM NORMAL    21    [PRESSURE DATA]
TOTAL FM JAN 1  1325    HIGHEST SLP M ON M
DPTR FM NORMAL    90    LOWEST  SLP 29.47 ON 13

[REMARKS]
