000
CXAK56 PAYA 280913
CF6YAK

PRELIMINARY LOCAL CLIMATOLOGICAL DATA (WS FORM: F-6)

                                          STATION:   YAKUTAT
                                          MONTH:     03
                                          YEAR:      2015
                                          LATITUDE:   59 31 N
                                          LONGITUDE: 139 40 W

  TEMPERATURE IN F:       :PCPN:    SNOW:  WIND      :SUNSHINE: SKY     :PK WND
================================================================================
1   2   3   4   5  6A  6B    7     8   9   10  11  12  13   14  15   16  17  18
                                      12Z  AVG MX 2MIN
DY MAX MIN AVG DEP HDD CDD  WTR   SNW DPTH SPD SPD DIR MIN PSBL S-S WX   SPD DR
================================================================================

 1  46  26  36   5  29   0  0.00  0.0   0  1.2  7  260   M    M   M        9 240
 2  46  25  36   5  29   0  0.00  0.0   0  1.9  7   80   M    M   M        8 120
 3  40  34  37   6  28   0  0.10  0.0   0  5.8 13  100   M    M   M 1     18  90
 4  40  37  39   8  26   0  0.81  0.0   0  7.8 16  100   M    M   M 1     22  90
 5  45  33  39   8  26   0  0.14  0.0   0  2.2  9  100   M    M   M 1     14  80
 6  43  33  38   7  27   0  0.16  0.0   0  2.4  8  210   M    M   M 1     11 180
 7  41  36  39   8  26   0  0.60  0.0   0  5.6 16  220   M    M   M 1     22 210
 8  41  32  37   6  28   0  0.21    T   T  3.2 17  220   M    M   M 1248  28 240
 9  33  25  29  -2  36   0  0.25  3.9   T  8.6 22  260   M    M   M 1     32 270
10  27  11  19 -12  46   0  0.16  3.6   4  6.3 17   80   M    M   M 1     23  70
11  33   4  19 -12  46   0  0.00  0.0   6  0.6  6  250   M    M   M        8 230
12  32  23  28  -3  37   0  0.67  9.2   5  3.2 13  330   M    M   M 1     17 320
13  34  20  27  -4  38   0  0.52  3.3  15  9.4 23  200   M    M   M 1     33 200
14  30  20  25  -7  40   0  0.15  1.9  15  5.5 21  230   M    M   M 15    27 220
15  33  22  28  -4  37   0  0.04  0.2  16  6.1 17  240   M    M   M 15    22 240
16  36  31  34   2  31   0  1.09  5.4  16  8.3 15   40   M    M   M 1     19  50
17  40  35  38   6  27   0  0.71  0.0  15  4.6 12   50   M    M   M 1     15  40
18  48  35  42  10  23   0  0.26  0.0  13  4.9 14   90   M    M   M 1     21 120
19  47  28  38   6  27   0  0.09  0.0  10  1.6  7  120   M    M   M 1      9 130
20  49  23  36   4  29   0     T  0.0   8  3.4 13   70   M    M   M 2     18  70
21  42  35  39   7  26   0  0.50  0.0   8  8.3 14  100   M    M   M 1     22 100
22  46  28  37   4  28   0  0.54  0.0   6  2.7 13   90   M    M   M 1     17  90
23  48  24  36   3  29   0  0.00  0.0   4  0.9  8  250   M    M   M 1     10 220
24  48  23  36   3  29   0  0.00  0.0   3  1.6  9  160   M    M   M       12 160
25  53  22  38   5  27   0  0.22  0.0   3  6.7 15   90   M    M   M 1     24 170
26  45  38  42   9  23   0  1.21  0.0   2  7.4 18  140   M    M   M 1     28 150
27  44  35  40   6  25   0  0.27    T   T  0.0 12  120   M    M   M 1248  17 190
================================================================================
SM 1110  738       823   0  8.70 27.5    120.2           M        M
================================================================================
AV 41.1 27.3                              4.5 FASTST  PSBL  %   M    MAX(MPH)
                                 MISC ---->     23  200                 33 200
================================================================================
NOTES:
# LAST OF SEVERAL OCCURRENCES

COLUMN 17 PEAK WIND IN M.P.H.

PRELIMINARY LOCAL CLIMATOLOGICAL DATA (WS FORM: F-6) , PAGE 2

                                          STATION:   YAKUTAT
                                          MONTH:     03
                                          YEAR:      2015
                                          LATITUDE:  59 31 N
                                          LONGITUDE: 139 40 W

[TEMPERATURE DATA]      [PRECIPITATION DATA]       SYMBOLS USED IN COLUMN 16

AVERAGE MONTHLY:34.2   TOTAL FOR MONTH: 8.70       1 = FOG
DPTR FM NORMAL:  2.4   DPTR FM NORMAL: -1.07       2 = FOG REDUCING VISIBILITY
HIGHEST:    53 ON 25    GRTST 24HR   1.21 ON 26        TO 1/4 MILE OR LESS
LOWEST:      4 ON 11                               3 = THUNDER
                        SNOW, ICE PELLETS, HAIL    4 = ICE PELLETS
                        TOTAL MONTH: 27.5 INCHES  5 = HAIL
                        GRTST 24HR   9.2 ON 12     6 = GLAZE OR RIME
                        GRTST DEPTH:   16 ON 16    7 = BLOWING DUST OR SAND:
                                                       VSBY 1/2 MILE OR LESS
                                                   8 = SMOKE OR HAZE
[NO. OF DAYS WITH]      [WEATHER - DAYS WITH]      9 = BLOWING SNOW
                                                   X = TORNADO
MAX 32 OR BELOW:   3    0.01 INCH OR MORE:  21
MAX 70 OR ABOVE:   0    0.10 INCH OR MORE:  19
MIN 32 OR BELOW:  17    0.50 INCH OR MORE:   9
MIN  0 OR BELOW:   0    1.00 INCH OR MORE:   2

[HDD (BASE 65) ]
TOTAL THIS MO.   823    CLEAR  (SCALE 0-3)   M
DPTR FM NORMAL   -75    PTCLDY (SCALE 4-7)   M
SEASONAL TOTAL  6255    CLOUDY (SCALE 8-10)  M
DPTR FM NORMAL  -772

[CDD (BASE 65) ]
TOTAL THIS MO.     0
DPTR FM NORMAL     0    [PRESSURE DATA]
SEASONAL TOTAL     0    HIGHEST SLP     M
DPTR FM NORMAL     0    LOWEST  SLP     M

[REMARKS]
