000
CXUS51 KPBZ 281001
CF6ZZV
PRELIMINARY LOCAL CLIMATOLOGICAL DATA (WS FORM: F-6)

                                          STATION:   ZANESVILLE OH
                                          MONTH:     JANUARY
                                          YEAR:      2015
                                          LATITUDE:   39 56 N
                                          LONGITUDE:  81 54 W

  TEMPERATURE IN F:       :PCPN:    SNOW:  WIND      :SUNSHINE: SKY     :PK WND
================================================================================
1   2   3   4   5  6A  6B    7    8   9   10  11  12  13   14  15   16   17  18
                                     12Z  AVG MX 2MIN
DY MAX MIN AVG DEP HDD CDD  WTR  SNW DPTH SPD SPD DIR MIN PSBL S-S WX    SPD DR
================================================================================

 1  37  17  27  -2  38   0 0.00    M    M 10.1 20 210   M    M   0        29 210
 2  37  23  30   1  35   0 0.00    M    M  4.4 15 240   M    M   2        21 240
 3  57  23  40  11  25   0 0.77    M    M  7.3 16 160   M    M   9 16     23 150
 4  59  30  45  16  20   0 0.32    M    M 16.2 26 270   M    M  10 1      40 270
 5  30  15  23  -6  42   0    T    M    M 11.8 23 270   M    M   5 8      35 280
 6  21  13  17 -12  48   0 0.19    M    M  6.9 17 260   M    M   7 18     25 260
 7  13   1   7 -22  58   0    T    M    M 12.9 23 310   M    M   6 8      29 320
 8  18  -6   6 -23  59   0 0.00    M    M  9.9 17 220   M    M   2        26 210
 9  22   4  13 -16  52   0    T    M    M 13.3 25 270   M    M   6 18     37 270
10  18  -4   7 -22  58   0 0.00    M    M  5.5 13 250   M    M   0        17 270
11  35   6  21  -8  44   0 0.06    M    M  6.0 13 180   M    M  10 16     16 160
12  35  25  30   1  35   0 0.20    M    M  6.3 17 360   M    M  10 126    24  10
13  26  15  21  -7  44   0 0.00    M    M  8.0 15  30   M    M   2        20  30
14  24  16  20  -8  45   0 0.00    M    M  4.3 12 250   M    M  10        14 260
15  34  12  23  -5  42   0 0.00    M    M  4.5 14 260   M    M   4        19 260
16  34  22  28   0  37   0 0.00    M    M  6.2 13 260   M    M   8 8      17 280
17  49  19  34   6  31   0 0.00    M    M  8.9 18 190   M    M   0 1      25 210
18   M  33   M   M   M   M 0.05    M    M 10.8 20 270   M    M   8 1      26 290
19  43  27  35   6  30   0 0.00    M    M  3.5 12 270   M    M   3 1      16 260
20  43  29  36   7  29   0    T    M    M  1.6 10 340   M    M   8 18     13 330
21  40  31  36   7  29   0 0.17    M    M  6.1 16 260   M    M   9 1      21 240
22  35  29  32   3  33   0 0.02    M    M  6.0 15 310   M    M  10 18     19 320
23  35  27  31   2  34   0 0.02    M    M  1.1  7 290   M    M   9 18      8 170
24  33  25  29   0  36   0    T    M    M  6.9 14 310   M    M   9 18     17 310
25  36  30  33   4  32   0 0.32    M    M  5.3 10 200   M    M  10 1      14 260
26  30  18  24  -5  41   0 0.09    M    M  8.3 14 330   M    M  10 128    19 340
27  23  14  19 -10  46   0    T    M    M  6.3 13 330   M    M   9 18     16 330
================================================================================
SM  867  494      1023   0  2.21    M    198.4          M      176
================================================================================
AV 33.3 18.3                               7.3 FASTST   M    M   7    MAX(MPH)
                                 MISC ---->  # 26 270               # 40  270
================================================================================
NOTES:
# LAST OF SEVERAL OCCURRENCES

COLUMN 17 PEAK WIND IN M.P.H.

PRELIMINARY LOCAL CLIMATOLOGICAL DATA (WS FORM: F-6) , PAGE 2

                                          STATION:  ZANESVILLE OH
                                          MONTH:    JANUARY
                                          YEAR:     2015
                                          LATITUDE:   39 56 N
                                          LONGITUDE:  81 54 W

[TEMPERATURE DATA]      [PRECIPITATION DATA]       SYMBOLS USED IN COLUMN 16

AVERAGE MONTHLY: 25.8   TOTAL FOR MONTH:   2.21    1 = FOG OR MIST
DPTR FM NORMAL:  -3.0   DPTR FM NORMAL:   -0.14    2 = FOG REDUCING VISIBILITY
HIGHEST:    59 ON  4    GRTST 24HR  0.79 ON  3- 4      TO 1/4 MILE OR LESS
LOWEST:     -6 ON  8                               3 = THUNDER
                        SNOW, ICE PELLETS, HAIL    4 = ICE PELLETS
                        TOTAL MONTH:    M          5 = HAIL
                        GRTST 24HR    M  ON   M    6 = FREEZING RAIN OR DRIZZLE
                        GRTST DEPTH:  M  ON   M    7 = DUSTSTORM OR SANDSTORM:
                                                       VSBY 1/2 MILE OR LESS
                                                   8 = SMOKE OR HAZE
[NO. OF DAYS WITH]      [WEATHER - DAYS WITH]      9 = BLOWING SNOW
                                                   X = TORNADO
MAX 32 OR BELOW:  10    0.01 INCH OR MORE:  11
MAX 90 OR ABOVE:   0    0.10 INCH OR MORE:   6
MIN 32 OR BELOW:  26    0.50 INCH OR MORE:   1
MIN  0 OR BELOW:   2    1.00 INCH OR MORE:   0

[HDD (BASE 65) ]
TOTAL THIS MO.  1023    CLEAR  (SCALE 0-3)   6
DPTR FM NORMAL    51    PTCLDY (SCALE 4-7)   8
TOTAL FM JUL 1  3239    CLOUDY (SCALE 8-10) 13
DPTR FM NORMAL   122

[CDD (BASE 65) ]
TOTAL THIS MO.     0
DPTR FM NORMAL     0    [PRESSURE DATA]
TOTAL FM JAN 1     0    HIGHEST SLP  0.00 ON  7
DPTR FM NORMAL     0    LOWEST  SLP  0.00 ON  7

[REMARKS]
