000
CXUS53 KABR 051434
CLAABR

FSDCLMABE 000
TTAA00 KABR 051434


CLIMATE REPORT
NATIONAL WEATHER SERVICE ABERDEEN SD
834 AM CST MON JAN 5 2015

...................................

...THE ABERDEEN SD CLIMATE SUMMARY FOR THE YEAR OF 2014...

CLIMATE NORMAL PERIOD 1981 TO 2010
CLIMATE RECORD PERIOD 1893 TO 2014

WEATHER         OBSERVED          NORMAL  DEPART  LAST YEAR`S
                 VALUE   DATE(S)  VALUE   FROM    VALUE  DATE(S)
                                          NORMAL
................................................................
TEMPERATURE (F)
RECORD
 HIGH             115   07/09/1936
                        07/06/1936
 LOW              -46   01/12/1912
HIGHEST            91   07/05        MM      MM       95  08/24
LOWEST            -27   01/02        MM      MM      -31  02/01
AVG. MAXIMUM     52.6              54.6    -2.0     52.0
AVG. MINIMUM     28.6              31.5    -2.9     28.6
MEAN             40.6              43.0    -2.4     40.3
DAYS MAX >= 90      2              13.0   -11.0       12
DAYS MAX <= 32     90              76.4    13.6       98
DAYS MIN <= 32    186             178.8     7.2      202
DAYS MIN <= 0      56              37.1    18.9       55

PRECIPITATION (INCHES)
RECORD
 MAXIMUM        42.11   1896
 MINIMUM         7.88   1976
TOTALS          17.78             21.72   -3.94    21.90
DAILY AVG.       0.05
DAYS >= .01        95              94.4     0.6      110
DAYS >= .10        41              45.3    -4.3       43
DAYS >= .50         9              12.9    -3.9       15
DAYS >= 1.00        3               4.0    -1.0        3

SNOWFALL (INCHES)
RECORDS
 TOTAL          110.8   1936
                        1937
TOTALS           26.0              38.1   -12.1     64.4
 LIQUID EQUIV    2.60                MM      MM     6.44
SINCE 7/1         8.8              14.6    -5.8     15.5
 LIQUID 7/1      0.88                MM      MM     1.55
DAYS >= TRACE      63              32.3    30.7       79
DAYS >= 1.0         9              11.3    -2.3       13
GREATEST
 SNOW DEPTH         6   11/16                         15  02/11

DEGREE_DAYS
HEATING TOTAL    9087              8534     553     9445
 SINCE 7/1         MM              3491      MM       MM
COOLING TOTAL     342               525    -183      580
 SINCE 1/1        342               525    -183      580

FREEZE DATES
RECORD
 EARLIEST     MM
 LATEST       MM
EARLIEST                        MM
LATEST                          MM
.................................................................

WIND (MPH)
AVERAGE WIND SPEED              11.2
HIGHEST WIND SPEED/DIRECTION    55/330    DATE  01/16
HIGHEST GUST SPEED/DIRECTION    69/330    DATE  01/16


WEATHER CONDITIONS. NUMBER OF DAYS WITH
THUNDERSTORM              0     MIXED PRECIP               0
HEAVY RAIN               20     RAIN                      26
LIGHT RAIN               88     FREEZING RAIN              0
LT FREEZING RAIN          4     HAIL                       0
HEAVY SNOW                2     SNOW                       8
LIGHT SNOW               58     SLEET                      0
FOG                     146     FOG W/VIS <= 1/4 MILE     23
HAZE                     63

-  INDICATES NEGATIVE NUMBERS.
R  INDICATES RECORD WAS SET OR TIED.
MM INDICATES DATA IS MISSING.
T  INDICATES TRACE AMOUNT.

$$
