000
CXUS52 KCAE 011718
CLAAGS


CLIMATE REPORT
NATIONAL WEATHER SERVICE COLUMBIA SC
1217 PM EST SUN JAN 1 2017

...................................

...THE AUGUSTA REGIONAL BUSH FIELD GA CLIMATE SUMMARY FOR THE YEAR OF 2016...

CLIMATE NORMAL PERIOD 1981 TO 2010
CLIMATE RECORD PERIOD 1873 TO 2016

WEATHER         OBSERVED          NORMAL  DEPART  LAST YEAR`S
                 VALUE   DATE(S)  VALUE   FROM    VALUE  DATE(S)
                                          NORMAL
................................................................
TEMPERATURE (F)
RECORD
 HIGH             108   08/10/2007
                        08/21/1983
 LOW               -1   01/21/1985
HIGHEST           102   07/03        MM      MM      104  07/21
LOWEST             20   01/19        MM      MM       13  02/20
AVG. MAXIMUM     78.6              76.9     1.7     77.4
AVG. MINIMUM     53.5              51.0     2.5     53.5
MEAN             66.0              63.9     2.1     65.5
DAYS MAX >= 90    104              82.0    22.0       92
DAYS MAX <= 32      0               0.3    -0.3        0
DAYS MIN <= 32     41              51.2   -10.2       45
DAYS MIN <= 0       0               0.0     0.0        0

PRECIPITATION (INCHES)
RECORD
 MAXIMUM        73.82   1929
 MINIMUM        28.05   1933
TOTALS          38.27             43.57   -5.30    47.39
DAILY AVG.       0.10              0.12   -0.02     0.13
DAYS >= .01        91             104.8   -13.8      126
DAYS >= .10        59              67.9    -8.9       83
DAYS >= .50        24              28.6    -4.6       37
DAYS >= 1.00       10              12.4    -2.4       13
GREATEST
 24 HR. TOTAL    4.24   09/01 TO 09/02                    12/31 TO 12/31
                                                          12/31 TO 12/31
                                                          12/31 TO 12/31
 STORM TOTAL       MM                                 MM
 (MM/DD(HH))            MM                       12/31(06) TO 12/31(06)
                                                 12/31(06) TO 12/31(06)1
                                                 12/31(06) TO 12/31(06)1

SNOWFALL (INCHES)
RECORDS
 TOTAL           14.0   1973
 24 HR TOTAL       MM
 SNOW DEPTH        14   02/10/1973
TOTALS            0.5               0.9    -0.4        T
 LIQUID EQUIV    0.05              0.10   -0.05       MM
SINCE 7/1         0.0               0.1    -0.1      0.0
 LIQUID 7/1      0.00              0.00    0.00     0.00
SNOWDEPTH AVG.      0                MM      MM        0
DAYS >= TRACE       1               0.4     0.6        1
DAYS >= 1.0         0               0.3    -0.3        0
GREATEST
 SNOW DEPTH         0   01/23                          0  MM
 24 HR TOTAL      0.5   01/23 TO 01/24                    12/31 TO 12/31
                                                          12/31 TO 12/31
                                                          12/31 TO 12/31
 STORM TOTAL       MM                                 MM
 (MM/DD(HH))            MM                       12/31(06) TO 12/31(06)
                                                 12/31(06) TO 12/31(06)1
                                                 12/31(06) TO 12/31(06)1

DEGREE_DAYS
HEATING TOTAL    1989              2470    -481     2042
 SINCE 7/1         MM               975      MM      504
COOLING TOTAL    2516              2088     428     2357
 SINCE 1/1       2516              2089     427     2357

FREEZE DATES
RECORD
 EARLIEST     MM
 LATEST       MM
EARLIEST                        MM
LATEST                          MM
..................................................

WIND (MPH)
AVERAGE WIND SPEED              5.3
RESULTANT WIND SPEED/DIRECTION   1/274
HIGHEST WIND SPEED/DIRECTION    40/270    DATE  07/05
HIGHEST GUST SPEED/DIRECTION    58/260    DATE  07/05

SKY COVER
POSSIBLE SUNSHINE (PERCENT)   MM
AVERAGE SKY COVER           0.30
NUMBER OF DAYS FAIR          241
NUMBER OF DAYS PC             85
NUMBER OF DAYS CLOUDY         40

AVERAGE RH (PERCENT)     68

WEATHER CONDITIONS. NUMBER OF DAYS WITH
THUNDERSTORM             59     MIXED PRECIP               0
HEAVY RAIN               43     RAIN                      52
LIGHT RAIN              127     FREEZING RAIN              0
LT FREEZING RAIN          0     HAIL                       0
HEAVY SNOW                0     SNOW                       0
LIGHT SNOW                1     SLEET                      0
FOG                     229     FOG W/VIS <= 1/4 MILE     53
HAZE                     70

-  INDICATES NEGATIVE NUMBERS.
R  INDICATES RECORD WAS SET OR TIED.
MM INDICATES DATA IS MISSING.
T  INDICATES TRACE AMOUNT.

$$
