000
CXUS53 KGJT 011403
CLAASE


CLIMATE REPORT
NATIONAL WEATHER SERVICE GRAND JUNCTION CO
642 AM MST SUN JAN 1 2017

...................................

...THE ASPEN CO CLIMATE SUMMARY FOR THE YEAR OF 2016...

CLIMATE NORMAL PERIOD 1981 TO 2010
CLIMATE RECORD PERIOD 9999 TO 9999

WEATHER         OBSERVED          NORMAL  DEPART  LAST YEAR`S
                 VALUE   DATE(S)  VALUE   FROM    VALUE  DATE(S)
                                          NORMAL
................................................................
TEMPERATURE (F)
RECORD
 HIGH              MM   MM
 LOW               MM   MM
HIGHEST            92   06/20        MM      MM       88  06/30
LOWEST            -14   01/01        MM      MM      -10  12/27
AVG. MAXIMUM     58.0              54.7     3.3     57.7
AVG. MINIMUM     28.8              26.9     1.9     29.9
MEAN             43.4              40.8     2.6     43.8
DAYS MAX >= 90      2               0.4     1.6        0
DAYS MAX <= 32     35              50.6   -15.6       34
DAYS MIN <= 32    205             212.5    -7.5      192
DAYS MIN <= 0      17              19.8    -2.8       13

PRECIPITATION (INCHES)
RECORD
 MAXIMUM           MM   MM
 MINIMUM           MM   MM
TOTALS          16.04             17.26   -1.22    18.52
DAILY AVG.       0.04              0.05   -0.01     0.05
DAYS >= .01       133                MM      MM      138
DAYS >= .10        50                MM      MM       53
DAYS >= .50         5                MM      MM        8
DAYS >= 1.00        0                MM      MM        0
GREATEST
 24 HR. TOTAL    0.84   MM                       12/31 TO 12/31
 STORM TOTAL       MM                                 MM

SNOWFALL (INCHES)
RECORDS
 TOTAL             MM   MM
 24 HR TOTAL       MM
 SNOW DEPTH        MM   MM
TOTALS             MM                MM      MM       MM
 LIQUID EQUIV      MM                MM      MM       MM
SINCE 7/1          MM                MM      MM       MM
 LIQUID 7/1        MM                MM      MM       MM
SNOWDEPTH AVG.     MM                MM      MM       MM
DAYS >= TRACE      MM                MM      MM       MM
DAYS >= 1.0        MM                MM      MM       MM
GREATEST
 SNOW DEPTH        MM                                 MM  MM
 24 HR TOTAL       MM                                 MM
 STORM TOTAL       MM                                 MM

DEGREE_DAYS
HEATING TOTAL    7874              8874   -1000     7703
 SINCE 7/1       3128              3721    -593     3229
COOLING TOTAL      69                39      30       73
 SINCE 1/1         69                39      30       73

FREEZE DATES
RECORD
 EARLIEST     MM
 LATEST       MM
EARLIEST                        MM
LATEST                          MM
..................................................

WIND (MPH)
AVERAGE WIND SPEED              6.0
RESULTANT WIND SPEED/DIRECTION   2/211
HIGHEST WIND SPEED/DIRECTION    39/280    DATE  06/08
HIGHEST GUST SPEED/DIRECTION    62/190    DATE  02/18

SKY COVER
POSSIBLE SUNSHINE (PERCENT)   MM
AVERAGE SKY COVER           0.30
NUMBER OF DAYS FAIR          203
NUMBER OF DAYS PC            107
NUMBER OF DAYS CLOUDY         56

AVERAGE RH (PERCENT)     55

WEATHER CONDITIONS. NUMBER OF DAYS WITH
THUNDERSTORM             48     MIXED PRECIP               0
HEAVY RAIN                8     RAIN                      23
LIGHT RAIN              120     FREEZING RAIN              0
LT FREEZING RAIN          0     HAIL                       0
HEAVY SNOW               14     SNOW                      30
LIGHT SNOW               88     SLEET                      0
FOG                     109     FOG W/VIS <= 1/4 MILE     14
HAZE                     75

-  INDICATES NEGATIVE NUMBERS.
R  INDICATES RECORD WAS SET OR TIED.
MM INDICATES DATA IS MISSING.
T  INDICATES TRACE AMOUNT.

$$
