358
CXUS53 KGRB 041454
CLAAUW

CLIMATE REPORT
NATIONAL WEATHER SERVICE GREEN BAY
855 AM CST WED JAN 4 2017

...5TH WARMEST YEAR ON RECORD...
...4TH LEAST HEATING DEGREE DAYS ON RECORD...
...25TH WETTEST YEAR ON RECORD...

...THE WAUSAU WI CLIMATE SUMMARY FOR THE YEAR OF 2016...

CLIMATE NORMAL PERIOD 1981 TO 2010
CLIMATE RECORD PERIOD 1896 TO 2017

WEATHER         OBSERVED          NORMAL  DEPART  LAST YEAR`S
                 VALUE   DATE(S)  VALUE   FROM    VALUE  DATE(S)
                                          NORMAL
................................................................
TEMPERATURE (F)
RECORD
 HIGH             107   07/13/1936
 LOW              -40   01/30/1951
                        01/18/1948
                        02/10/1899
HIGHEST            92   06/11                         92  08/14
LOWEST            -15   12/18                        -19  01/13
AVG. MAXIMUM     55.8              53.2     2.6     54.5
AVG. MINIMUM     37.7              33.8     3.9     35.7
MEAN             46.8              43.5     3.3     45.1
DAYS MAX >= 90      3               4.0    -1.0        1
DAYS MAX <= 32     65              77.8   -12.8       76
DAYS MIN <= 32    137             163.7   -26.7      147
DAYS MIN <= 0      17              26.3    -9.3       31

PRECIPITATION (INCHES)
RECORD
 MAXIMUM        48.72   1938
 MINIMUM        21.43   1976
TOTALS          36.98             32.41    4.57    37.29
DAILY AVG.       0.10
DAYS >= .01       139             129.1     9.9      110
DAYS >= .10        86              69.0    17.0       70
DAYS >= .50        19              19.1    -0.1       24
DAYS >= 1.00        8               6.2     1.8        9

SNOWFALL (INCHES)
RECORDS
 TOTAL          101.7   1909
TOTALS           61.0              59.6     1.4     32.2
SINCE 7/1        27.2              22.2     5.0      9.5
SNOWDEPTH AVG.      2
DAYS >= TRACE      77              43.5    33.5       66
DAYS >= 1.0        20              18.7     1.3       10
GREATEST
 SNOW DEPTH        12   12/23                         11  03/06
                                                          03/04
                                                          03/05
 24 HR TOTAL      7.0   MM

DEGREE_DAYS
HEATING TOTAL    7068              8249   -1181     7518
 SINCE 7/1       2695              3286    -591     2440
COOLING TOTAL     512               407     105      435
 SINCE 1/1        512               407     105      435

FREEZE DATES
RECORD
 EARLIEST     08/30/1915
 LATEST       06/12/1903
EARLIEST                        10/02
LATEST                          05/05
.................................................................

WIND (MPH)
AVERAGE WIND SPEED              7.7
HIGHEST WIND SPEED/DIRECTION    46/280    DATE  06/05
HIGHEST GUST SPEED/DIRECTION    64/280    DATE  06/05

SKY COVER
POSSIBLE SUNSHINE (PERCENT)   MM
AVERAGE SKY COVER           0.50
NUMBER OF DAYS FAIR          149
NUMBER OF DAYS PC            115
NUMBER OF DAYS CLOUDY        102

AVERAGE RH (PERCENT)     71

WEATHER CONDITIONS. NUMBER OF DAYS WITH
THUNDERSTORM             39     MIXED PRECIP               0
HEAVY RAIN               48     RAIN                      54
LIGHT RAIN              120     FREEZING RAIN              3
LT FREEZING RAIN          5     HAIL                       0
HEAVY SNOW                4     SNOW                      16
LIGHT SNOW               78     SLEET                      0
FOG                     176     FOG W/VIS <= 1/4 MILE     20
HAZE                     47

-  INDICATES NEGATIVE NUMBERS.
R  INDICATES RECORD WAS SET OR TIED.
MM INDICATES DATA IS MISSING.
T  INDICATES TRACE AMOUNT.

$$
