000
CXUS53 KGRB 031237 RRA
CLAAUW

ANNUAL CLIMATE REPORT
NATIONAL WEATHER SERVICE GREEN BAY
638 AM CST SAT JAN 3 2015

...WAUSAU 2014 YEARLY STATISTICS...

...6TH COLDEST YEAR ON RECORD...
...7TH WETTEST YEAR ON RECORD...
...9TH SNOWIEST YEAR ON RECORD...
...6TH MOST HEATING DEGREE DAYS ON RECORD...


...THE WAUSAU WI CLIMATE SUMMARY FOR THE YEAR OF 2014...

CLIMATE NORMAL PERIOD 1981 TO 2010
CLIMATE RECORD PERIOD 1896 TO 2015

WEATHER         OBSERVED          NORMAL  DEPART  LAST YEAR`S
                 VALUE   DATE(S)  VALUE   FROM    VALUE  DATE(S)
                                          NORMAL
................................................................
TEMPERATURE (F)
RECORD
 HIGH             107   07/13/1936
 LOW              -40   01/30/1951
                        01/18/1948
                        02/10/1899
HIGHEST            87   07/22                         92  08/25
                                                          07/17
                                                          07/16
LOWEST            -26   01/06                        -19  12/30
AVG. MAXIMUM     49.2              53.2    -4.0     51.5
AVG. MINIMUM     30.9              33.8    -2.9     32.8
MEAN             40.0              43.5    -3.5     42.1
DAYS MAX >= 90      0               4.0    -4.0        7
DAYS MAX <= 32    106              77.8    28.2       88
DAYS MIN <= 32    173             163.7     9.3      178
DAYS MIN <= 0      51              26.3    24.7       33

PRECIPITATION (INCHES)
RECORD
 MAXIMUM        48.72   1938
 MINIMUM        21.43   1976
TOTALS          40.89             32.41    8.48    38.52
DAILY AVG.       0.11
DAYS >= .01       150             129.1    20.9      156
DAYS >= .10        86              69.0    17.0       86
DAYS >= .50        24              19.1     4.9       22
DAYS >= 1.00        8               6.2     1.8        6

SNOWFALL (INCHES)
RECORDS
 TOTAL          101.7   1909
TOTALS           86.6              59.6    27.0     83.4
SINCE 7/1        31.0              22.2     8.8     28.7
SNOWDEPTH AVG.      5
DAYS >= TRACE     100              43.5    56.5      110
DAYS >= 1.0        30              18.7    11.3       32
GREATEST
 SNOW DEPTH        27   02/17                         16  02/22
 24 HR TOTAL      7.8   MM

DEGREE_DAYS
HEATING TOTAL    9274              8249    1025     8732
 SINCE 7/1       3407              3286     121     3473
COOLING TOTAL     338               407     -69      506
 SINCE 1/1        338               407     -69      506

FREEZE DATES
RECORD
 EARLIEST     08/30/1915
 LATEST       06/12/1903
EARLIEST                        10/02
LATEST                          05/05
.................................................................

WIND (MPH)
AVERAGE WIND SPEED              8.1
HIGHEST WIND SPEED/DIRECTION    33/100    DATE  04/28
HIGHEST GUST SPEED/DIRECTION    44/270    DATE  02/21

SKY COVER
POSSIBLE SUNSHINE (PERCENT)   MM
AVERAGE SKY COVER           0.50
NUMBER OF DAYS FAIR          134
NUMBER OF DAYS PC            129
NUMBER OF DAYS CLOUDY        102

AVERAGE RH (PERCENT)     73

WEATHER CONDITIONS. NUMBER OF DAYS WITH
THUNDERSTORM              M     MIXED PRECIP               0
HEAVY RAIN               35     RAIN                      41
LIGHT RAIN              131     FREEZING RAIN              2
LT FREEZING RAIN          8     HAIL                       0
HEAVY SNOW                9     SNOW                      20
LIGHT SNOW               91     SLEET                      0
FOG                     212     FOG W/VIS <= 1/4 MILE     29
HAZE                     77

-  INDICATES NEGATIVE NUMBERS.
R  INDICATES RECORD WAS SET OR TIED.
MM INDICATES DATA IS MISSING.
T  INDICATES TRACE AMOUNT.

$$
ECKBERG
