000
CXUS53 KGRB 021456
CLAAUW

CLIMATE REPORT
NATIONAL WEATHER SERVICE GREEN BAY
855 AM CST TUE JAN 2 2018

...25TH WARMEST YEAR ON RECORD...
...21ST WETTEST YEAR ON RECORD...
...21ST LEAST HEATING DEGREE DAYS ON RECORD...
...27TH LEAST COOLING DEGREE DAYS ON RECORD...

................................................................

...THE WAUSAU WI CLIMATE SUMMARY FOR THE YEAR OF 2017...

CLIMATE NORMAL PERIOD 1981 TO 2010
CLIMATE RECORD PERIOD 1896 TO 2018

WEATHER         OBSERVED          NORMAL  DEPART  LAST YEAR`S
                 VALUE   DATE(S)  VALUE   FROM    VALUE  DATE(S)
                                          NORMAL
................................................................
TEMPERATURE (F)
RECORD
 HIGH             107   07/13/1936
 LOW              -40   01/30/1951
                        01/18/1948
                        02/10/1899
HIGHEST            88   06/10                         92  06/11
LOWEST            -16   12/27                        -15  12/18
                        12/26
AVG. MAXIMUM     53.4              53.2     0.2     55.8
AVG. MINIMUM     35.2              33.8     1.4     37.7
MEAN             44.3              43.5     0.8     46.8
DAYS MAX >= 90      0               4.0    -4.0        3
DAYS MAX <= 32     72              77.8    -5.8       65
DAYS MIN <= 32    158             163.7    -5.7      137
DAYS MIN <= 0      19              26.3    -7.3       17

PRECIPITATION (INCHES)
RECORD
 MAXIMUM        48.72   1938
 MINIMUM        21.43   1976
TOTALS          37.21             32.41    4.80    36.98
DAILY AVG.       0.10
DAYS >= .01       143             129.1    13.9      139
DAYS >= .10        82              69.0    13.0       86
DAYS >= .50        27              19.1     7.9       19
DAYS >= 1.00        7               6.2     0.8        8

SNOWFALL (INCHES)
RECORDS
 TOTAL          101.7   1909
TOTALS           51.2              59.6    -8.4     61.0
SINCE 7/1        17.9              22.2    -4.3     27.2
SNOWDEPTH AVG.      2
DAYS >= TRACE      63              43.5    19.5       77
DAYS >= 1.0        15              18.7    -3.7       20
GREATEST
 SNOW DEPTH        19   01/13                         12  12/23
                        01/11
                        01/12
 24 HR TOTAL      8.4   MM

DEGREE_DAYS
HEATING TOTAL    7787              8249    -462     7068
 SINCE 7/1       3215              3286     -71     2695
COOLING TOTAL     339               407     -68      512
 SINCE 1/1        339               407     -68      512

FREEZE DATES
RECORD
 EARLIEST     08/30/1915
 LATEST       06/12/1903
EARLIEST                        10/02
LATEST                          05/05
.................................................................

WIND (MPH)
AVERAGE WIND SPEED              7.9
HIGHEST WIND SPEED/DIRECTION    44/270    DATE  04/10
HIGHEST GUST SPEED/DIRECTION    59/280    DATE  03/08

SKY COVER
POSSIBLE SUNSHINE (PERCENT)   MM
AVERAGE SKY COVER           0.50
NUMBER OF DAYS FAIR          147
NUMBER OF DAYS PC            122
NUMBER OF DAYS CLOUDY         96

AVERAGE RH (PERCENT)     73

WEATHER CONDITIONS. NUMBER OF DAYS WITH
THUNDERSTORM             45     MIXED PRECIP               0
HEAVY RAIN               48     RAIN                      56
LIGHT RAIN              135     FREEZING RAIN              1
LT FREEZING RAIN          5     HAIL                       0
HEAVY SNOW                3     SNOW                       9
LIGHT SNOW               66     SLEET                      0
FOG                     196     FOG W/VIS <= 1/4 MILE     25
HAZE                     30

-  INDICATES NEGATIVE NUMBERS.
R  INDICATES RECORD WAS SET OR TIED.
MM INDICATES DATA IS MISSING.
T  INDICATES TRACE AMOUNT.

$$
