000
CXUS53 KGRB 011135
CLAAUW

CLIMATE REPORT
NATIONAL WEATHER SERVICE GREEN BAY
527 AM CST FRI JAN 1 2016

...................................

...THE WAUSAU WI CLIMATE SUMMARY FOR THE YEAR OF 2015...

CLIMATE NORMAL PERIOD 1981 TO 2010
CLIMATE RECORD PERIOD 1896 TO 2015

WEATHER         OBSERVED          NORMAL  DEPART  LAST YEAR`S
                 VALUE   DATE(S)  VALUE   FROM    VALUE  DATE(S)
                                          NORMAL
................................................................
TEMPERATURE (F)
RECORD
 HIGH             107   07/13/1936
 LOW              -40   01/30/1951
                        01/18/1948
                        02/10/1899
HIGHEST            92   08/14                         87  07/22
LOWEST            -19   01/13                        -26  01/06
AVG. MAXIMUM     54.5              53.2     1.3     49.2
AVG. MINIMUM     35.7              33.8     1.9     30.9
MEAN             45.1              43.5     1.6     40.0
DAYS MAX >= 90      1               4.0    -3.0        0
DAYS MAX <= 32     76              77.8    -1.8      106
DAYS MIN <= 32    147             163.7   -16.7      173
DAYS MIN <= 0      31              26.3     4.7       51

PRECIPITATION (INCHES)
RECORD
 MAXIMUM        48.72   1938
 MINIMUM        21.43   1976
TOTALS          37.29             32.41    4.88    40.89
DAILY AVG.       0.10
DAYS >= .01       110             129.1   -19.1      150
DAYS >= .10        70              69.0     1.0       86
DAYS >= .50        24              19.1     4.9       24
DAYS >= 1.00        9               6.2     2.8        8

SNOWFALL (INCHES)
RECORDS
 TOTAL          101.7   1909
TOTALS           32.2              59.6   -27.4     86.6
SINCE 7/1         9.5              22.2   -12.7     31.0
SNOWDEPTH AVG.      2
DAYS >= TRACE      66              43.5    22.5      100
DAYS >= 1.0        10              18.7    -8.7       30
GREATEST
 SNOW DEPTH        11   03/06                         27  02/17
                        03/04
                        03/05
 24 HR TOTAL      6.2   MM

DEGREE_DAYS
HEATING TOTAL    7518              8249    -731     9274
 SINCE 7/1         MM              3286      MM       MM
COOLING TOTAL     435               407      28      338
 SINCE 1/1        435               407      28      338

FREEZE DATES
RECORD
 EARLIEST     08/30/1915
 LATEST       06/12/1903
EARLIEST                        10/02
LATEST                          05/05
.................................................................

WIND (MPH)
AVERAGE WIND SPEED              8.0
HIGHEST WIND SPEED/DIRECTION    37/270    DATE  07/18
HIGHEST GUST SPEED/DIRECTION   176/140    DATE  03/22

SKY COVER
POSSIBLE SUNSHINE (PERCENT)   MM
AVERAGE SKY COVER           0.50
NUMBER OF DAYS FAIR          155
NUMBER OF DAYS PC            112
NUMBER OF DAYS CLOUDY         97

AVERAGE RH (PERCENT)     70

WEATHER CONDITIONS. NUMBER OF DAYS WITH
THUNDERSTORM              0     MIXED PRECIP               0
HEAVY RAIN               33     RAIN                      57
LIGHT RAIN              116     FREEZING RAIN              0
LT FREEZING RAIN          3     HAIL                       0
HEAVY SNOW                1     SNOW                       7
LIGHT SNOW               64     SLEET                      0
FOG                     179     FOG W/VIS <= 1/4 MILE     17
HAZE                     55

-  INDICATES NEGATIVE NUMBERS.
R  INDICATES RECORD WAS SET OR TIED.
MM INDICATES DATA IS MISSING.
T  INDICATES TRACE AMOUNT.

$$
