842
CXUS55 KCYS 121745 CCA
CLABFF

CLIMATE REPORT
NATIONAL WEATHER SERVICE CHEYENNE WY
1029 AM MST THU JAN 12 2017

...................................

...THE SCOTTSBLUFF NE AIRPORT CLIMATE SUMMARY FOR THE YEAR OF 2016...

CLIMATE NORMAL PERIOD 1981 TO 2010
CLIMATE RECORD PERIOD 1871 TO 2017

WEATHER         OBSERVED          NORMAL  DEPART  LAST YEAR`S
                 VALUE   DATE(S)  VALUE   FROM    VALUE
                                          NORMAL
.............................................................
TEMPERATURE (F)
RECORD
 HIGH             110   07/11/1939
 LOW              -45   02/12/1899
HIGHEST           104   07/20                        101
                        07/09
LOWEST            -23   12/18                        -12
AVG. MAXIMUM     66.5              63.6     2.9     64.6
AVG. MINIMUM     36.0              34.1     1.9     36.3
MEAN             51.3              48.8     2.5     50.5
DAYS MAX >= 90     54              42.6               45
DAYS MAX <= 32     19              26.7               32
DAYS MIN <= 32    161             172.7              154
DAYS MIN <= 0       7              12.7               13

PRECIPITATION (INCHES)
RECORD
 MAXIMUM        27.48   1915
 MINIMUM         2.93   2002
TOTALS          15.80             15.79    0.01    23.56
DAILY AVG.       0.04              0.04    0.00     0.06
DAYS >= .01        86              87.2               98
DAYS >= .10        36              40.1               50
DAYS >= .50        11               8.0               14
DAYS >= 1.00        1               1.9                3
GREATEST
 24 HR. TOTAL    1.53   03/07 TO 03/08              3.04

SNOWFALL (INCHES)
RECORDS
 TOTAL           73.3   2014
TOTALS           24.0              42.1   -18.1     37.7
SINCE 7/1         6.3              16.0    -9.7     16.9
DAYS >= TRACE      46              27.0               42
DAYS >= 1.0         7              13.6               11
GREATEST
 SNOW DEPTH         5   02/05                         12
                        02/04
                        02/03
 24 HR TOTAL      5.6   03/30 TO 03/30               8.0

DEGREE_DAYS
HEATING TOTAL    5838              6616    -778     5973
 SINCE 7/1         MM              2772      MM       MM
COOLING TOTAL     898               724     174      793
 SINCE 1/1        898               724     174      793
..............................................................

WIND (MPH)
AVERAGE WIND SPEED              9.3
HIGHEST WIND SPEED/DIRECTION    53/340    DATE  06/28
HIGHEST GUST SPEED/DIRECTION    64/340    DATE  06/28

SKY COVER
POSSIBLE SUNSHINE (PERCENT)   MM
AVERAGE SKY COVER           0.20
NUMBER OF DAYS FAIR          253
NUMBER OF DAYS PC             89
NUMBER OF DAYS CLOUDY         24

AVERAGE RH (PERCENT)     58

WEATHER CONDITIONS. NUMBER OF DAYS WITH
THUNDERSTORM              0     MIXED PRECIP               0
HEAVY RAIN               17     RAIN                      22
LIGHT RAIN               93     FREEZING RAIN              1
LT FREEZING RAIN          2     HAIL                       1
HEAVY SNOW                2     SNOW                       6
LIGHT SNOW               47     SLEET                      0
FOG                      83     FOG W/VIS <= 1/4 MILE     14
HAZE                     42

-  INDICATES NEGATIVE NUMBERS.
R  INDICATES RECORD WAS SET OR TIED.
MM INDICATES DATA IS MISSING.
T  INDICATES TRACE AMOUNT.

$$
