000
CXUS55 KCYS 091750
CLABFF


CLIMATE REPORT
NATIONAL WEATHER SERVICE CHEYENNE WY
1049 AM MST THU JAN 9 2014

...................................

...THE SCOTTSBLUFF NE AIRPORT CLIMATE SUMMARY FOR THE YEAR OF 2013...

CLIMATE NORMAL PERIOD 1981 TO 2010
CLIMATE RECORD PERIOD 1871 TO 2014

WEATHER         OBSERVED          NORMAL  DEPART  LAST YEAR`S
                 VALUE   DATE(S)  VALUE   FROM    VALUE
                                          NORMAL
.............................................................
TEMPERATURE (F)
RECORD
 HIGH             110   07/11/1939
 LOW              -45   02/12/1899
HIGHEST           102   09/06                        106
LOWEST            -17   12/05                         -9
AVG. MAXIMUM     64.3              63.6     0.7     69.5
AVG. MINIMUM     34.5              34.1     0.4     36.4
MEAN             49.4              48.8     0.6     53.0
DAYS MAX >= 90     60              42.6               MM
DAYS MAX <= 32     25              26.7               MM
DAYS MIN <= 32    187             172.7               MM
DAYS MIN <= 0      13              12.7               MM

PRECIPITATION (INCHES)
RECORD
 MAXIMUM        27.48   1915
 MINIMUM         2.93   2002
TOTALS          13.37             15.79   -2.42     6.97
DAILY AVG.       0.04              0.04    0.00        T
DAYS >= .01        92              87.2               MM
DAYS >= .10        37              40.1               MM
DAYS >= .50         7               8.0               MM
DAYS >= 1.00        0               1.9               MM
GREATEST
 24 HR. TOTAL    1.09   09/22 TO 09/23              1.09

SNOWFALL (INCHES)
RECORDS
 TOTAL           67.2   1987
TOTALS           55.2              42.1    13.1     24.9
SINCE 7/1        24.1              16.0     8.1     13.5
DAYS >= TRACE      49              27.0               MM
DAYS >= 1.0        16              13.6               MM
GREATEST
 SNOW DEPTH         9   12/05                          4
                        04/10
 24 HR TOTAL      9.2   12/03 TO 12/04               3.7

DEGREE_DAYS
HEATING TOTAL    6610              6616      -6     5507
 SINCE 7/1         MM              2772      MM       MM
COOLING TOTAL    1047               724     323     1208
 SINCE 1/1       1047               724     323     1208
..............................................................

WIND (MPH)
AVERAGE WIND SPEED              9.2
HIGHEST WIND SPEED/DIRECTION    56/070    DATE  08/06
HIGHEST GUST SPEED/DIRECTION    70/010    DATE  08/06

SKY COVER
POSSIBLE SUNSHINE (PERCENT)   MM
AVERAGE SKY COVER           0.20
NUMBER OF DAYS FAIR          239
NUMBER OF DAYS PC            102
NUMBER OF DAYS CLOUDY         22

AVERAGE RH (PERCENT)     60

WEATHER CONDITIONS. NUMBER OF DAYS WITH
THUNDERSTORM              0     MIXED PRECIP               0
HEAVY RAIN                9     RAIN                      25
LIGHT RAIN               94     FREEZING RAIN              1
LT FREEZING RAIN          4     HAIL                       0
HEAVY SNOW                3     SNOW                       9
LIGHT SNOW               46     SLEET                      0
FOG                      97     FOG W/VIS <= 1/4 MILE     19
HAZE                     46

-  INDICATES NEGATIVE NUMBERS.
R  INDICATES RECORD WAS SET OR TIED.
MM INDICATES DATA IS MISSING.
T  INDICATES TRACE AMOUNT.

$$
