000
CXUS55 KVEF 052154
CLABIH

CLIMATE REPORT
NATIONAL WEATHER SERVICE LAS VEGAS, NV
154 PM PST SUN JAN 5 2014

...................................

...THE BISHOP CA CLIMATE SUMMARY FOR THE YEAR OF 2013...

CLIMATE NORMAL PERIOD 1981 TO 2010
CLIMATE RECORD PERIOD 1943 TO 2014

WEATHER         OBSERVED          NORMAL  DEPART  LAST YEAR`S
                 VALUE   DATE(S)  VALUE   FROM    VALUE  DATE(S)
                                          NORMAL
................................................................
TEMPERATURE (F)
RECORD
 HIGH             110   07/10/2002
 LOW               -8   12/22/1990
                        12/27/1988
HIGHEST           109   07/01        74      35      106  07/11
                        06/30
LOWEST              3   01/13        38     -35        5  12/21
                                                          12/20
AVG. MAXIMUM     76.7              75.0     1.7     75.9
AVG. MINIMUM     38.5              38.1     0.4     37.6
MEAN             57.5              56.6     0.9     56.7
DAYS MAX >= 90    109              99.9     9.1      118
DAYS MAX <= 32      0               0.4    -0.4        0
DAYS MIN <= 32    142             133.7   -37.7      140
DAYS MIN <= 0       0               0.2    -0.2        0

PRECIPITATION (INCHES)
RECORD
 MAXIMUM        17.09   1969
 MINIMUM         0.80   1947
TOTALS           1.33              5.18   -3.85     3.48
DAILY AVG.          T              0.01   -0.01        T
DAYS >= .01        14              27.6   -13.6       21
DAYS >= .10         6              12.3    -6.3        9
DAYS >= .50         0               2.7    -2.7        2
DAYS >= 1.00        0               0.6    -0.6        0
GREATEST
 24 HR. TOTAL    0.47   05/06 TO 05/07
 STORM TOTAL     0.47   05/06 TO 05/07

SNOWFALL (INCHES)
RECORDS
 TOTAL           57.1   1969
 24 HR TOTAL     18.0   01/24/1969 TO 01/25/1969
 SNOW DEPTH        22   01/25/1969
TOTALS            0.5               6.8    -6.3      7.7
 LIQUID EQUIV    0.05                MM      MM     0.77
SINCE 7/1         0.5               1.7    -1.2      2.8
 LIQUID 7/1      0.05              0.20   -0.15     0.28
SNOWDEPTH AVG.      0                MM      MM        0
DAYS >= TRACE       4               3.6     0.4       13
DAYS >= 1.0         0               1.9    -1.9        3
GREATEST
 SNOW DEPTH         1   01/02                          3  12/26
                        01/01                             01/24
 24 HR TOTAL      0.5   12/07
 STORM TOTAL      0.5   12/07
 (MM/DD(HH))


DEGREE_DAYS
HEATING TOTAL    2701              4178   -1477     4076
COOLING TOTAL    1317              1104     213     1161

FREEZE DATES
RECORD
 EARLIEST     09/20/1986
 LATEST       06/07/1988
EARLIEST                        10/15
LATEST                          05/03
..................................................

WIND (MPH)
AVERAGE WIND SPEED              7.8
RESULTANT WIND SPEED/DIRECTION   2/337
HIGHEST WIND SPEED/DIRECTION    43/140    DATE  08/18
HIGHEST GUST SPEED/DIRECTION    59/360    DATE  06/04

SKY COVER
POSSIBLE SUNSHINE (PERCENT)   MM
AVERAGE SKY COVER           0.10
NUMBER OF DAYS FAIR          256
NUMBER OF DAYS PC             14
NUMBER OF DAYS CLOUDY          6

AVERAGE RH (PERCENT)     33

WEATHER CONDITIONS. NUMBER OF DAYS WITH
THUNDERSTORM             11     MIXED PRECIP               0
HEAVY RAIN                2     RAIN                       5
LIGHT RAIN               29     FREEZING RAIN              0
LT FREEZING RAIN          0     HAIL                       0
HEAVY SNOW                0     SNOW                       0
LIGHT SNOW                5     SLEET                      0
FOG                       6     FOG W/VIS <= 1/4 MILE      0
HAZE                     13

-  INDICATES NEGATIVE NUMBERS.
R  INDICATES RECORD WAS SET OR TIED.
MM INDICATES DATA IS MISSING.
T  INDICATES TRACE AMOUNT.

&&

...A WARM BUT DRY YEAR FOR BISHOP...

THE AVERAGE TEMPERATURE FOR 2013 IN BISHOP WAS 57.5 DEGREES WHICH
RANKS AS THE 4TH WARMEST YEAR EVER ON RECORD. THE WARMEST YEAR EVER
WAS BACK IN 1950 WHEN THE AVERAGE TEMPERATURE WAS 57.9 DEGREES. THE
AVERAGE MAXIMUM TEMPERATURE WAS 76.7 DEGREES WHICH TIED WITH 1954
FOR THE 3RD WARMEST EVER ON RECORD. THE WARMEST EVER WAS 77.0
DEGREES IN 1950 AND 1959. THE AVERAGE LOW TEMPERATURE WAS 38.5
DEGREES WHICH TIED WITH 1960, 1978 AND 1983 FOR THE 10TH WARMEST
EVER. THE WARMEST AVERAGE LOW TEMPERATURE EVER WAS BACK IN 1981 AT
39.7 DEGREES. THE HIGHEST TEMPERATURE OF THE YEAR WAS 109 DEGREES
WHICH WAS FIRST SET ON JUNE 30TH AND TIED THE ALL-TIME RECORD HIGH
FOR JUNE 22, 1954 AND THEN RECORDED AGAIN ON JULY 1ST. THE COLDEST
HIGH TEMPERATURE OF THE YEAR WAS 36 DEGREES RECORDED ON DECEMBER
8TH. THE WARMEST LOW TEMPERATURE WAS 72 DEGREES ON JULY 2ND. THE
COLDEST LOW TEMPERATURE WAS 3 DEGREES ON JANUARY 13TH.

THERE WERE A TOTAL OF 27 DAYS WITH A HIGH TEMPERATURE OF 100 DEGREES
OR GREATER WHICH IS 3 DAYS ABOVE NORMAL. A TOTAL OF 6 DAYS HAD LOWS
BELOW 10 DEGREES WHICH IS 5 ABOVE NORMAL AND THE HIGHEST SUCH TOTAL
SINCE 2007 WHEN THERE WERE ALSO 6 SUCH DAYS.

THE TOTAL PRECIPITATION FOR ALL OF 2013 WAS 1.33 INCH. THIS RANKS AS
THE SECOND DRIEST YEAR EVER ON RECORD AT BISHOP. ONLY 1947 WITH A
TOTAL OF 0.80 INCH RANKS DRIER. A TOTAL OF 37 DAYS HAD A TRACE OR
MORE OF PRECIPITATION WHICH IS 7 DAYS BELOW NORMAL. THE WETTEST
MONTH OF THE YEAR WAS JULY WITH 0.48 INCH. ONLY A TRACE FELL IN
JANUARY, FEBRUARY, MARCH, APRIL, JUNE AND SEPTEMBER. THERE WERE A
TOTAL OF 11 DAYS WITH THUNDERSTORMS.

$$
