000
CXUS53 KBIS 011407
CLABIS

CLIMATE REPORT NATIONAL WEATHER SERVICE BISMARCK ND

804 AM CST FRI JAN 1 2016

...................................

...THE BISMARCK CLIMATE SUMMARY FOR THE YEAR OF 2015...

CLIMATE NORMAL PERIOD 1981 TO 2010
CLIMATE RECORD PERIOD 1875 TO 2015

WEATHER         OBSERVED          NORMAL  DEPART  LAST YEAR`S
                 VALUE   DATE(S)  VALUE   FROM    VALUE
                                          NORMAL
.............................................................
TEMPERATURE (F)
RECORD
 HIGH             114   07/06/1936
 LOW              -45   02/16/1936
                        01/13/1916
HIGHEST           105   08/15        MM      MM
LOWEST            -21   01/12        MM      MM
AVG. MAXIMUM     58.0
AVG. MINIMUM     32.5
MEAN             45.3
DAYS MAX >= 90     25
DAYS MAX <= 32     65
DAYS MIN <= 32    178
DAYS MIN <= 0      32

PRECIPITATION (INCHES)
RECORD
 MAXIMUM        30.92   1876
 MINIMUM         5.97   1936
TOTALS          17.73             17.85   -0.12    13.92
DAYS >= .01        95
DAYS >= .10        43
DAYS >= .50        10
DAYS >= 1.00        3
GREATEST
 24 HR. TOTAL    2.46   MM

SNOWFALL (INCHES)
RECORDS
 TOTAL          101.6   5
                        0
                        0
 24 HR TOTAL     17.3   04/14/2013 TO 04/14/2013
TOTALS           28.4              51.2   -22.8
SINCE 7/1        14.6
DAYS >= TRACE      61
GREATEST
 24 HR TOTAL      4.0   MM

DEGREE_DAYS
HEATING TOTAL    7655              8559    -904
 SINCE 7/1         MM              3500      MM
..............................................................

WIND (MPH)
AVERAGE WIND SPEED              9.1
HIGHEST WIND SPEED/DIRECTION    61/330    DATE  06/19
HIGHEST GUST SPEED/DIRECTION    82/250    DATE  06/19



-  INDICATES NEGATIVE NUMBERS.
R  INDICATES RECORD WAS SET OR TIED.
MM INDICATES DATA IS MISSING.
T  INDICATES TRACE AMOUNT.

$$
