000
CXUS53 KDVN 011428
CLABRL


CLIMATE REPORT
NATIONAL WEATHER SERVICE QUAD CITIES IA IL
816 AM CST WED JAN 1 2014

...................................

...THE BURLINGTON IA CLIMATE SUMMARY FOR THE YEAR OF 2013...

CLIMATE NORMAL PERIOD 1981 TO 2010
CLIMATE RECORD PERIOD 1897 TO 2013

WEATHER         OBSERVED          NORMAL  DEPART
                 VALUE   DATE(S)  VALUE   FROM
                                          NORMAL
................................................
TEMPERATURE (F)
RECORD
 HIGH             111   07/15/1936
                        07/14/1936
 LOW              -27   02/13/1905
HIGHEST           100   09/09        86      14
                        08/30
LOWEST            -13   12/24        14     -27
AVG. MAXIMUM     60.2              62.8    -2.6
AVG. MINIMUM     40.9              43.1    -2.2
MEAN             50.5              53.0    -2.5
DAYS MAX >= 90     21
DAYS MAX <= 32     51
DAYS MIN <= 32    138
DAYS MIN <= 0       5

PRECIPITATION (INCHES)
TOTALS          33.47             38.48   -5.01
DAILY AVG.       0.09              0.11   -0.02
DAYS >= .01        90
DAYS >= .10        55
DAYS >= .50        22
DAYS >= 1.00        8
GREATEST
 24 HR. TOTAL    3.00   05/03 TO 05/03

DEGREE_DAYS
HEATING TOTAL    6252              5599     653
 SINCE 7/1       2517              2186     331
COOLING TOTAL    1115              1209     -94
 SINCE 1/1       1115              1207     -92
.................................................

WIND (MPH)
AVERAGE WIND SPEED              8.1
HIGHEST WIND SPEED/DIRECTION    54/190    DATE  05/30
HIGHEST GUST SPEED/DIRECTION    81/220    DATE  05/30

SKY COVER
POSSIBLE SUNSHINE (PERCENT)   MM
AVERAGE SKY COVER           0.30
NUMBER OF DAYS FAIR          201
NUMBER OF DAYS PC             92
NUMBER OF DAYS CLOUDY         62

AVERAGE RH (PERCENT)     71

WEATHER CONDITIONS. NUMBER OF DAYS WITH
THUNDERSTORM             40     HAIL                       0
SLEET                     1     FOG                      185
FOG W/VIS <= 1/4 MILE    22     HAZE                     136

-  INDICATES NEGATIVE NUMBERS.
R  INDICATES RECORD WAS SET OR TIED.
MM INDICATES DATA IS MISSING.
T  INDICATES TRACE AMOUNT.

$$
