000
CXUS53 KDVN 012200
CLABRL


CLIMATE REPORT
NATIONAL WEATHER SERVICE QUAD CITIES IA IL
400 PM CST THU JAN 1 2015

...................................

...THE BURLINGTON IA CLIMATE SUMMARY FOR THE YEAR OF 2014...

CLIMATE NORMAL PERIOD 1981 TO 2010
CLIMATE RECORD PERIOD 1897 TO 2014

WEATHER         OBSERVED          NORMAL  DEPART
                 VALUE   DATE(S)  VALUE   FROM
                                          NORMAL
................................................
TEMPERATURE (F)
RECORD
 HIGH             111   07/15/1936
                        07/14/1936
 LOW              -27   02/13/1905
HIGHEST            93   08/25        87       6
LOWEST            -14   01/06        17     -31
AVG. MAXIMUM     58.3              62.8    -4.5
AVG. MINIMUM     39.3              43.1    -3.8
MEAN             48.8              53.0    -4.2
DAYS MAX >= 90      3
DAYS MAX <= 32     60
DAYS MIN <= 32    134
DAYS MIN <= 0      22

PRECIPITATION (INCHES)
TOTALS          40.39             38.48    1.91
DAILY AVG.       0.11              0.11    0.00
DAYS >= .01       117
DAYS >= .10        61
DAYS >= .50        26
DAYS >= 1.00       12
GREATEST
 24 HR. TOTAL    4.03   09/09 TO 09/10

DEGREE_DAYS
HEATING TOTAL    6680              5599    1081
COOLING TOTAL     940              1209    -269
.................................................

WIND (MPH)
AVERAGE WIND SPEED              8.7
HIGHEST WIND SPEED/DIRECTION    39/010    DATE  06/30
HIGHEST GUST SPEED/DIRECTION    53/030    DATE  06/30

SKY COVER
POSSIBLE SUNSHINE (PERCENT)   MM
AVERAGE SKY COVER           0.40
NUMBER OF DAYS FAIR          193
NUMBER OF DAYS PC            100
NUMBER OF DAYS CLOUDY         72

AVERAGE RH (PERCENT)     72

WEATHER CONDITIONS. NUMBER OF DAYS WITH
THUNDERSTORM             46     HAIL                       0
SLEET                     0     FOG                      191
FOG W/VIS <= 1/4 MILE    33     HAZE                     103

-  INDICATES NEGATIVE NUMBERS.
R  INDICATES RECORD WAS SET OR TIED.
MM INDICATES DATA IS MISSING.
T  INDICATES TRACE AMOUNT.

$$
