000
CXUS53 KGRR 030235 RRA
CLABTL

WRKCLMBTL 000
TTAA00 KGRR 030230


CLIMATE REPORT
NATIONAL WEATHER SERVICE GRAND RAPIDS, MI
910 PM EST SAT JAN 2 2016

...................................

...THE BATTLE CREEK MI CLIMATE SUMMARY FOR THE YEAR OF 2015...

CLIMATE NORMAL PERIOD 1981 TO 2010
CLIMATE RECORD PERIOD 1998 TO 2016

WEATHER         OBSERVED          NORMAL  DEPART  LAST YEAR`S
                 VALUE   DATE(S)  VALUE   FROM    VALUE  DATE(S)
                                          NORMAL
................................................................
TEMPERATURE (F)
HIGHEST            92   08/02        MM      MM       90  09/05
                                                          08/25
LOWEST            -13   02/20        MM      MM      -12  01/28
                                                          01/03
                                                          01/06
AVG. MAXIMUM     58.2              58.8    -0.6     55.4
AVG. MINIMUM     39.0              37.7     1.3     37.4
MEAN             48.7              48.2     0.5     46.4
DAYS MAX >= 90      3               6.7    -3.7        2
DAYS MAX <= 32     50              42.5     7.5       76
DAYS MIN <= 32    102             144.5   -42.5      140
DAYS MIN <= 0      14               7.0     7.0       18

PRECIPITATION (INCHES)
TOTALS          33.52             33.15    0.37    29.17
DAILY AVG.       0.09              0.09    0.00     0.08
DAYS >= .01       121             132.0   -11.0      126
DAYS >= .10        69              70.8    -1.8       55
DAYS >= .50        27              21.1     5.9       24
DAYS >= 1.00        4               6.7    -2.7        3
GREATEST
 24 HR. TOTAL    2.17   MM                       10/02 TO 10/03
                                                          10/03 TO 10/03
                                                          10/03 TO 10/03

DEGREE_DAYS
HEATING TOTAL    5889              6689    -800     7239
 SINCE 7/1        507              2600   -2093     2482
COOLING TOTAL     720               578     142      593
 SINCE 1/1        720               578     142      593

FREEZE DATES
EARLIEST                        MM
LATEST                          MM
....................................................

WIND (MPH)
AVERAGE WIND SPEED              8.9
RESULTANT WIND SPEED/DIRECTION   3/234
HIGHEST WIND SPEED/DIRECTION    39/230    DATE  11/12
HIGHEST GUST SPEED/DIRECTION    53/230    DATE  11/12

SKY COVER
POSSIBLE SUNSHINE (PERCENT)   MM
AVERAGE SKY COVER           0.50
NUMBER OF DAYS FAIR          147
NUMBER OF DAYS PC            112
NUMBER OF DAYS CLOUDY         97

AVERAGE RH (PERCENT)    146

WEATHER CONDITIONS. NUMBER OF DAYS WITH
THUNDERSTORM             34     MIXED PRECIP               0
HEAVY RAIN               43     RAIN                      61
LIGHT RAIN              149     FREEZING RAIN              2
LT FREEZING RAIN          6     HAIL                       0
HEAVY SNOW                7     SNOW                       9
LIGHT SNOW               54     SLEET                      1
FOG                     180     FOG W/VIS <= 1/4 MILE     19
HAZE                     97

-  INDICATES NEGATIVE NUMBERS.
R  INDICATES RECORD WAS SET OR TIED.
MM INDICATES DATA IS MISSING.
T  INDICATES TRACE AMOUNT.

$$

63/JAM
