000
CXUS53 KGJT 012014
CLACAG


CLIMATE REPORT
NATIONAL WEATHER SERVICE GRAND JUNCTION CO
1233 PM MST THU JAN 1 2015

...................................

...THE CRAIG CO CLIMATE SUMMARY FOR THE YEAR OF 2014...

CLIMATE NORMAL PERIOD 1981 TO 2010
CLIMATE RECORD PERIOD 9999 TO 9999

WEATHER         OBSERVED          NORMAL  DEPART  LAST YEAR`S
                 VALUE   DATE(S)  VALUE   FROM    VALUE  DATE(S)
                                          NORMAL
................................................................
TEMPERATURE (F)
RECORD
 HIGH              MM   MM
 LOW               MM   MM
HIGHEST            96   07/22        MM      MM       97  06/28
                        07/07
LOWEST            -29   12/31        MM      MM      -36  01/14
AVG. MAXIMUM     59.1              57.9     1.2     56.9
AVG. MINIMUM     26.5              25.6     0.9     25.3
MEAN             42.8              41.7     1.1     41.1
DAYS MAX >= 90     11              18.1    -7.1       46
DAYS MAX <= 32     50              54.5    -4.5       73
DAYS MIN <= 32    220             218.3     1.7      214
DAYS MIN <= 0      40              38.0     2.0       51

PRECIPITATION (INCHES)
RECORD
 MAXIMUM           MM   MM
 MINIMUM           MM   MM
TOTALS          14.85             16.06   -1.21    13.73
DAILY AVG.       0.04              0.04    0.00        T
DAYS >= .01        98                MM      MM       98
DAYS >= .10        48                MM      MM       46
DAYS >= .50         6                MM      MM        4
DAYS >= 1.00        0                MM      MM        0
GREATEST
 24 HR. TOTAL    1.14   MM                       12/31 TO 12/31

 STORM TOTAL       MM                                 MM

SNOWFALL (INCHES)
RECORDS
 TOTAL             MM   MM
 24 HR TOTAL       MM
 SNOW DEPTH        MM   MM
TOTALS             MM                MM      MM       MM
 LIQUID EQUIV      MM                MM      MM       MM
SINCE 7/1          MM                MM      MM       MM
 LIQUID 7/1        MM                MM      MM       MM
SNOWDEPTH AVG.     MM                MM      MM       MM
DAYS >= TRACE      MM                MM      MM       MM
DAYS >= 1.0        MM                MM      MM       MM
GREATEST
 SNOW DEPTH        MM                                 MM  MM
 24 HR TOTAL       MM                                 MM
 STORM TOTAL       MM                                 MM

DEGREE_DAYS
HEATING TOTAL    8039              8634    -595     8949
 SINCE 7/1       3175              3556    -381     3533
COOLING TOTAL      71               143     -72      377
 SINCE 1/1         71               142     -71      377

FREEZE DATES
RECORD
 EARLIEST     MM
 LATEST       MM
EARLIEST                        MM
LATEST                          MM
..................................................

WIND (MPH)
AVERAGE WIND SPEED              5.8
RESULTANT WIND SPEED/DIRECTION   2/245
HIGHEST WIND SPEED/DIRECTION    46/250    DATE  03/30
HIGHEST GUST SPEED/DIRECTION    58/250    DATE  03/30

SKY COVER
POSSIBLE SUNSHINE (PERCENT)   MM
AVERAGE SKY COVER           0.30
NUMBER OF DAYS FAIR          214
NUMBER OF DAYS PC             91
NUMBER OF DAYS CLOUDY         59

AVERAGE RH (PERCENT)     63

WEATHER CONDITIONS. NUMBER OF DAYS WITH
THUNDERSTORM             43     MIXED PRECIP               0
HEAVY RAIN               18     RAIN                      40
LIGHT RAIN              122     FREEZING RAIN              0
LT FREEZING RAIN          0     HAIL                       0
HEAVY SNOW               10     SNOW                      28
LIGHT SNOW               72     SLEET                      0
FOG                     119     FOG W/VIS <= 1/4 MILE     19
HAZE                     32

-  INDICATES NEGATIVE NUMBERS.
R  INDICATES RECORD WAS SET OR TIED.
MM INDICATES DATA IS MISSING.
T  INDICATES TRACE AMOUNT.

$$
