000
CXUS55 KCYS 091750
CLACDR


CLIMATE REPORT
NATIONAL WEATHER SERVICE CHEYENNE WY
1049 AM MST THU JAN 9 2014

...................................

...THE CHADRON NE AIRPORT CLIMATE SUMMARY FOR THE YEAR OF 2013...

CLIMATE NORMAL PERIOD 1981 TO 2010
CLIMATE RECORD PERIOD 1895 TO 2014

WEATHER         OBSERVED          NORMAL  DEPART  LAST YEAR`S
                 VALUE   DATE(S)  VALUE   FROM    VALUE
                                          NORMAL
.............................................................
TEMPERATURE (F)
RECORD
 HIGH             114   08/27/1894
                        08/26/1894
 LOW              -44   02/07/1895
HIGHEST           102   08/27        MM      MM      109
LOWEST            -23   12/06        MM      MM      -15
AVG. MAXIMUM     61.3              62.7    -1.4     68.4
AVG. MINIMUM     33.4              32.0     1.4     34.2
MEAN             47.4              47.4     0.0     51.3
DAYS MAX >= 90     51              43.1               78
DAYS MAX <= 32     43              33.0               22
DAYS MIN <= 32    188             183.6              176
DAYS MIN <= 0      17              20.8               13

PRECIPITATION (INCHES)
RECORD
 MAXIMUM        20.51   2009
 MINIMUM         6.38   2002
TOTALS          19.76             18.05    1.71     8.18
DAYS >= .01       103              79.2               61
DAYS >= .10        47              43.0               25
DAYS >= .50         9              10.5                2
DAYS >= 1.00        3               2.7                0
GREATEST
 24 HR. TOTAL    1.80   09/22 TO 09/23

DEGREE_DAYS
HEATING TOTAL    7225              7146      79     6064
 SINCE 7/1       3063              2942     121     2711
COOLING TOTAL     917               712     205     1167
 SINCE 1/1        917               712     205     1167
..............................................................

WIND (MPH)
AVERAGE WIND SPEED              8.7
HIGHEST WIND SPEED/DIRECTION    62/270    DATE  08/11
HIGHEST GUST SPEED/DIRECTION    72/270    DATE  08/11

SKY COVER
POSSIBLE SUNSHINE (PERCENT)   MM
AVERAGE SKY COVER           0.30
NUMBER OF DAYS FAIR          223
NUMBER OF DAYS PC            109
NUMBER OF DAYS CLOUDY         32

AVERAGE RH (PERCENT)     65

WEATHER CONDITIONS. NUMBER OF DAYS WITH
THUNDERSTORM              0     MIXED PRECIP               0
HEAVY RAIN               16     RAIN                      25
LIGHT RAIN               99     FREEZING RAIN              0
LT FREEZING RAIN          5     HAIL                       0
HEAVY SNOW               14     SNOW                      29
LIGHT SNOW               51     SLEET                      0
FOG                     128     FOG W/VIS <= 1/4 MILE     32
HAZE                     75

-  INDICATES NEGATIVE NUMBERS.
R  INDICATES RECORD WAS SET OR TIED.
MM INDICATES DATA IS MISSING.
T  INDICATES TRACE AMOUNT.

$$
