000
CXUS53 KGJT 012014
CLACEZ


CLIMATE REPORT
NATIONAL WEATHER SERVICE GRAND JUNCTION CO
1233 PM MST THU JAN 1 2015

...................................

...THE CORTEZ CO CLIMATE SUMMARY FOR THE YEAR OF 2014...

CLIMATE NORMAL PERIOD 1981 TO 2010
CLIMATE RECORD PERIOD 9999 TO 9999

WEATHER         OBSERVED          NORMAL  DEPART  LAST YEAR`S
                 VALUE   DATE(S)  VALUE   FROM    VALUE  DATE(S)
                                          NORMAL
................................................................
TEMPERATURE (F)
RECORD
 HIGH              MM   MM
 LOW               MM   MM
HIGHEST           100   07/22        MM      MM      101  06/27
LOWEST              0   02/05        MM      MM      -15  01/15
AVG. MAXIMUM     67.3              65.0     2.3     64.6
AVG. MINIMUM     33.1              32.1     1.0     32.0
MEAN             50.2              48.5     1.7     48.3
DAYS MAX >= 90     39              31.3     7.7       51
DAYS MAX <= 32      3               8.3    -5.3       21
DAYS MIN <= 32    186             189.2    -3.2      191
DAYS MIN <= 0       1               3.9    -2.9       20

PRECIPITATION (INCHES)
RECORD
 MAXIMUM           MM   MM
 MINIMUM           MM   MM
TOTALS           8.93             13.60   -4.67    13.52
DAILY AVG.          T              0.04   -0.04        T
DAYS >= .01        66                MM      MM       67
DAYS >= .10        29                MM      MM       32
DAYS >= .50         3                MM      MM        7
DAYS >= 1.00        0                MM      MM        1
GREATEST
 24 HR. TOTAL    0.95   MM                       12/31 TO 12/31

 STORM TOTAL       MM                                 MM

SNOWFALL (INCHES)
RECORDS
 TOTAL             MM   MM
 24 HR TOTAL       MM
 SNOW DEPTH        MM   MM
TOTALS             MM                MM      MM       MM
 LIQUID EQUIV      MM                MM      MM       MM
SINCE 7/1          MM                MM      MM       MM
 LIQUID 7/1        MM                MM      MM       MM
SNOWDEPTH AVG.     MM                MM      MM       MM
DAYS >= TRACE      MM                MM      MM       MM
DAYS >= 1.0        MM                MM      MM       MM
GREATEST
 SNOW DEPTH        MM                                 MM  MM
 24 HR TOTAL       MM                                 MM
 STORM TOTAL       MM                                 MM

DEGREE_DAYS
HEATING TOTAL    5814              6440    -626     6631
 SINCE 7/1       2279              2658    -379     2679
COOLING TOTAL     537               427     110      667
 SINCE 1/1        537               426     111      667

FREEZE DATES
RECORD
 EARLIEST     MM
 LATEST       MM
EARLIEST                        MM
LATEST                          MM
..................................................

WIND (MPH)
AVERAGE WIND SPEED              6.9
RESULTANT WIND SPEED/DIRECTION   0/018
HIGHEST WIND SPEED/DIRECTION    47/200    DATE  03/30
HIGHEST GUST SPEED/DIRECTION    60/190    DATE  03/30

SKY COVER
POSSIBLE SUNSHINE (PERCENT)   MM
AVERAGE SKY COVER           0.20
NUMBER OF DAYS FAIR          281
NUMBER OF DAYS PC             57
NUMBER OF DAYS CLOUDY         24

AVERAGE RH (PERCENT)     52

WEATHER CONDITIONS. NUMBER OF DAYS WITH
THUNDERSTORM             48     MIXED PRECIP               0
HEAVY RAIN               15     RAIN                      21
LIGHT RAIN               89     FREEZING RAIN              0
LT FREEZING RAIN          0     HAIL                       0
HEAVY SNOW                2     SNOW                       6
LIGHT SNOW               23     SLEET                      0
FOG                      53     FOG W/VIS <= 1/4 MILE      3
HAZE                     18

-  INDICATES NEGATIVE NUMBERS.
R  INDICATES RECORD WAS SET OR TIED.
MM INDICATES DATA IS MISSING.
T  INDICATES TRACE AMOUNT.

$$
