000
CXUS53 KPAH 031616
CLACGI

CLIMATE REPORT
NATIONAL WEATHER SERVICE PADUCAH KY
1012 AM CST TUE JAN 3 2017

...................................

...THE CAPE GIRARDEAU MO CLIMATE SUMMARY FOR THE YEAR OF 2016...

CLIMATE NORMAL PERIOD 1981 TO 2010
CLIMATE RECORD PERIOD 1960 TO 2017

WEATHER         OBSERVED          NORMAL  DEPART  LAST YEAR`S
                 VALUE   DATE(S)  VALUE   FROM    VALUE
                                          NORMAL
.............................................................
TEMPERATURE (F)
RECORD
 HIGH             107   06/29/2012
 LOW              -18   01/11/1977
HIGHEST           101   06/16                         96
LOWEST              7   01/18                        -14
AVG. MAXIMUM     69.7              67.9     1.8     67.7
AVG. MINIMUM     48.7              46.0     2.7     47.4
MEAN             59.2              56.9     2.3     57.5
DAYS MAX >= 90     55
DAYS MAX <= 32     14
DAYS MAX >= 95      6
DAYS MAX >= 100     1
DAYS MIN <= 32     83
DAYS MIN <= 0       0

PRECIPITATION (INCHES)
RECORD
 MAXIMUM        74.51   2011
 MINIMUM        26.99   2012
TOTALS          49.49             46.81    2.68    57.97
DAILY AVG.       0.14
DAYS >= .01       114
DAYS >= .10        77
DAYS >= .50        34
DAYS >= 1.00       15
DAYS >= 0.25       50
DAYS >= 2.00        3
GREATEST
 24 HR. TOTAL    4.64
 STORM TOTAL       MM
 (MM/DD(HH))

DEGREE_DAYS
HEATING TOTAL    3827
 SINCE 7/1       1468
COOLING TOTAL    1798
 SINCE 1/1       1798
..............................................................

WIND (MPH)
AVERAGE WIND SPEED              7.1
HIGHEST WIND SPEED/DIRECTION    40/290    DATE  07/06
HIGHEST GUST SPEED/DIRECTION    55/310    DATE  07/06

SKY COVER
POSSIBLE SUNSHINE (PERCENT)   MM
NUMBER OF DAYS FAIR          220
NUMBER OF DAYS PC             92
NUMBER OF DAYS CLOUDY         54


WEATHER CONDITIONS. NUMBER OF DAYS WITH
THUNDERSTORM              0     MIXED PRECIP               0
HEAVY RAIN               48     RAIN                      51
LIGHT RAIN              123     FREEZING RAIN              1
LT FREEZING RAIN          2     HAIL                       0
HEAVY SNOW                2     SNOW                       3
LIGHT SNOW               11     SLEET                      0
FOG                     207     FOG W/VIS <= 1/4 MILE     51
HAZE                     45

-  INDICATES NEGATIVE NUMBERS.
R  INDICATES RECORD WAS SET OR TIED.
MM INDICATES DATA IS MISSING.
T  INDICATES TRACE AMOUNT.

$$
