000
CXUS53 KPAH 020217
CLACGI

STLCLMCAA 000
TTAA00 KPAH 020215


CLIMATE REPORT
NATIONAL WEATHER SERVICE PADUCAH KY
805 PM CST WED JAN 1 2014

...................................

...THE CAPE GIRARDEAU MO PRELIMINARY CLIMATE SUMMARY FOR THE YEAR OF 2013...

CLIMATE NORMAL PERIOD 1981 TO 2010
CLIMATE RECORD PERIOD 1960 TO 2013

WEATHER         OBSERVED          NORMAL  DEPART  LAST YEAR`S
                 VALUE   DATE(S)  VALUE   FROM    VALUE
                                          NORMAL
.............................................................
TEMPERATURE (F)
RECORD
 HIGH             107   06/29/2012
 LOW              -18   01/11/1977
HIGHEST            97   06/27                        107
LOWEST              0   12/12                         10
AVG. MAXIMUM     66.2              67.9    -1.7     71.9
AVG. MINIMUM     45.8              46.0    -0.2     48.1
MEAN             56.0              56.9    -0.9     60.0
DAYS MAX >= 90     32
DAYS MAX <= 32     16
DAYS MAX >= 95      8
DAYS MAX >= 100     0
DAYS MIN <= 32    102
DAYS MIN <= 0       1

PRECIPITATION (INCHES)
RECORD
 MAXIMUM        74.51   2011
 MINIMUM        26.99   2012
TOTALS          40.08             46.81   -6.73    26.99
DAILY AVG.       0.11
DAYS >= .01        82
DAYS >= .10        52
DAYS >= .50        23
DAYS >= 1.00       14
DAYS >= 0.25       34
DAYS >= 2.00        4
GREATEST
 24 HR. TOTAL    4.31
 STORM TOTAL       MM
 (MM/DD(HH))

DEGREE_DAYS
HEATING TOTAL    4602
 SINCE 7/1       1867
COOLING TOTAL    1441
 SINCE 1/1       1441
..............................................................

WIND (MPH)
AVERAGE WIND SPEED              6.7
HIGHEST WIND SPEED/DIRECTION    38/340    DATE  06/29
HIGHEST GUST SPEED/DIRECTION    48/330    DATE  01/29

SKY COVER
POSSIBLE SUNSHINE (PERCENT)   MM
NUMBER OF DAYS FAIR          204
NUMBER OF DAYS PC            101
NUMBER OF DAYS CLOUDY         59


WEATHER CONDITIONS. NUMBER OF DAYS WITH
THUNDERSTORM              0     MIXED PRECIP               0
HEAVY RAIN               41     RAIN                      61
LIGHT RAIN              111     FREEZING RAIN              3
LT FREEZING RAIN          4     HAIL                       0
HEAVY SNOW                0     SNOW                       1
LIGHT SNOW               16     SLEET                      1
FOG                     218     FOG W/VIS <= 1/4 MILE     51
HAZE                     76

-  INDICATES NEGATIVE NUMBERS.
R  INDICATES RECORD WAS SET OR TIED.
MM INDICATES DATA IS MISSING.
T  INDICATES TRACE AMOUNT.

&&

RMKS: 5TH COOLEST ON RECORD. THE RECORD IS 55.2 DEGREES SET IN 1979.

$$
