000
CXUS53 KDVN 011428
CLACID


CLIMATE REPORT
NATIONAL WEATHER SERVICE QUAD CITIES IA IL
816 AM CST WED JAN 1 2014

...................................

...THE CEDAR RAPIDS IA CLIMATE SUMMARY FOR THE YEAR OF 2013...

CLIMATE NORMAL PERIOD 1981 TO 2010
CLIMATE RECORD PERIOD 1891 TO 2013

WEATHER         OBSERVED          NORMAL  DEPART
                 VALUE   DATE(S)  VALUE   FROM
                                          NORMAL
................................................
TEMPERATURE (F)
RECORD
 HIGH             110   07/05/1911
 LOW              -29   01/15/2009
HIGHEST           100   08/30        86      14
LOWEST            -18   12/24         9     -27
AVG. MAXIMUM     57.2              58.4    -1.2
AVG. MINIMUM     37.2              38.0    -0.8
MEAN             47.2              48.2    -1.0
DAYS MAX >= 90     17
DAYS MAX <= 32     68
DAYS MIN <= 32    158
DAYS MIN <= 0      15

PRECIPITATION (INCHES)
TOTALS          37.81             34.61    3.20
DAILY AVG.       0.10              0.09    0.01
DAYS >= .01       103
DAYS >= .10        50
DAYS >= .50        28
DAYS >= 1.00       12
GREATEST
 24 HR. TOTAL    3.88   05/17 TO 05/18

DEGREE_DAYS
HEATING TOTAL    7216              6867     349
 SINCE 7/1       2918              2739     179
COOLING TOTAL     884               750     134
 SINCE 1/1        884               748     136
.................................................

WIND (MPH)
AVERAGE WIND SPEED              9.6
HIGHEST WIND SPEED/DIRECTION    58/190    DATE  05/19
HIGHEST GUST SPEED/DIRECTION    71/180    DATE  05/19

SKY COVER
POSSIBLE SUNSHINE (PERCENT)   MM
AVERAGE SKY COVER           0.40
NUMBER OF DAYS FAIR          200
NUMBER OF DAYS PC             91
NUMBER OF DAYS CLOUDY         74

AVERAGE RH (PERCENT)     73

WEATHER CONDITIONS. NUMBER OF DAYS WITH
THUNDERSTORM             40     HAIL                       1
SLEET                     1     FOG                      205
FOG W/VIS <= 1/4 MILE    28     HAZE                      99

-  INDICATES NEGATIVE NUMBERS.
R  INDICATES RECORD WAS SET OR TIED.
MM INDICATES DATA IS MISSING.
T  INDICATES TRACE AMOUNT.

$$
