000
CXUS53 KILX 020257
CLACMI

CLIMATE REPORT
NATIONAL WEATHER SERVICE LINCOLN IL
856 PM CST SUN JAN 1 2017

...................................

...THE CHAMPAIGN IL AIRPORT CLIMATE SUMMARY FOR THE YEAR OF 2016...

CLIMATE NORMAL PERIOD 1981 TO 2010
CLIMATE RECORD PERIOD 9999 TO 9999

WEATHER         OBSERVED          NORMAL  DEPART  LAST YEAR`S
                 VALUE   DATE(S)  VALUE   FROM    VALUE  DATE(S)
                                          NORMAL
................................................................
TEMPERATURE (F)
RECORD
 HIGH              MM   MM
 LOW               MM   MM
HIGHEST            94   06/11        MM      MM       95  09/06
                        06/10
LOWEST             -4   12/19        MM      MM      -14  02/24
AVG. MAXIMUM     64.5              62.0     2.5     62.9
AVG. MINIMUM     44.6              41.3     3.3     42.4
MEAN             54.6              51.6     3.0     52.6
DAYS MAX >= 90     22              15.9     6.1       13
DAYS MAX <= 32     29              34.7    -5.7       38
DAYS MIN <= 32    107             123.5   -16.5      107
DAYS MIN <= 0       3               6.1    -3.1       14

PRECIPITATION (INCHES)
RECORD
 MAXIMUM           MM   MM
 MINIMUM           MM   MM
TOTALS          36.76             39.72   -2.96    42.72
DAILY AVG.       0.10                               0.13
DAYS >= .01       111                MM      MM      108
DAYS >= .10        76                MM      MM       68
DAYS >= .50        22                MM      MM       29
DAYS >= 1.00        7                MM      MM       15
GREATEST
 24 HR. TOTAL    3.16   09/09 TO 09/10              2.63

SNOWFALL (INCHES)
RECORDS
 TOTAL             MM   MM
 24 HR TOTAL       MM
TOTALS             MM                MM      MM       MM
DAYS >= TRACE      MM                MM      MM       MM
DAYS >= 1.0        MM                MM      MM       MM
GREATEST
 SNOW DEPTH        MM                                 MM  MM
 24 HR TOTAL       MM                                 MM

DEGREE_DAYS
HEATING TOTAL    4995              5822    -827     5440
COOLING TOTAL    1284               945     339     1085

FREEZE DATES
RECORD
 EARLIEST     MM
 LATEST       MM
EARLIEST                        MM
LATEST                          MM
.................................................................

SKY COVER
POSSIBLE SUNSHINE (PERCENT)   MM



-  INDICATES NEGATIVE NUMBERS.
R  INDICATES RECORD WAS SET OR TIED.
MM INDICATES DATA IS MISSING.
T  INDICATES TRACE AMOUNT.

$$
GEELHART
