000
CXUS53 KILX 030235
CLACMI

CLIMATE REPORT
NATIONAL WEATHER SERVICE LINCOLN IL
834 PM CST FRI JAN 2 2015

...................................

...THE CHAMPAIGN IL AIRPORT CLIMATE SUMMARY FOR THE YEAR OF 2014...

CLIMATE NORMAL PERIOD 1981 TO 2010
CLIMATE RECORD PERIOD 9999 TO 9999

WEATHER         OBSERVED          NORMAL  DEPART  LAST YEAR`S
                 VALUE   DATE(S)  VALUE   FROM    VALUE  DATE(S)
                                          NORMAL
................................................................
TEMPERATURE (F)
RECORD
 HIGH              MM   MM
 LOW               MM   MM
HIGHEST            93   06/19        MM      MM       98  09/10
                        06/17
LOWEST            -13   01/06        MM      MM       -3  12/12
AVG. MAXIMUM     59.5              62.0    -2.5     61.3
AVG. MINIMUM     39.5              41.3    -1.8     41.1
MEAN             49.5              51.6    -2.1     51.2
DAYS MAX >= 90     12              15.9    -3.9       18
DAYS MAX <= 32     55              34.7    20.3       41
DAYS MIN <= 32    133             123.5     9.5      138
DAYS MIN <= 0      17               6.1    10.9        2

PRECIPITATION (INCHES)
RECORD
 MAXIMUM           MM   MM
 MINIMUM           MM   MM
TOTALS          38.35             39.72   -1.37    31.76
DAILY AVG.       0.11                               0.09
DAYS >= .01       114                MM      MM      106
DAYS >= .10        70                MM      MM       52
DAYS >= .50        28                MM      MM       15
DAYS >= 1.00        6                MM      MM        7
GREATEST
 24 HR. TOTAL    3.76   05/21                       3.40

DEGREE_DAYS
HEATING TOTAL    6448              5822     626     5974
COOLING TOTAL     948               945       3     1069

FREEZE DATES
RECORD
 EARLIEST     MM
 LATEST       MM
EARLIEST                        MM
LATEST                          MM
..................................................

SKY COVER
POSSIBLE SUNSHINE (PERCENT)   MM



-  INDICATES NEGATIVE NUMBERS.
R  INDICATES RECORD WAS SET OR TIED.
MM INDICATES DATA IS MISSING.
T  INDICATES TRACE AMOUNT.

$$
GEELHART
