000
CXUS53 KILX 011850
CLACMI

CLIMATE REPORT
NATIONAL WEATHER SERVICE LINCOLN IL
1250 PM CST FRI JAN 1 2016

...................................

...THE CHAMPAIGN IL AIRPORT CLIMATE SUMMARY FOR THE YEAR OF 2015...

CLIMATE NORMAL PERIOD 1981 TO 2010
CLIMATE RECORD PERIOD 9999 TO 9999

WEATHER         OBSERVED          NORMAL  DEPART  LAST YEAR`S
                 VALUE   DATE(S)  VALUE   FROM    VALUE  DATE(S)
                                          NORMAL
................................................................
TEMPERATURE (F)
RECORD
 HIGH              MM   MM
 LOW               MM   MM
HIGHEST            95   09/06        MM      MM       93  06/19
                                                          06/17
LOWEST            -14   02/24        MM      MM      -13  01/06
AVG. MAXIMUM     62.9              62.0     0.9     59.5
AVG. MINIMUM     42.4              41.3     1.1     39.5
MEAN             52.6              51.6     1.0     49.5
DAYS MAX >= 90     13              15.9    -2.9       12
DAYS MAX <= 32     38              34.7     3.3       55
DAYS MIN <= 32    107             123.5   -16.5      133
DAYS MIN <= 0      14               6.1     7.9       17

PRECIPITATION (INCHES)
RECORD
 MAXIMUM           MM   MM
 MINIMUM           MM   MM
TOTALS          42.72             39.72    3.00    38.35
DAILY AVG.       0.13                               0.11
DAYS >= .01       108                MM      MM      114
DAYS >= .10        68                MM      MM       70
DAYS >= .50        29                MM      MM       28
DAYS >= 1.00       15                MM      MM        6
GREATEST
 24 HR. TOTAL    2.63   12/26 TO 12/27              3.76

SNOWFALL (INCHES)
RECORDS
 TOTAL             MM   MM
 24 HR TOTAL       MM
TOTALS             MM                MM      MM       MM
DAYS >= TRACE      MM                MM      MM       MM
DAYS >= 1.0        MM                MM      MM       MM
GREATEST
 SNOW DEPTH        MM                                 MM
 24 HR TOTAL       MM                                 MM

DEGREE_DAYS
HEATING TOTAL    5440              5822    -382     6448
COOLING TOTAL    1085               945     140      948

FREEZE DATES
RECORD
 EARLIEST     MM
 LATEST       MM
EARLIEST                        MM
LATEST                          MM
.................................................................

SKY COVER
POSSIBLE SUNSHINE (PERCENT)   MM

-  INDICATES NEGATIVE NUMBERS.
R  INDICATES RECORD WAS SET OR TIED.
MM INDICATES DATA IS MISSING.
T  INDICATES TRACE AMOUNT.

$$
GEELHART
