000
CXUS53 KILX 011556
CLACMI

CHICLACMI 000
TTAA00 KILX 011551


CLIMATE REPORT
NATIONAL WEATHER SERVICE LINCOLN IL
940 AM CST WED JAN 1 2014

...................................

...THE CHAMPAIGN IL AIRPORT CLIMATE SUMMARY FOR THE YEAR OF 2013...

CLIMATE NORMAL PERIOD 1981 TO 2010
CLIMATE RECORD PERIOD 9999 TO 9999

WEATHER         OBSERVED          NORMAL  DEPART  LAST YEAR`S
                 VALUE   DATE(S)  VALUE   FROM    VALUE  DATE(S)
                                          NORMAL
................................................................
TEMPERATURE (F)
RECORD
 HIGH              MM   MM
 LOW               MM   MM
HIGHEST            98   09/10        MM      MM      101  07/25
                                                          07/07
LOWEST             -3   12/12        MM      MM        2  01/14
AVG. MAXIMUM     61.3              62.0    -0.7     66.8
AVG. MINIMUM     41.1              41.3    -0.2     44.2
MEAN             51.2              51.6    -0.4     55.5
DAYS MAX >= 90     18              15.9     2.1       48
DAYS MAX <= 32     41              34.7     6.3       15
DAYS MIN <= 32    138             123.5    14.5      111
DAYS MIN <= 0       2               6.1    -4.1        0

PRECIPITATION (INCHES)
RECORD
 MAXIMUM           MM   MM
 MINIMUM           MM   MM
TOTALS          31.76             39.72   -7.96    28.68
DAILY AVG.       0.09                               0.09
DAYS >= .01       106                MM      MM       97
DAYS >= .10        52                MM      MM       62
DAYS >= .50        15                MM      MM       20
DAYS >= 1.00        7                MM      MM        4
GREATEST
 24 HR. TOTAL    3.40   MM                          3.05

SNOWFALL (INCHES)
RECORDS
 TOTAL             MM   MM
 24 HR TOTAL       MM
TOTALS             MM                MM      MM       MM
DAYS >= TRACE       0                MM      MM       MM
DAYS >= 1.0         0                MM      MM       MM
GREATEST
 SNOW DEPTH         0   MM                            MM  MM
 24 HR TOTAL      0.0   MM                            MM

DEGREE_DAYS
HEATING TOTAL    5974              5822     152     4643
COOLING TOTAL    1069               945     124     1290

FREEZE DATES
RECORD
 EARLIEST     MM
 LATEST       MM
EARLIEST                        MM
LATEST                          MM
.................................................................

SKY COVER
POSSIBLE SUNSHINE (PERCENT)   MM



-  INDICATES NEGATIVE NUMBERS.
R  INDICATES RECORD WAS SET OR TIED.
MM INDICATES DATA IS MISSING.
T  INDICATES TRACE AMOUNT.

$$
