000
CXUS52 KCAE 011310
CLACUB
CLIMATE REPORT
NATIONAL WEATHER SERVICE COLUMBIA SC
810 AM EST MON JAN 01 2024
...................................
...THE HAMILTON - OWENS AIRPORT SC CLIMATE SUMMARY FOR THE YEAR OF 2023...
CLIMATE NORMAL PERIOD: 1991 TO 2020
CLIMATE RECORD PERIOD: 9999 TO 9999
WEATHER OBSERVED NORMAL DEPART LAST YEAR`S
VALUE DATE(S) VALUE FROM VALUE
NORMAL
..............................................................
TEMPERATURE (F)
HIGHEST 100 08/15 MM MM
08/26
LOWEST 25 12/20 MM MM
AVG. MAXIMUM 76.3 76.0 0.3
AVG. MINIMUM 54.9 54.9 -0.0
MEAN 65.6 65.5 0.1
DAYS MAX >= 90 66 82.7 -16.7
DAYS MAX <= 32 0 0.2 -0.2
DAYS MIN <= 32 23 33.3 -10.3
DAYS MIN <= 0 0 0.0 0.0
PRECIPITATION (INCHES)
TOTALS 47.56 43.68 3.88
DAILY AVG. 0.13 0.12 0.01
DAYS >= .01 105 110.7 -5.7
DAYS >= .10 72 68.8 3.2
DAYS >= .50 33 28.5 4.5
DAYS >= 1.00 16 11.1 4.9
GREATEST
24 HR. TOTAL 2.43
STORM TOTAL 2.37
(MM/DD(HH))
SNOWFALL (INCHES)
TOTALS MM MM MM
LIQUID EQUIV MM MM MM
SINCE 7/1 MM MM MM
LIQUID 7/1 MM MM MM
SNOWDEPTH AVG. MM
DAYS >= TRACE MM MM MM
DAYS >= 1.0 MM MM MM
GREATEST
SNOW DEPTH MM
24 HR TOTAL MM
STORM TOTAL MM
(MM/DD(HH))
DEGREE DAYS
HEATING TOTAL 1816 2210 -394
SINCE 7/1 817 872 -55
COOLING TOTAL 2151 2418 -267
SINCE 1/1 2151 2418 -267
FREEZE DATES
EARLIEST 11/02
LATEST 03/21
..............................................................
WIND (MPH)
AVERAGE WIND SPEED 3.5
HIGHEST WIND SPEED/DIRECTION 32/260 DATE 09/07
HIGHEST GUST SPEED/DIRECTION 45/260 DATE 08/15
- INDICATES NEGATIVE NUMBERS.
R INDICATES RECORD WAS SET OR TIED.
MM INDICATES DATA IS MISSING.
T INDICATES TRACE AMOUNT.
$$