000
CXUS53 KDVN 012214
CLADBQ

CLIMATE REPORT...RETRANSMITTED WITH CHI WSFO ID
NATIONAL WEATHER SERVICE QUAD CITIES IA IL
414 PM CST THU JAN 1 2015

...................................

...THE DUBUQUE IA CLIMATE SUMMARY FOR THE YEAR OF 2014...

CLIMATE NORMAL PERIOD 1981 TO 2010
CLIMATE RECORD PERIOD 1873 TO 2014

WEATHER         OBSERVED          NORMAL  DEPART
                 VALUE   DATE(S)  VALUE   FROM
                                          NORMAL
................................................
TEMPERATURE (F)
RECORD
 HIGH             110   07/14/1936
 LOW              -32   01/07/1887
HIGHEST            89   08/24        82       7
                        07/22
LOWEST            -22   01/06        11     -33
AVG. MAXIMUM     53.1              56.6    -3.5
AVG. MINIMUM     34.3              38.1    -3.8
MEAN             43.7R             47.3    -3.6
DAYS MAX >= 90      0               6.2    -6.2
DAYS MAX <= 32     82              59.3    22.7
DAYS MIN <= 32    155             140.0    15.0
DAYS MIN <= 0      35              15.5    19.5

PRECIPITATION (INCHES)
TOTALS          37.45             36.29    1.16
DAILY AVG.       0.10              0.10    0.00
DAYS >= .01       117             120.1    -3.1
DAYS >= .10        57
DAYS >= .50        23
DAYS >= 1.00       10               7.8     2.2
GREATEST
 24 HR. TOTAL    4.73   06/18 TO 06/19

SNOWFALL (INCHES)
TOTALS           44.5              41.9     2.6
SINCE 7/1         3.5              14.6   -11.1
SNOWDEPTH AVG.      1
DAYS >= TRACE      62              29.0    33.0
DAYS >= 1.0        16              12.9     3.1
GREATEST
 SNOW DEPTH        11   03/05
 24 HR TOTAL      4.2   01/26 TO 01/26

DEGREE_DAYS
HEATING TOTAL    8135              7087    1048
COOLING TOTAL     526               643    -117
.................................................

WIND (MPH)
AVERAGE WIND SPEED              10.4
HIGHEST WIND SPEED/DIRECTION    45/280    DATE  02/21
HIGHEST GUST SPEED/DIRECTION    56/320    DATE  01/26

SKY COVER
POSSIBLE SUNSHINE (PERCENT)   MM
AVERAGE SKY COVER           0.40
NUMBER OF DAYS FAIR          178
NUMBER OF DAYS PC            112
NUMBER OF DAYS CLOUDY         70

AVERAGE RH (PERCENT)     75

WEATHER CONDITIONS. NUMBER OF DAYS WITH
THUNDERSTORM             46     HAIL                       2
SLEET                     0     FOG                      184
FOG W/VIS <= 1/4 MILE    32     HAZE                      83

-  INDICATES NEGATIVE NUMBERS.
R  INDICATES RECORD WAS SET OR TIED.
MM INDICATES DATA IS MISSING.
T  INDICATES TRACE AMOUNT.

$$
