000
CXUS51 KALY 011027
CLADDH

CLIMATE REPORT
NATIONAL WEATHER SERVICE ALBANY NY
520 AM EST MON JAN 1 2018

...................................

...THE BENNINGTON VT CLIMATE SUMMARY FOR THE YEAR OF 2017...

CLIMATE NORMAL PERIOD 1981 TO 2010
CLIMATE RECORD PERIOD 9999 TO 9999

WEATHER         OBSERVED          NORMAL  DEPART  LAST YEAR`S
                 VALUE   DATE(S)  VALUE   FROM    VALUE  DATE(S)
                                          NORMAL
................................................................
TEMPERATURE (F)
HIGHEST            90   09/25                         92  08/14
                        06/12
                        05/18
LOWEST            -11   12/30                        -17  02/14
AVG. MAXIMUM     58.2              56.5     1.7     59.5
AVG. MINIMUM     37.4              35.5     1.9     36.9
MEAN             47.8              46.0     1.8     48.2
DAYS MAX >= 90      3               1.5     1.5        4
DAYS MAX <= 32     45              46.4    -1.4       33
DAYS MIN <= 32    137             156.3   -19.3      154
DAYS MIN <= 0       7              10.8    -3.8        5

PRECIPITATION (INCHES)
TOTALS          41.70             40.70    1.00    32.63
DAILY AVG.       0.12              0.11    0.01     0.09
DAYS >= .01       138                                142
DAYS >= .10        79                                 76
DAYS >= .50        28                                 21
DAYS >= 1.00       10                                  3
GREATEST
 24 HR. TOTAL    3.47   07/01 TO 07/01

DEGREE_DAYS
HEATING TOTAL    6561              7236    -675     6510
 SINCE 7/1       2560              2772    -212     2493
COOLING TOTAL     395               312      83      488
 SINCE 1/1        395               313      82      488

FREEZE DATES
EARLIEST                        10/01
LATEST                          05/10
.................................................................

WIND (MPH)
AVERAGE WIND SPEED              5.1
HIGHEST WIND SPEED/DIRECTION    41/190    DATE  01/11
HIGHEST GUST SPEED/DIRECTION    58/170    DATE  01/11


WEATHER CONDITIONS. NUMBER OF DAYS WITH
THUNDERSTORM             24     MIXED PRECIP               0
HEAVY RAIN               34     RAIN                      57
LIGHT RAIN              154     FREEZING RAIN              4
LT FREEZING RAIN          3     HAIL                       0
HEAVY SNOW                4     SNOW                      10
LIGHT SNOW               57     SLEET                      0
FOG                     198     FOG W/VIS <= 1/4 MILE     38
HAZE                     61

-  INDICATES NEGATIVE NUMBERS.
R  INDICATES RECORD WAS SET OR TIED.
MM INDICATES DATA IS MISSING.
T  INDICATES TRACE AMOUNT.

$$
