000
CXUS53 KILX 011851
CLADEC

CLIMATE REPORT
NATIONAL WEATHER SERVICE LINCOLN IL
1251 PM CST FRI JAN 1 2016

...................................

...THE DECATUR IL AIRPORT CLIMATE SUMMARY FOR THE YEAR OF 2015...

CLIMATE NORMAL PERIOD 1981 TO 2010
CLIMATE RECORD PERIOD 9999 TO 9999

WEATHER         OBSERVED          NORMAL  DEPART  LAST YEAR`S
                 VALUE   DATE(S)  VALUE   FROM    VALUE  DATE(S)
                                          NORMAL
................................................................
TEMPERATURE (F)
RECORD
 HIGH              MM   MM
 LOW               MM   MM
HIGHEST            96   09/06        MM      MM       94  08/25
LOWEST             -9   03/06        MM      MM      -10  02/11
AVG. MAXIMUM     63.9              62.8     1.1     60.2
AVG. MINIMUM     43.8              42.7     1.1     40.9
MEAN             53.8              52.7     1.1     50.5
DAYS MAX >= 90     17              20.3    -3.3       10
DAYS MAX <= 32     34              28.9     5.1       48
DAYS MIN <= 32    100             113.4   -13.4      128
DAYS MIN <= 0       9               2.8     6.2       14

PRECIPITATION (INCHES)
RECORD
 MAXIMUM           MM   MM
 MINIMUM           MM   MM
TOTALS          39.82             38.45    1.37    36.18
DAILY AVG.       0.12                               0.11
DAYS >= .01       109                MM      MM      107
DAYS >= .10        66                MM      MM       74
DAYS >= .50        26                MM      MM       25
DAYS >= 1.00       10                MM      MM        6
GREATEST
 24 HR. TOTAL    3.42   12/26 TO 12/27              2.29

DEGREE_DAYS
HEATING TOTAL    5090              5522    -432     6102
COOLING TOTAL    1184              1049     135     1011

FREEZE DATES
RECORD
 EARLIEST     MM
 LATEST       MM
EARLIEST                        MM
LATEST                          MM
.................................................................

SKY COVER
POSSIBLE SUNSHINE (PERCENT)   MM



-  INDICATES NEGATIVE NUMBERS.
R  INDICATES RECORD WAS SET OR TIED.
MM INDICATES DATA IS MISSING.
T  INDICATES TRACE AMOUNT.

$$
GEELHART
