000
CXUS53 KILX 020258
CLADEC

CLIMATE REPORT
NATIONAL WEATHER SERVICE LINCOLN IL
858 PM CST SUN JAN 1 2017

...................................

...THE DECATUR IL AIRPORT CLIMATE SUMMARY FOR THE YEAR OF 2016...

CLIMATE NORMAL PERIOD 1981 TO 2010
CLIMATE RECORD PERIOD 9999 TO 9999

WEATHER         OBSERVED          NORMAL  DEPART  LAST YEAR`S
                 VALUE   DATE(S)  VALUE   FROM    VALUE  DATE(S)
                                          NORMAL
................................................................
TEMPERATURE (F)
RECORD
 HIGH              MM   MM
 LOW               MM   MM
HIGHEST            95   06/26        MM      MM       96  09/06
LOWEST             -2   12/19        MM      MM       -9  03/06
AVG. MAXIMUM     65.3              62.8     2.5     63.9
AVG. MINIMUM     45.8              42.7     3.1     43.8
MEAN             55.5              52.7     2.8     53.8
DAYS MAX >= 90     32              20.3    11.7       17
DAYS MAX <= 32     26              28.9    -2.9       34
DAYS MIN <= 32     91             113.4   -22.4      100
DAYS MIN <= 0       4               2.8     1.2        9

PRECIPITATION (INCHES)
RECORD
 MAXIMUM           MM   MM
 MINIMUM           MM   MM
TOTALS          32.33             38.45   -6.12    39.82
DAILY AVG.       0.09                               0.12
DAYS >= .01       103                MM      MM      109
DAYS >= .10        56                MM      MM       66
DAYS >= .50        20                MM      MM       26
DAYS >= 1.00        8                MM      MM       10
GREATEST
 24 HR. TOTAL    2.10   07/24 TO 07/25              3.42

DEGREE_DAYS
HEATING TOTAL    4734              5522    -788     5090
COOLING TOTAL    1434              1049     385     1184

FREEZE DATES
RECORD
 EARLIEST     MM
 LATEST       MM
EARLIEST                        MM
LATEST                          MM
.................................................................

SKY COVER
POSSIBLE SUNSHINE (PERCENT)   MM



-  INDICATES NEGATIVE NUMBERS.
R  INDICATES RECORD WAS SET OR TIED.
MM INDICATES DATA IS MISSING.
T  INDICATES TRACE AMOUNT.

$$
GEELHART
