000
CXUS53 KEAX 011611 CCA
CLADMO

CLIMATE REPORT.....CORRECTED PRODUCT IDENTIFIER
NATIONAL WEATHER SERVICE KANSAS CITY/PLEASANT HILL MO
137 AM CST THU JAN 1 2015

...................................

...THE SEDALIA MO CLIMATE SUMMARY FOR THE YEAR OF 2014...

CLIMATE NORMAL PERIOD 1981 TO 2010
CLIMATE RECORD PERIOD 9999 TO 9999

WEATHER         OBSERVED          NORMAL  DEPART
                 VALUE   DATE(S)  VALUE   FROM
                                          NORMAL
................................................
TEMPERATURE (F)
HIGHEST            97   08/24        98      -1
LOWEST            -10R  01/06                -9
AVG. MAXIMUM     64.4              66.4    -2.0
AVG. MINIMUM     44.3              46.7    -2.4
MEAN             54.4              56.5    -2.1
DAYS MAX >= 90     33              33.4    -0.4
DAYS MAX <= 32     33              23.3     9.7
DAYS MIN <= 32    107             115.9    -8.9
DAYS MIN <= 0       7               5.0     2.0

PRECIPITATION (INCHES)
TOTALS          35.11             41.11   -6.00
DAILY AVG.       0.10              0.11   -0.01
DAYS >= .01        99             103.4    -4.4
DAYS >= .10        49              64.9   -15.9
DAYS >= .50        23              26.8    -3.8
DAYS >= 1.00       11              11.2    -0.2
GREATEST
 24 HR. TOTAL    3.55   MM

DEGREE_DAYS
HEATING TOTAL    5152              4570     582
COOLING TOTAL    1409              1491     -82
.................................................

WIND (MPH)
AVERAGE WIND SPEED              9.6
HIGHEST WIND SPEED/DIRECTION    43/240    DATE  02/20
HIGHEST GUST SPEED/DIRECTION    61/250    DATE  02/20

SKY COVER
POSSIBLE SUNSHINE (PERCENT)    0
AVERAGE SKY COVER           0.40
NUMBER OF DAYS FAIR          220
NUMBER OF DAYS PC             79
NUMBER OF DAYS CLOUDY         66

AVERAGE RH (PERCENT)     66

WEATHER CONDITIONS. NUMBER OF DAYS WITH
THUNDERSTORM              0     MIXED PRECIP               0
HEAVY RAIN               31     RAIN                      44
LIGHT RAIN              117     FREEZING RAIN              1
LT FREEZING RAIN          5     HAIL                       0
HEAVY SNOW                1     SNOW                       4
LIGHT SNOW               36     SLEET                      0
FOG                     156     FOG W/VIS <= 1/4 MILE     15
HAZE                     95

-  INDICATES NEGATIVE NUMBERS.
R  INDICATES RECORD WAS SET OR TIED.
MM INDICATES DATA IS MISSING.
T  INDICATES TRACE AMOUNT.

$$
