000
CXUS53 KEAX 020239
CLADMO

CLIMATE REPORT
NATIONAL WEATHER SERVICE KANSAS CITY/PLEASANT HILL MO
831 PM CST FRI JAN 1 2016

...................................

...THE SEDALIA MO CLIMATE SUMMARY FOR THE YEAR OF 2015...

CLIMATE NORMAL PERIOD 1981 TO 2010
CLIMATE RECORD PERIOD 9999 TO 9999

WEATHER         OBSERVED          NORMAL  DEPART
                 VALUE   DATE(S)  VALUE   FROM
                                          NORMAL
................................................
TEMPERATURE (F)
HIGHEST            97   09/06        98      -1
LOWEST              2   01/08                 3
                        01/07
AVG. MAXIMUM     67.4              66.4     1.0
AVG. MINIMUM     47.6              46.7     0.9
MEAN             57.5              56.5     1.0
DAYS MAX >= 90     41              33.4     7.6
DAYS MAX <= 32     21              23.3    -2.3
DAYS MIN <= 32     74             115.9   -41.9
DAYS MIN <= 0       0               5.0    -5.0

PRECIPITATION (INCHES)
TOTALS          43.63             41.11    2.52
DAILY AVG.       0.12              0.11    0.01
DAYS >= .01       117             103.4    13.6
DAYS >= .10        75              64.9    10.1
DAYS >= .50        25              26.8    -1.8
DAYS >= 1.00       11              11.2    -0.2
GREATEST
 24 HR. TOTAL    4.25   MM

DEGREE_DAYS
HEATING TOTAL    4136              4570    -434
COOLING TOTAL    1552              1491      61
.................................................

WIND (MPH)
AVERAGE WIND SPEED              9.0
HIGHEST WIND SPEED/DIRECTION    40/230    DATE  11/11
HIGHEST GUST SPEED/DIRECTION    54/230    DATE  11/11

SKY COVER
POSSIBLE SUNSHINE (PERCENT)    0
AVERAGE SKY COVER           0.30
NUMBER OF DAYS FAIR          223
NUMBER OF DAYS PC             87
NUMBER OF DAYS CLOUDY         55

AVERAGE RH (PERCENT)     67

WEATHER CONDITIONS. NUMBER OF DAYS WITH
THUNDERSTORM             27     MIXED PRECIP               0
HEAVY RAIN               44     RAIN                      52
LIGHT RAIN              125     FREEZING RAIN              0
LT FREEZING RAIN          5     HAIL                       0
HEAVY SNOW                0     SNOW                       3
LIGHT SNOW               31     SLEET                      1
FOG                     158     FOG W/VIS <= 1/4 MILE     16
HAZE                     50

-  INDICATES NEGATIVE NUMBERS.
R  INDICATES RECORD WAS SET OR TIED.
MM INDICATES DATA IS MISSING.
T  INDICATES TRACE AMOUNT.

$$
