000
CXUS53 KEAX 010819
CLADMO

STLCLMWA4 000
TTAA00 KEAX 010800


CLIMATE REPORT
NATIONAL WEATHER SERVICE KANSAS CITY/PLEASANT HILL MO
159 AM CST WED JAN 1 2014

...................................

...THE SEDALIA MO CLIMATE SUMMARY FOR THE YEAR OF 2013...

CLIMATE NORMAL PERIOD 1981 TO 2010
CLIMATE RECORD PERIOD 9999 TO 9999

WEATHER         OBSERVED          NORMAL  DEPART
                 VALUE   DATE(S)  VALUE   FROM
                                          NORMAL
................................................
TEMPERATURE (F)
HIGHEST            98   08/31        98       0
                        08/30
                        06/26
LOWEST              4   12/24                 5
AVG. MAXIMUM     64.7              66.4    -1.7
AVG. MINIMUM     45.0              46.7    -1.7
MEAN             54.9              56.5    -1.6
DAYS MAX >= 90     38              33.4     4.6
DAYS MAX <= 32     28              23.3     4.7
DAYS MIN <= 32    113             115.9    -2.9
DAYS MIN <= 0       0               5.0    -5.0

PRECIPITATION (INCHES)
TOTALS          40.69             41.11   -0.42
DAILY AVG.       0.11              0.11    0.00
DAYS >= .01        98             103.4    -5.4
DAYS >= .10        63              64.9    -1.9
DAYS >= .50        27              26.8     0.2
DAYS >= 1.00       12              11.2     0.8
GREATEST
 24 HR. TOTAL    3.35   MM

DEGREE_DAYS
HEATING TOTAL    5055              4570     485
COOLING TOTAL    1485              1491      -6
.................................................

WIND (MPH)
AVERAGE WIND SPEED              8.9
HIGHEST WIND SPEED/DIRECTION    43/330    DATE  05/31
HIGHEST GUST SPEED/DIRECTION    59/310    DATE  09/01

SKY COVER
POSSIBLE SUNSHINE (PERCENT)   MM
AVERAGE SKY COVER           0.30
NUMBER OF DAYS FAIR          223
NUMBER OF DAYS PC             88
NUMBER OF DAYS CLOUDY         54

AVERAGE RH (PERCENT)     68

WEATHER CONDITIONS. NUMBER OF DAYS WITH
THUNDERSTORM              0     MIXED PRECIP               0
HEAVY RAIN               33     RAIN                      50
LIGHT RAIN              105     FREEZING RAIN              3
LT FREEZING RAIN          8     HAIL                       0
HEAVY SNOW                2     SNOW                       5
LIGHT SNOW               29     SLEET                      0
FOG                     149     FOG W/VIS <= 1/4 MILE     14
HAZE                     40

-  INDICATES NEGATIVE NUMBERS.
R  INDICATES RECORD WAS SET OR TIED.
MM INDICATES DATA IS MISSING.
T  INDICATES TRACE AMOUNT.

$$
