000
CXUS53 KGJT 011337
CLADRO


CLIMATE REPORT
NATIONAL WEATHER SERVICE GRAND JUNCTION CO
617 AM MST FRI JAN 1 2016

...................................

...THE DURANGO AIRPORT CO CLIMATE SUMMARY FOR THE YEAR OF 2015...

CLIMATE NORMAL PERIOD 1981 TO 2010
CLIMATE RECORD PERIOD 9999 TO 9999

WEATHER         OBSERVED          NORMAL  DEPART  LAST YEAR`S
                 VALUE   DATE(S)  VALUE   FROM    VALUE  DATE(S)
                                          NORMAL
................................................................
TEMPERATURE (F)
RECORD
 HIGH              MM   MM
 LOW               MM   MM
HIGHEST            93   07/01        MM      MM       95  07/22
                        06/23
                        06/21
LOWEST            -10   12/28        MM      MM       -2  12/28
                        12/24
AVG. MAXIMUM     62.6              61.8     0.8     64.1
AVG. MINIMUM     32.3              30.5     1.8     32.0
MEAN             47.5              46.1     1.4     48.0
DAYS MAX >= 90     12              11.0     1.0       15
DAYS MAX <= 32     24              16.8     7.2        9
DAYS MIN <= 32    185             197.7   -12.7      202
DAYS MIN <= 0      15              12.2     2.8        3

PRECIPITATION (INCHES)
RECORD
 MAXIMUM           MM   MM
 MINIMUM           MM   MM
TOTALS          20.05             16.07    3.98    12.05
DAILY AVG.       0.06              0.04    0.02        T
DAYS >= .01       103                MM      MM       74
DAYS >= .10        50                MM      MM       30
DAYS >= .50        11                MM      MM        6
DAYS >= 1.00        2                MM      MM        2
GREATEST
 24 HR. TOTAL    1.27   MM                       12/31 TO 12/31
 STORM TOTAL       MM                                 MM


SNOWFALL (INCHES)
RECORDS
 TOTAL             MM   MM
 24 HR TOTAL       MM
 SNOW DEPTH        MM   MM
TOTALS             MM                MM      MM       MM
 LIQUID EQUIV      MM                MM      MM       MM
SINCE 7/1          MM                MM      MM       MM
 LIQUID 7/1        MM                MM      MM       MM
SNOWDEPTH AVG.     MM                MM      MM       MM
DAYS >= TRACE      MM                MM      MM       MM
DAYS >= 1.0        MM                MM      MM       MM
GREATEST
 SNOW DEPTH        MM                                 MM  MM
 24 HR TOTAL       MM                                 MM
 STORM TOTAL       MM                                 MM


DEGREE_DAYS
HEATING TOTAL    6549              7124    -575     6387
 SINCE 7/1       2791              2874     -83     2504
COOLING TOTAL     262               242      20      305
 SINCE 1/1        262               243      19      305

FREEZE DATES
RECORD
 EARLIEST     MM
 LATEST       MM
EARLIEST                        MM
LATEST                          MM
..................................................

WIND (MPH)
AVERAGE WIND SPEED              5.6
RESULTANT WIND SPEED/DIRECTION   1/298
HIGHEST WIND SPEED/DIRECTION    38/320    DATE  08/21
HIGHEST GUST SPEED/DIRECTION    51/320    DATE  08/21

SKY COVER
POSSIBLE SUNSHINE (PERCENT)   MM
AVERAGE SKY COVER           0.30
NUMBER OF DAYS FAIR          246
NUMBER OF DAYS PC             85
NUMBER OF DAYS CLOUDY         34

AVERAGE RH (PERCENT)     59

WEATHER CONDITIONS. NUMBER OF DAYS WITH
THUNDERSTORM             71     MIXED PRECIP               0
HEAVY RAIN               19     RAIN                      45
LIGHT RAIN              122     FREEZING RAIN              0
LT FREEZING RAIN          0     HAIL                       0
HEAVY SNOW                9     SNOW                      20
LIGHT SNOW               46     SLEET                      0
FOG                     100     FOG W/VIS <= 1/4 MILE     33
HAZE                     20

-  INDICATES NEGATIVE NUMBERS.
R  INDICATES RECORD WAS SET OR TIED.
MM INDICATES DATA IS MISSING.
T  INDICATES TRACE AMOUNT.

$$
