167
CXUS55 KLKN 030021
CLAEKO


CLIMATE REPORT
NATIONAL WEATHER SERVICE ELKO NV
349 PM PST MON JAN 2 2017

...................................

...THE ELKO AIRPORT NV CLIMATE SUMMARY FOR THE YEAR OF 2016...

CLIMATE NORMAL PERIOD 1981 TO 2010
CLIMATE RECORD PERIOD 1888 TO 2017

WEATHER         OBSERVED          NORMAL  DEPART  LAST YEAR`S
                 VALUE   DATE(S)  VALUE   FROM    VALUE
                                          NORMAL
.............................................................
TEMPERATURE (F)
RECORD
 HIGH             107   07/04/1981
                        08/04/1978
                        07/24/1890
 LOW              -43   01/21/1937
HIGHEST           102   07/29       100       2      103
LOWEST            -17   01/01       -12      -5      -15
AVG. MAXIMUM     63.9              62.2     1.7     65.9
AVG. MINIMUM     33.7              31.2     2.5     34.4
MEAN             48.8              46.7     2.1     50.2
DAYS MAX >= 90     60              38.2    21.8       MM
DAYS MAX <= 32     29              24.8     4.2       MM
DAYS MIN <= 32    174             185.7   -11.7       MM
DAYS MIN <= 0       6               8.9    -2.9       MM

PRECIPITATION (INCHES)
RECORD
 MAXIMUM        18.34   1983
 MINIMUM         4.35   1919
TOTALS          14.35              9.91    4.44    11.53
DAILY AVG.          T              0.03   -0.03     0.03
DAYS >= .01        92              81.2    10.8       MM
DAYS >= .10        43              32.1    10.9       MM
DAYS >= .50         7               2.9     4.1       MM
DAYS >= 1.00        1               0.0     1.0       MM
GREATEST
 24 HR. TOTAL    1.05   12/10 TO 12/10

SNOWFALL (INCHES)
RECORDS
 TOTAL          100.8   1996
 24 HR TOTAL     18.4   01/24/1996 TO 01/24/1996
 SNOW DEPTH        24   01/01/1948
                        02/05/1932
TOTALS           46.0              41.3     4.7     41.9
SINCE 7/1        17.7              15.6     2.1     35.1
SNOWDEPTH AVG.      1                MM      MM        0
DAYS >= TRACE      66              33.8    32.2       MM
DAYS >= 1.0        15              14.7     0.3       MM
DAYS >= 5.0         2                                 MM
GREATEST
 SNOW DEPTH        13   01/31                         10
 24 HR TOTAL      5.5   01/30 TO 01/30

DEGREE_DAYS
HEATING TOTAL    6386              7065    -679     5921
COOLING TOTAL     560               383     177      624
..............................................................

WIND (MPH)
AVERAGE WIND SPEED              5.8
HIGHEST WIND SPEED/DIRECTION    40/170    DATE  02/17
HIGHEST GUST SPEED/DIRECTION    55/170    DATE  02/17

AVERAGE RH (PERCENT)     53

WEATHER CONDITIONS. NUMBER OF DAYS WITH
THUNDERSTORM              0     MIXED PRECIP               0
HEAVY RAIN                9     RAIN                      19
LIGHT RAIN               68     FREEZING RAIN              0
LT FREEZING RAIN          1     HAIL                       5
HEAVY SNOW                2     SNOW                       9
LIGHT SNOW               57     SLEET                      0
FOG                      88     FOG W/VIS <= 1/4 MILE     13
HAZE                     41

-  INDICATES NEGATIVE NUMBERS.
R  INDICATES RECORD WAS SET OR TIED.
MM INDICATES DATA IS MISSING.
T  INDICATES TRACE AMOUNT.

&&

=====================================================================
...11TH WARMEST YEAR ON RECORD WITH AN AVERAGE TEMPERATURE OF 48.8
DEGREES...

...11TH WETTEST YEAR ON RECORD WITH A TOTAL PRECIPITATION OF 14.35
INCHES...

$$

DS
