000
CXUS55 KLKN 011947
CLAELY


CLIMATE REPORT
NATIONAL WEATHER SERVICE ELKO NV
1123 AM PST MON JAN 1 2018

...................................

...THE ELY AIRPORT NV CLIMATE SUMMARY FOR THE YEAR OF 2017...

CLIMATE NORMAL PERIOD 1981 TO 2010
CLIMATE RECORD PERIOD 1893 TO 2017

WEATHER         OBSERVED          NORMAL  DEPART  LAST YEAR`S
                 VALUE   DATE(S)  VALUE   FROM    VALUE
                                          NORMAL
.............................................................
TEMPERATURE (F)
RECORD
 HIGH             101   07/12/2002
                        07/18/1998
 LOW              -30   02/06/1989
HIGHEST            97   06/20        96       1       98
LOWEST            -23   01/06       -16      -7      -19
AVG. MAXIMUM     64.2              61.4     2.8     62.5
AVG. MINIMUM     29.9              28.5     1.4     29.0
MEAN             47.0              45.0     2.0     45.8
DAYS MAX >= 90     45              20.0    25.0       MM
DAYS MAX <= 32     22              20.6     1.4       MM
DAYS MIN <= 32    214             211.1     2.9       MM
DAYS MIN <= 0      14              15.3    -1.3       MM

PRECIPITATION (INCHES)
RECORD
 MAXIMUM        17.20   1897
 MINIMUM         4.22   1974
TOTALS           9.68              9.76   -0.08    10.98
DAILY AVG.       0.03              0.03    0.00     0.03
DAYS >= .01        69              75.2    -6.2       MM
DAYS >= .10        26              30.1    -4.1       MM
DAYS >= .50         4               3.3     0.7       MM
DAYS >= 1.00        0               0.3    -0.3       MM
GREATEST
 24 HR. TOTAL    0.86   02/10 TO 02/11

SNOWFALL (INCHES)
RECORDS
 TOTAL          128.4   2010
 24 HR TOTAL     16.0   04/07/1900 TO 04/07/1900
 SNOW DEPTH        25   02/01/2016
TOTALS           59.5              50.8     8.7     75.6
SNOWDEPTH AVG.      1                MM      MM        2
DAYS >= TRACE      56              35.7    20.3       MM
DAYS >= 1.0        15              16.2    -1.2       MM
GREATEST
 SNOW DEPTH        13   01/20                         25
 24 HR TOTAL      8.0   01/19 TO 01/19

DEGREE_DAYS
HEATING TOTAL    6810              7523    -713     7200
COOLING TOTAL     433               218     215      267
..............................................................

WIND (MPH)
AVERAGE WIND SPEED              9.9
HIGHEST WIND SPEED/DIRECTION    48/210    DATE  01/23
HIGHEST GUST SPEED/DIRECTION    63/210    DATE  01/23

AVERAGE RH (PERCENT)     51

WEATHER CONDITIONS. NUMBER OF DAYS WITH
THUNDERSTORM             36     MIXED PRECIP               0
HEAVY RAIN               11     RAIN                      16
LIGHT RAIN               84     FREEZING RAIN              0
LT FREEZING RAIN          0     HAIL                       0
HEAVY SNOW                8     SNOW                      18
LIGHT SNOW               54     SLEET                      0
FOG                      52     FOG W/VIS <= 1/4 MILE      9
HAZE                     15

-  INDICATES NEGATIVE NUMBERS.
R  INDICATES RECORD WAS SET OR TIED.
MM INDICATES DATA IS MISSING.
T  INDICATES TRACE AMOUNT.

&&

=====================================================================

...5TH WARMEST YEAR ON RECORD IN ELY WITH AN AVERAGE TEMPERATURE OF
47.0 DEGREES...

...WARMEST SUMMER ON RECORD WITH AN AVERAGE TEMPERATURE OF 68.3
DEGREES...

...3RD WETTEST WINTER ON RECORD WITH 4.42 INCHES OF PRECIPITATION...

$$

DS
