000
CXUS53 KPAH 031615
CLAEVV

CLIMATE REPORT
NATIONAL WEATHER SERVICE PADUCAH KY
1013 AM CST TUE JAN 3 2017

...................................

...THE EVANSVILLE IN CLIMATE SUMMARY FOR THE YEAR OF 2016...

CLIMATE NORMAL PERIOD 1981 TO 2010
CLIMATE RECORD PERIOD 1896 TO 2017

WEATHER         OBSERVED          NORMAL  DEPART  LAST YEAR`S
                 VALUE   DATE(S)  VALUE   FROM    VALUE  DATE(S)
                                          NORMAL
................................................................
TEMPERATURE (F)
RECORD
 HIGH             111   07/28/1930
 LOW              -23   02/02/1951
HIGHEST            99   06/16                         95  09/05
                                                          09/04
                                                          07/29
LOWEST              8   01/11                         -7  02/20
AVG. MAXIMUM     69.1              66.9     2.2     67.6
AVG. MINIMUM     48.9              45.8     3.1     48.0
MEAN             59.0              56.4     2.6     57.8
DAYS MAX >= 90     51              38.0    13.0       33
DAYS MAX <= 32     14              15.5    -1.5       21
DAYS MAX >= 95      7
DAYS MAX >= 100     0
DAYS MIN <= 32     78              92.6   -14.6       79
DAYS MIN <= 0       0               1.8    -1.8        4

PRECIPITATION (INCHES)
RECORD
 MAXIMUM        70.03   2011
 MINIMUM         0.01   1910
TOTALS          49.58             45.31    4.27    51.94
DAILY AVG.       0.14              0.12    0.02     0.14
DAYS >= .01       116             115.5     0.5      122
DAYS >= .10        79              74.9     4.1       87
DAYS >= .50        37              30.8     6.2       32
DAYS >= 1.00       12              11.9     0.1       15
DAYS >= 0.25       54
DAYS >= 2.00        2


SNOWFALL (INCHES)
RECORDS
 TOTAL           41.0   1918
 24 HR TOTAL     19.3   12/22/2004 TO 12/22/2004
TOTALS           14.2              11.8     2.4     16.1
 LIQUID EQUIV    1.42              1.50   -0.08
SINCE 7/1           T               3.5    -3.5        T
 LIQUID 7/1        MM
SNOWDEPTH AVG.      0
DAYS >= TRACE      22              10.4    11.6       19
DAYS >= 1.0         5               3.5     1.5
GREATEST
 SNOW DEPTH         5   01/23
 24 HR TOTAL      5.1   MM
 STORM TOTAL       MM
 (MM/DD(HH))

DEGREE_DAYS
HEATING TOTAL    3870              4549    -679     4066
 SINCE 7/1         MM              1772      MM

FREEZE DATES
RECORD
 EARLIEST     10/03/1974
 LATEST       05/10/1966
EARLIEST                        10/23
LATEST                          04/10
.................................................................

WIND (MPH)
AVERAGE WIND SPEED              6.3
HIGHEST WIND SPEED/DIRECTION    39/220    DATE  02/19
HIGHEST GUST SPEED/DIRECTION    52/220    DATE  02/02

SKY COVER
POSSIBLE SUNSHINE (PERCENT)   MM
AVERAGE SKY COVER           0.30
NUMBER OF DAYS FAIR          205
NUMBER OF DAYS PC            103
NUMBER OF DAYS CLOUDY         58

AVERAGE RH (PERCENT)     69

WEATHER CONDITIONS. NUMBER OF DAYS WITH
THUNDERSTORM              0     MIXED PRECIP               0
HEAVY RAIN               61     RAIN                      68
LIGHT RAIN              133     FREEZING RAIN              1
LT FREEZING RAIN          1     HAIL                       0
HEAVY SNOW                3     SNOW                       8
LIGHT SNOW               21     SLEET                      1
FOG                     170     FOG W/VIS <= 1/4 MILE     21
HAZE                     64

-  INDICATES NEGATIVE NUMBERS.
R  INDICATES RECORD WAS SET OR TIED.
MM INDICATES DATA IS MISSING.
T  INDICATES TRACE AMOUNT.

$$
