588
CXUS53 KPAH 010647
CLAEVV

CLIMATE REPORT
NATIONAL WEATHER SERVICE PADUCAH KY
1243 AM CST FRI JAN 1 2016

...................................

...THE EVANSVILLE IN CLIMATE SUMMARY FOR THE YEAR OF 2015...

CLIMATE NORMAL PERIOD 1981 TO 2010
CLIMATE RECORD PERIOD 1896 TO 2015

WEATHER         OBSERVED          NORMAL  DEPART  LAST YEAR`S
                 VALUE   DATE(S)  VALUE   FROM    VALUE  DATE(S)
                                          NORMAL
................................................................
TEMPERATURE (F)
RECORD
 HIGH             111   07/28/1930
 LOW              -23   02/02/1951
HIGHEST            95   09/05                         96  08/27
                        09/04
                        07/29
LOWEST             -7   02/20                         -4  01/07
AVG. MAXIMUM     67.6              66.9     0.7     64.7
AVG. MINIMUM     48.0              45.8     2.2     45.6
MEAN             57.8              56.4     1.4     55.2
DAYS MAX >= 90     33              38.0    -5.0       28
DAYS MAX <= 32     21              15.5     5.5       24
DAYS MAX >= 95      4
DAYS MAX >= 100     0
DAYS MIN <= 32     79              92.6   -13.6       99
DAYS MIN <= 0       4               1.8     2.2        2

PRECIPITATION (INCHES)
RECORD
 MAXIMUM        70.03   2011
 MINIMUM        25.55   1930
TOTALS          51.94             45.31    6.63    47.21
DAILY AVG.       0.14              0.12    0.02     0.13
DAYS >= .01       122             115.5     6.5      126
DAYS >= .10        87              74.9    12.1       74
DAYS >= .50        32              30.8     1.2       31
DAYS >= 1.00       15              11.9     3.1        9
DAYS >= 0.25       54
DAYS >= 2.00        3
GREATEST
 24 HR. TOTAL   15.66
 STORM TOTAL       MM
 (MM/DD(HH))

SNOWFALL (INCHES)
RECORDS
 TOTAL           36.4   1960
 24 HR TOTAL     19.3   12/22/2004 TO 12/22/2004
TOTALS           16.1              11.8     4.3      7.8
 LIQUID EQUIV    1.61              1.50    0.11
SINCE 7/1           T               3.5    -3.5      2.4
 LIQUID 7/1        MM
SNOWDEPTH AVG.      0
DAYS >= TRACE      19              10.4     8.6       33
DAYS >= 1.0         3               3.5    -0.5
GREATEST
 SNOW DEPTH         7   02/19
                        02/18
 24 HR TOTAL      8.5   MM
 STORM TOTAL       MM
 (MM/DD(HH))

DEGREE_DAYS
HEATING TOTAL    4066              4549    -483     4930
 SINCE 7/1         MM              1772      MM

FREEZE DATES
RECORD
 EARLIEST     10/03/1974
 LATEST       05/10/1966
EARLIEST                        10/23
LATEST                          04/10
.................................................................

WIND (MPH)
AVERAGE WIND SPEED              6.5
HIGHEST WIND SPEED/DIRECTION    52/240    DATE  04/09
HIGHEST GUST SPEED/DIRECTION    67/240    DATE  04/09

SKY COVER
POSSIBLE SUNSHINE (PERCENT)   MM
AVERAGE SKY COVER           0.40
NUMBER OF DAYS FAIR          201
NUMBER OF DAYS PC            106
NUMBER OF DAYS CLOUDY         58

AVERAGE RH (PERCENT)     68

WEATHER CONDITIONS. NUMBER OF DAYS WITH
THUNDERSTORM              0     MIXED PRECIP               0
HEAVY RAIN               67     RAIN                      70
LIGHT RAIN              149     FREEZING RAIN              2
LT FREEZING RAIN          4     HAIL                       0
HEAVY SNOW                2     SNOW                       2
LIGHT SNOW               19     SLEET                      1
FOG                     218     FOG W/VIS <= 1/4 MILE     17
HAZE                    144

-  INDICATES NEGATIVE NUMBERS.
R  INDICATES RECORD WAS SET OR TIED.
MM INDICATES DATA IS MISSING.
T  INDICATES TRACE AMOUNT.

$$
