000
CXUS56 KSGX 020633
CLAFUL

CLIMATE REPORT
NATIONAL WEATHER SERVICE SAN DIEGO, CA
1005 PM PST WED JAN 1 2014

...................................

...THE FULLERTON AIRPORT CA CLIMATE SUMMARY FOR THE YEAR OF 2013...

CLIMATE NORMAL PERIOD 1981 TO 2010
CLIMATE RECORD PERIOD 1998 TO 2013

WEATHER         OBSERVED          NORMAL  DEPART  LAST YEAR`S
                 VALUE   DATE(S)  VALUE   FROM    VALUE  DATE(S)
                                          NORMAL
................................................................
TEMPERATURE (F)
RECORD
 HIGH             112   09/27/2010
 LOW                    08/25/2013
                        08/27/2012
                        08/27/2012
HIGHEST           104   05/13        76      28      108  09/14
LOWEST             35   01/15        53     -18       -1  08/27
                        01/12
                        01/13
AVG. MAXIMUM     78.6              75.3     3.3     78.9
AVG. MINIMUM     56.9              54.9     2.0     57.7
MEAN             67.7              65.1     2.6     68.3
DAYS MAX >= 90     45              24.4    20.6       61
DAYS MAX <= 32      0               0.0     0.0        0
DAYS MAX >= 100     6                                  7
DAYS MIN <= 32      1               0.3     0.7        1

PRECIPITATION (INCHES)
RECORD
 MAXIMUM        33.34   1978
 MINIMUM         3.68   1961
TOTALS           3.84             13.88  -10.04     6.84
DAILY AVG.       0.01              0.04   -0.03        T
DAYS >= .01        24                MM      MM       36
DAYS >= .10        12                MM      MM       20
DAYS >= .50         2                MM      MM        5
DAYS >= 1.00        0                MM      MM        0
DAYS >= 1.50        0                                  0
DAYS >= 2.00        0                                  0
GREATEST
 24 HR. TOTAL    0.72   MM                       12/31 TO 12/31
                                                          12/31 TO 12/31
                                                          12/31 TO 12/31
 STORM TOTAL       MM                                 MM
 (MM/DD(HH))            MM                    12/31(00) TO 12/31(00)
                                                 12/31(00) TO 12/31(00)1
                                                 12/31(00) TO 12/31(00)1

SNOWFALL (INCHES)
TOTALS            0.0
SINCE 7/1         0.0

DEGREE_DAYS
HEATING TOTAL     770              1225    -455      719
 SINCE 7/1        303               440    -137      259
COOLING TOTAL    1881              1252     629     2042
 SINCE 1/1       1881              1252     629     2042

FREEZE DATES
RECORD
 EARLIEST     MM
 LATEST       MM
EARLIEST                        MM
LATEST                          MM
..................................................

WIND (MPH)
AVERAGE WIND SPEED              3.2
HIGHEST WIND SPEED/DIRECTION    30/080    DATE  10/05
HIGHEST GUST SPEED/DIRECTION    39/090    DATE  10/05

SKY COVER
POSSIBLE SUNSHINE (PERCENT)   MM
AVERAGE SKY COVER           0.30
NUMBER OF DAYS FAIR          228
NUMBER OF DAYS PC            111
NUMBER OF DAYS CLOUDY         26

AVERAGE RH (PERCENT)     56

WEATHER CONDITIONS. NUMBER OF DAYS WITH
THUNDERSTORM              0     MIXED PRECIP               0
HEAVY RAIN                8     RAIN                       8
LIGHT RAIN               30     FREEZING RAIN              0
LT FREEZING RAIN          0     HAIL                       0
HEAVY SNOW                0     SNOW                       0
LIGHT SNOW                0     SLEET                      0
FOG                      54     FOG W/VIS <= 1/4 MILE      7
HAZE                    128

-  INDICATES NEGATIVE NUMBERS.
R  INDICATES RECORD WAS SET OR TIED.
MM INDICATES DATA IS MISSING.
T  INDICATES TRACE AMOUNT.

$$
