000
CXUS53 KDDC 041852
CLAGCK


CLIMATE REPORT
NATIONAL WEATHER SERVICE DODGE CITY KS
1244 PM CST WED JAN 4 2017

...................................

...THE GARDEN CITY REGIONAL ARPT KS CLIMATE SUMMARY FOR THE YEAR OF 2016...

CLIMATE NORMAL PERIOD 1981 TO 2010
CLIMATE RECORD PERIOD 1948 TO 2017

WEATHER         OBSERVED          NORMAL  DEPART  LAST YEAR`S
                 VALUE   DATE(S)  VALUE   FROM    VALUE  DATE(S)
                                          NORMAL
................................................................
TEMPERATURE (F)
RECORD
 HIGH             110   06/08/1985
                        07/11/1954
                        06/24/1953
 LOW              -22   03/11/1948
HIGHEST           100   10/17        MM      MM      105  07/13
                        07/22
LOWEST            -19   12/18        MM      MM        1  01/04
AVG. MAXIMUM     71.0              67.9     3.1     69.2
AVG. MINIMUM     41.6              40.7     0.9     42.4
MEAN             56.3              54.3     2.0     55.8
DAYS MAX >= 90     68              59.2     8.8       70
DAYS MAX <= 32     12              19.0    -7.0       22
DAYS MIN <= 32    124             136.6   -12.6      122
DAYS MIN <= 0       4               3.9     0.1        0

PRECIPITATION (INCHES)
RECORD
 MAXIMUM        30.75   1969
 MINIMUM         9.23
TOTALS          20.39             19.47    0.92    25.15
DAYS >= .01        52              72.0   -20.0       86
DAYS >= .10        32              39.3    -7.3       44
DAYS >= .50        14              12.6     1.4       18
DAYS >= 1.00        7               4.1     2.9        7
GREATEST
 24 HR. TOTAL    2.14   07/01 TO 07/01

DEGREE_DAYS
HEATING TOTAL    4523              5207    -684     4679
 SINCE 7/1       1829              2123    -294     1739
COOLING TOTAL    1433              1300     133     1453
 SINCE 1/1       1433              1298     135     1453

FREEZE DATES
.................................................................

WIND (MPH)
AVERAGE WIND SPEED              11.9
HIGHEST WIND SPEED/DIRECTION    62/360    DATE  07/15
HIGHEST GUST SPEED/DIRECTION    74/360    DATE  07/15


WEATHER CONDITIONS. NUMBER OF DAYS WITH
THUNDERSTORM             46     MIXED PRECIP               0
HEAVY RAIN               25     RAIN                      22
LIGHT RAIN               60     FREEZING RAIN              0
LT FREEZING RAIN          2     HAIL                       1
HEAVY SNOW                1     SNOW                       4
LIGHT SNOW               11     SLEET                      0
FOG                     106     FOG W/VIS <= 1/4 MILE     31
HAZE                     52

-  INDICATES NEGATIVE NUMBERS.
R  INDICATES RECORD WAS SET OR TIED.
MM INDICATES DATA IS MISSING.
T  INDICATES TRACE AMOUNT.

$$
