000
CXUS51 KALY 011541
CLAGFL

ALBCLMGFL 000
TTAA00 KALY 011540


CLIMATE REPORT
NATIONAL WEATHER SERVICE ALBANY NY
1036 AM EST THU JAN 1 2015

...................................

...THE GLENS FALLS NY CLIMATE SUMMARY FOR THE YEAR OF 2014...

CLIMATE NORMAL PERIOD 1981 TO 2010
CLIMATE RECORD PERIOD 1949 TO 2014

WEATHER         OBSERVED          NORMAL  DEPART  LAST YEAR`S
                 VALUE   DATE(S)  VALUE   FROM    VALUE  DATE(S)
                                          NORMAL
................................................................
TEMPERATURE (F)
HIGHEST            91   07/02                         94  07/19
                                                          07/18
LOWEST            -25   01/04                        -18  12/17
                        01/03                             01/03
AVG. MAXIMUM     55.8              56.3    -0.5     56.7
AVG. MINIMUM     34.2              33.5     0.7     34.9
MEAN             45.0              44.9     0.1     45.8
DAYS MAX >= 90      2               4.6    -2.6       10
DAYS MAX <= 32     64              50.2    13.8       46
DAYS MIN <= 32    159             165.9    -6.9      171
DAYS MIN <= 0      33              21.4    11.6       15

PRECIPITATION (INCHES)
RECORD
 MAXIMUM        54.40   1983
 MINIMUM        21.76   1964
TOTALS          36.43             39.06   -2.63    35.23
DAILY AVG.       0.10              0.11   -0.01     0.10
DAYS >= .01       136             132.3     3.7      128
DAYS >= .10        72              79.0    -7.0       73
DAYS >= .50        28              26.6     1.4       23
DAYS >= 1.00        5               8.0    -3.0        6
GREATEST
 24 HR. TOTAL    2.11   07/02 TO 07/03

DEGREE_DAYS
HEATING TOTAL    7522              7678    -156     7373
 SINCE 7/1       2532              2938    -406     2939
COOLING TOTAL     392               353      39      537
 SINCE 1/1        392               352      40      537

FREEZE DATES
RECORD
 EARLIEST     08/29/1982
 LATEST       06/01/2009
EARLIEST                        09/29
LATEST                          05/13
.................................................................

WIND (MPH)
AVERAGE WIND SPEED              5.4
HIGHEST WIND SPEED/DIRECTION    37/310    DATE  07/03
HIGHEST GUST SPEED/DIRECTION    49/300    DATE  07/03


WEATHER CONDITIONS. NUMBER OF DAYS WITH
THUNDERSTORM             26     MIXED PRECIP               0
HEAVY RAIN               29     RAIN                      51
LIGHT RAIN              126     FREEZING RAIN              6
LT FREEZING RAIN         10     HAIL                       0
HEAVY SNOW                8     SNOW                      14
LIGHT SNOW               55     SLEET                      0
FOG                     224     FOG W/VIS <= 1/4 MILE     52
HAZE                     61

-  INDICATES NEGATIVE NUMBERS.
R  INDICATES RECORD WAS SET OR TIED.
MM INDICATES DATA IS MISSING.
T  INDICATES TRACE AMOUNT.

$$
