000
CXUS51 KALY 061827 CCC
CLAGFL

CLIMATE REPORT...CORRECTED
NATIONAL WEATHER SERVICE ALBANY NY
125 PM EST WED JAN 6 2016

...................................

...THE GLENS FALLS NY CLIMATE SUMMARY FOR THE YEAR OF 2015...

CLIMATE NORMAL PERIOD 1981 TO 2010
CLIMATE RECORD PERIOD 1949 TO 2015

WEATHER         OBSERVED          NORMAL  DEPART  LAST YEAR`S
                 VALUE   DATE(S)  VALUE   FROM    VALUE  DATE(S)
                                          NORMAL
................................................................
TEMPERATURE (F)
HIGHEST            92   09/07                         91  07/02
LOWEST            -27   02/03                        -25  01/04
                                                          01/03
AVG. MAXIMUM     57.7              56.3     1.4     55.8
AVG. MINIMUM     34.9              33.5     1.4     34.2
MEAN             46.3              44.9     1.4     45.0
DAYS MAX >= 90      3               4.6    -1.6        2
DAYS MAX <= 32     60              50.2     9.8       64
DAYS MIN <= 32    150             165.9   -15.9      159
DAYS MIN <= 0      37              21.4    15.6       33

PRECIPITATION (INCHES)
RECORD
 MAXIMUM        54.40   1983
 MINIMUM        21.76   1964
TOTALS          31.02             39.06   -8.04    36.43
DAILY AVG.       0.08              0.11   -0.03     0.10
DAYS >= .01       119             132.3   -13.3      136
DAYS >= .10        65              79.0   -14.0       72
DAYS >= .50        22              26.6    -4.6       28
DAYS >= 1.00        5               8.0    -3.0        5
GREATEST
 24 HR. TOTAL    2.58   09/29 TO 09/30

DEGREE_DAYS
HEATING TOTAL    7258              7678    -420     7522
 SINCE 7/1       1291              2938   -1647     2532
COOLING TOTAL     596               353     243      392
 SINCE 1/1        596               353     243      392

FREEZE DATES
RECORD
 EARLIEST     08/29/1982
 LATEST       06/01/2009
EARLIEST                        09/29
LATEST                          05/13
.................................................................

WIND (MPH)
AVERAGE WIND SPEED              5.6
HIGHEST WIND SPEED/DIRECTION    33/330    DATE  03/17
HIGHEST GUST SPEED/DIRECTION    46/330    DATE  03/17


WEATHER CONDITIONS. NUMBER OF DAYS WITH
THUNDERSTORM             22    MIXED PRECIP               0
HEAVY RAIN               29     RAIN                      46
LIGHT RAIN              121     FREEZING RAIN              3
LT FREEZING RAIN          3     HAIL                       0
HEAVY SNOW                2     SNOW                      13
LIGHT SNOW               43     SLEET                      0
FOG                     203     FOG W/VIS <= 1/4 MILE     48
HAZE                     76

-  INDICATES NEGATIVE NUMBERS.
R  INDICATES RECORD WAS SET OR TIED.
MM INDICATES DATA IS MISSING.
T  INDICATES TRACE AMOUNT.

$$
