146
CXUS51 KGYX 051306
CLAGYX

CLIMATE REPORT
NATIONAL WEATHER SERVICE GRAY ME
806 AM EST TUE JAN 5 2016

...................................

...THE GRAY ME CLIMATE SUMMARY FOR THE YEAR OF 2015...

CLIMATE NORMAL PERIOD 1981 TO 2010
CLIMATE RECORD PERIOD 1995 TO 2016

WEATHER         OBSERVED          NORMAL  DEPART  LAST YEAR`S
                 VALUE   DATE(S)  VALUE   FROM    VALUE
                                          NORMAL
.............................................................
TEMPERATURE (F)
RECORD
 HIGH              99   07/22/2011
 LOW              -15   01/15/2004
HIGHEST            89   09/07        93      -4       89
                        07/12
LOWEST            -13   01/08        -7      -6      -11
AVG. MAXIMUM     54.9              55.4    -0.5     53.8
AVG. MINIMUM     36.8              37.3    -0.5     36.7
MEAN             45.8              46.4    -0.6     45.3
DAYS MAX >= 90      0               5.3    -5.3        0
DAYS MAX <= 32     62              50.9    11.1       60
DAYS MIN <= 32    139             143.2    -4.2      145
DAYS MIN <= 0      17               7.1     9.9       11

PRECIPITATION (INCHES)
RECORD
 MAXIMUM        71.90   2005
TOTALS          43.88             50.22   -6.34    52.83
DAILY AVG.       0.12              0.14   -0.02     0.14
DAYS >= .01       140             138.6     1.4      147
DAYS >= .10        73              85.3   -12.3       91
DAYS >= .50        28              33.4    -5.4       35
DAYS >= 1.00       11              14.1    -3.1       14
GREATEST
 24 HR. TOTAL    6.32   09/29 TO 09/30              4.95

SNOWFALL (INCHES)
RECORDS
 TOTAL          125.2   2008
TOTALS           91.2              83.8     7.4     76.5
SINCE 7/1         5.4              21.4   -16.0     21.5
SNOWDEPTH AVG.      5
DAYS >= TRACE      64              33.7               58
DAYS >= 1.0        22              19.3     2.7       23
GREATEST
 SNOW DEPTH        30   02/19                         25
 24 HR TOTAL     23.9R  01/27                        9.8

DEGREE_DAYS
HEATING TOTAL    7287              7191      96     7431
 SINCE 7/1       2200              2666    -466     2540
COOLING TOTAL     468               390      78      369
 SINCE 1/1        468               389      79      369
..............................................................


-  INDICATES NEGATIVE NUMBERS.
R  INDICATES RECORD WAS SET OR TIED.
MM INDICATES DATA IS MISSING.
T  INDICATES TRACE AMOUNT.

&&

AS 2015 BEGAN, THE WEATHER PATTERN BEGAN TO SHIFT AND COLDER AIR
BEGAN ARRIVING IN NEW ENGLAND. BY JANUARY 8TH THE TEMPERATURE FELL
TO 13 DEGREES BELOW ZERO, THE COLDEST TEMPERATURE OF THE YEAR, AND
THE COLDEST TEMPERATURE OBSERVED AT THE NATIONAL WEATHER SERVICE
OFFICE IN GRAY SINCE 2004. AFTER A BRIEF WARM UP IN MID JANUARY, THE
COLD WEATHER RETURNED IN FORCE AND DID NOT LET UP AGAIN UNTIL MARCH.
A PERSISTENT STORM TRACK BROUGHT FRESH SNOWFALL EVERY FEW DAYS FROM
JANUARY 24TH THROUGH MARCH 4TH ALONG WITH PERSISTENTLY FRIGID
TEMPERATURES. THE BIGGEST SNOWSTORM WAS ON JANUARY 27TH AND 28TH
WHEN 26.6 INCHES OF SNOW FELL ALONG WITH BLIZZARD CONDITIONS. THE
BLIZZARD AND SEVERAL OTHER SNOWFALLS COMBINED TO PRODUCE THE
SNOWIEST JANUARY IN THE SHORT 20-YEAR HISTORY OF OBSERVATIONS AT THE
NATIONAL WEATHER SERVICE OFFICE IN GRAY. WHILE JANUARY WAS COLD,
FEBRUARY WAS DOWNRIGHT BRUTAL, FINISHING ALMOST 13 DEGREES BELOW
NORMAL AND BREAKING THE OLD RECORD FOR COLDEST FEBRUARY BY MORE THAN
7 DEGREES. IN FACT, FEBRUARY 2015 WAS THE COLDEST MONTH ON RECORD.

COLDEST MONTHS (SINCE OCTOBER 1995)
RANK  TEMP  YEAR
1     11.9  FEB 2015 <===
2     12.9  JAN 2004
3     15.8  JAN 2003
4     16.2  JAN 2009
5     17.7  JAN 2015 <===
      17.7  JAN 2005

THE COLD CONTINUED INTO MARCH BUT THE SNOW FINALLY LET UP A BIT. THE
FIRST TRULY SPRING-LIKE TEMPERATURES DID NOT ARRIVE UNTIL APRIL 3RD
WHEN THE TEMPERATURE REACHED 65 DEGREES. THIS WAS JUST THE START OF
A CHANGE IN THE WEATHER PATTERN AS WARMER WEATHER GRADUALLY BEAT
BACK THE WINTER COLD. THE LAST SNOW OF THE SEASON FELL ON APRIL 8TH
AND 9TH WITH THE LAST OF THE WINTER SNOW PACK MELTING BY THE MORNING
OF APRIL 17TH. THE LAST FREEZE OF THE SEASON WAS ON APRIL 24TH. THE
WARMTH CONTINUED TO ACCELERATE INTO MAY AS TEMPERATURES BECAME
DOWNRIGHT SUMMER-LIKE THROUGH MUCH OF THE MONTH, WITH MANY DAYS
CLIMBING WELL INTO THE 80S. IT WAS THE WARMEST MAY ON RECORD AT
THE NATIONAL WEATHER SERVICE OFFICE IN GRAY.

A STORM SYSTEM BROUGHT 2.66 INCHES OF RAIN FROM MAY 31ST THROUGH
JUNE 2ND AND USHERED IN A CHANGE IN THE WEATHER PATTERN. AFTER THE
WARM AND DRY MAY, JUNE WAS COOL AND WET. ON JUNE 1ST AND 2ND THE
TEMPERATURE NEVER GOT OUT OF THE 40S, SOMETHING THAT HAD NEVER
HAPPENED BEFORE ON ANY DAY IN THE MONTH OF JUNE. WARMER WEATHER
BEGAN TO MAKE A COME BACK IN JULY AS PERIODS OF WARM WEATHER
INCREASINGLY BEGAN TO PUSH OUT THE COOLER TEMPERATURES. THE HOTTEST
TEMPERATURE OF THE YEAR OCCURRED ON JULY 12TH WHEN THE TEMPERATURE
REACHED 89 DEGREES. MORE PERSISTENT WARMTH ARRIVED AT THE END OF
JULY, WHEN 8 STRAIGHT DAYS SAW THE TEMPERATURE TOP 80 DEGREES FROM
JULY 28TH THROUGH AUGUST 4TH. THE WARM WEATHER CONTINUED TO WIN OUT
IN AUGUST AND SUMMER-LIKE WARMTH PERSISTED WELL INTO SEPTEMBER. THE
TEMPERATURE REACHED 89 DEGREES AGAIN ON SEPTEMBER 7TH AND THE
PERSISTENT WARMTH LED TO THE WARMEST SEPTEMBER ON RECORD.

A STORM SYSTEM BROUGHT VERY HEAVY RAINFALL AT THE END OF SEPTEMBER
WHEN 6.35 INCHES OF RAIN WAS MEASURED FROM THE 29TH INTO THE 30TH.
THIS RAINSTORM USHERED IN A CHANGE IN THE WEATHER PATTERN WITH MORE
FALL-LIKE WEATHER LASTING THROUGH OCTOBER. THE FIRST FREEZE OF THE
SEASON OCCURRED ON OCTOBER 18TH ALONG WITH THE FIRST SNOWFLAKES. A
RIDGE OF HIGH PRESSURE BEGAN ESTABLISHING ITSELF OVER THE EASTERN
UNITED STATES IN NOVEMBER, BRINGING PERSISTENT WARM WEATHER. THIS
PATTERN WAS ESPECIALLY NOTICEABLE IN DECEMBER WHEN FALL-LIKE WARMTH
KEPT THE WINTER COLD AT BAY. THE EARLY WINTER WARMTH CULMINATED IN A
HIGH TEMPERATURE OF 58 DEGREES ON CHRISTMAS DAY. THE FIRST
SIGNIFICANT SNOWFALL OF THE SEASON CAME A FEW DAYS LATER WHEN 5.2
INCHES OF SNOW AND SLEET FELL ON DECEMBER 29TH AND 30TH.

2015 MARKED THE SECOND STRAIGHT YEAR THAT THE TEMPERATURE DID NOT
REACH 90 DEGREES AT THE NATIONAL WEATHER SERVICE OFFICE IN GRAY. THE
LAST 90 DEGREE TEMPERATURE WAS ON SEPTEMBER 11, 2013. THE ONLY OTHER
YEAR ON RECORD THAT DID NOT REACH 90 DEGREES WAS 1996.

THE AVERAGE TEMPERATURE FOR THE YEAR WAS 45.8 DEGREES WHICH WAS 0.5
DEGREES BELOW NORMAL. THE WARMEST YEARLY AVERAGE TEMPERATURE ON
RECORD WAS 48.9 DEGREES SET IN 2010. THE COLDEST WAS 2003 AT 45.2
DEGREES. THE FOLLOWING TABLE LISTS THE AVERAGE TEMPERATURES FOR EACH
MONTH OF 2015 INCLUDING DEPARTURES FROM NORMAL.

AVERAGE TEMPERATURE BY MONTH IN 2015
MONTH      MAXIMUM       MINIMUM       AVERAGE
JANUARY    26.2  (-3.2)   9.1  (-3.5)  17.7  (-3.3)
FEBRUARY   21.2 (-12.3)   2.7 (-13.2)  11.9 (-12.8)
MARCH      37.4  (-4.5)  18.8  (-5.2)  28.1  (-4.8)
APRIL      52.5  (-1.1)  34.2  (-0.7)  43.3  (-1.0)
MAY        70.8  (+5.7)  47.3  (+2.6)  59.0  (+4.1)
JUNE       69.2  (-4.8)  52.1  (-2.0)  60.6  (-3.5)
JULY       77.7  (-1.4)  59.3  (-0.4)  68.5  (-0.9)
AUGUST     78.6  (+0.1)  61.4  (+2.7)  70.0  (+1.4)
SEPTEMBER  75.4  (+5.4)  55.4  (+4.7)  65.4  (+5.0)
OCTOBER    57.4  (-0.6)  38.6  (-1.5)  48.0  (-1.1)
NOVEMBER   50.2  (+4.3)  33.1  (+2.1)  41.7  (+3.2)
DECEMBER   42.0  (+7.2)  29.6  (+9.8)  35.8  (+8.5)
ANNUAL     54.9  (-0.5)  36.8  (-0.5)  45.8  (-0.6)

THE YEAR 2015 WAS A YEAR OF EXTREMES. MONTHLY RECORDS SET IN 2015
INCLUDE THE SNOWIEST JANUARY AND COLDEST FEBRUARY. THE MONTHS OF
MAY, SEPTEMBER, AND DECEMBER WERE ALSO THE WARMEST ON RECORD. WHEN
MEASURED AS A DEPARTURE FROM NORMAL, TWO OF THE THREE MOST EXTREME
MONTHS ON RECORD OCCURRED IN 2015 (FEBRUARY AND DECEMBER). THE
FOLLOWING TABLE LISTS THE MOST EXTREME MONTHS AS A DEPARTURE FROM
NORMAL.

MOST EXTREME MONTHS (SINCE OCTOBER 1995)
       WARMEST                  |      COLDEST
RANK  DEPARTURE  MONTH          |  DEPARTURE  MONTH
1        +9.3    FEB 1997       |    -12.8    FEB 2015 <===
2        +8.5    DEC 2015 <===  |     -8.1    JAN 2004
3        +7.9    JAN 2006       |     -7.8    MAR 2014
4        +7.7    JAN 2002       |     -5.8    FEB 2007
5        +7.4    MAR 2012       |     -5.5    MAY 2005

A TOTAL OF 43.88 INCHES OF PRECIPITATION FELL IN 2015 WHICH WAS 6.34
INCHES BELOW NORMAL AND THE LEAST PRECIPITATION IN A YEAR SINCE
2004. THE HEAVIEST RAIN FELL ON SEPTEMBER 29TH AND 30TH WHEN 6.35
INCHES OF RAIN BROUGHT FLOODING TO THE AREA. THE WETTEST YEAR ON
RECORD WAS 2005 WHEN 71.90 INCHES WAS MEASURED. THE DRIEST WAS 2001
WITH ONLY 34.77 INCHES.  THE FOLLOWING TABLE LISTS THE PRECIPITATION
AND SNOWFALL AMOUNTS FOR EACH MONTH OF 2015 INCLUDING DEPARTURES FROM
NORMAL.

MONTHLY PRECIPITATION AND SNOWFALL TOTALS FOR 2015
MONTH     PRECIPITATION   SNOWFALL
JANUARY   3.93  (+0.40)   45.8 (+24.6)
FEBRUARY  2.04  (-1.27)   31.8 (+15.3)
MARCH     1.52  (-2.65)   5.2  (-14.7)
APRIL     3.49  (-0.89)   3.0   (-1.8)
MAY       2.07  (-1.83)   T
JUNE      6.07  (+1.77)   0.0
JULY      2.33  (-1.97)   0.0
AUGUST    3.92  (+0.33)   0.0
SEPTEMBER 7.96  (+3.77)   0.0
OCTOBER   3.49  (-1.65)   T     (-0.1)
NOVEMBER  2.50  (-2.85)   0.2   (-2.8)
DECEMBER  4.56  (+0.50)   5.2  (-13.1)
ANNUAL    43.88 (-6.34)   91.2  (+7.4)

THERE WERE 11 DAYS IN 2015 WITH MORE THAN 1.00 INCH OF PRECIPITATION.
THE FOLLOWING TABLES LIST THE DATES WHICH RECORDED AT LEAST 1.00
INCH OF PRECIPITATION.

DAYS WITH AT LEAST 1.00 INCH OF PRECIPITATION
DAY           PRECIPITATION
JANUARY 27    1.51
APRIL 20      1.10
APRIL 21      1.34
JUNE 1        1.36
JUNE 28       1.42
JULY 19       1.08
AUGUST 23     1.43
SEPTEMBER 30  5.50
OCTOBER 28    1.34
OCTOBER 29    1.27
NOVEMBER 20   1.66

SNOWFALL STATISTICS ARE NORMALLY LISTED BY SEASON RATHER THAN BY
CALENDAR YEAR. HOWEVER, 2015 SAW 91.2 INCHES OF SNOW WHICH WAS 7.4
INCHES ABOVE NORMAL. THE HEAVIEST SNOWSTORM WAS JANUARY 27TH AND
28TH WHEN 26.6 INCHES OF SNOW FELL. THE FOLLOWING TABLE LISTS THE
DAYS WHICH RECEIVED 6 INCHES OR MORE OF SNOWFALL IN 2015.

DAYS WITH AT LEAST 6 INCHES OF SNOWFALL IN 2015
DAY           SNOWFALL
JANUARY 27    23.9
FEBRUARY 2    9.4
FEBRUARY 19   6.9

SNOW DEPTH REACHED ITS PEAK ON THE MORNING OF FEBRUARY 19TH WHEN 30
INCHES OF TOTAL SNOW DEPTH COVERED THE GROUND. THE LAST OF THE
WINTER SNOW PACK MELTED BY THE MORNING OF APRIL 17TH. THERE WERE 103
DAYS WITH AT LEAST 1 INCH OF SNOW DEPTH, ABOUT 11 DAYS MORE THAN
NORMAL. THERE WERE 84 DAYS WITH AT LEAST 6 INCHES OF SNOW DEPTH,
ABOUT 27 DAYS MORE THAN NORMAL. THERE WERE 64 DAYS WITH AT LEAST 12
INCHES OF SNOW DEPTH, ABOUT 31 DAYS MORE THAN NORMAL AND THE MOST
SINCE 2008 (76 DAYS). THERE WERE 57 DAYS WITH A SNOW DEPTH OF AT
LEAST 18 INCHES, ABOUT 39 DAYS MORE THAN NORMAL AND THE SECOND MOST
ON RECORD. THE MOST DAYS WITH AT LEAST 18 INCHES OF SNOW ON THE
GROUND WAS 2001 WITH 59 DAYS. IN 2015 THERE WERE 29 DAYS WITH AT
LEAST 24 INCHES OF SNOW ON THE GROUND, THE MOST IN THE 20-YEAR
HISTORY OF OBSERVATIONS AT THE NATIONAL WEATHER SERVICE IN GRAY.
UNTIL THIS YEAR THE MOST DAYS WITH 24 INCHES OF SNOW ON THE GROUND
WAS 25 DAYS IN 2008.

$$

KIMBLE
