000
CXUS53 KGLD 031240
CLAHLC

CLIMATE REPORT
NATIONAL WEATHER SERVICE GOODLAND
518 AM MST SUN JAN 3 2016

...................................

...THE HILL CITY CLIMATE SUMMARY FOR THE YEAR OF 2015...

CLIMATE NORMAL PERIOD 1981 TO 2010
CLIMATE RECORD PERIOD 1896 TO 2016

WEATHER         OBSERVED          NORMAL  DEPART  LAST YEAR`S
                 VALUE   DATE(S)  VALUE   FROM    VALUE  DATE(S)
                                          NORMAL
................................................................
TEMPERATURE (F)
RECORD
 HIGH             117   07/24/1936
 LOW              -26   12/22/1989
HIGHEST           105   07/24       106      -1      106  07/26
                        07/05
                        07/12
LOWEST              0   02/23        -9       9       -9  01/06
AVG. MAXIMUM     69.9              66.7     3.2     67.4
AVG. MINIMUM     42.2              40.0     2.2     39.7
MEAN             56.1              53.4     2.7     53.6
DAYS MAX >= 90     74              59.0    15.0       66
DAYS MAX <= 32     23              22.6     0.4       35
DAYS MIN <= 32    126             141.5   -15.5      143
DAYS MIN <= 0       1               4.4    -3.4        9

PRECIPITATION (INCHES)
RECORD
 MAXIMUM        39.38   1941
 MINIMUM        10.53   2012
TOTALS          21.41             22.92   -1.51
DAYS >= .01        81                MM      MM       79
DAYS >= .10        39                MM      MM       35
DAYS >= .50        10                MM      MM       13
DAYS >= 1.00        4                MM      MM        5
GREATEST
 24 HR. TOTAL    3.99   07/19                       3.75  08/28

.................................................................



-  INDICATES NEGATIVE NUMBERS.
R  INDICATES RECORD WAS SET OR TIED.
MM INDICATES DATA IS MISSING.
T  INDICATES TRACE AMOUNT.

$$
