000
CXUS53 KGLD 041603
CLAHLC

CLIMATE REPORT
NATIONAL WEATHER SERVICE GOODLAND
847 AM MST WED JAN 4 2017

...................................

...THE HILL CITY CLIMATE SUMMARY FOR THE YEAR OF 2016...

CLIMATE NORMAL PERIOD 1981 TO 2010
CLIMATE RECORD PERIOD 1896 TO 2017

WEATHER         OBSERVED          NORMAL  DEPART  LAST YEAR`S
                 VALUE   DATE(S)  VALUE   FROM    VALUE  DATE(S)
                                          NORMAL
................................................................
TEMPERATURE (F)
RECORD
 HIGH             117   07/24/1936
 LOW              -26   12/22/1989
HIGHEST           104   06/21       106      -2      105  07/24
                                                          07/05
                                                          07/12
LOWEST            -16   12/18        -9      -7        0  02/23
AVG. MAXIMUM     69.9              66.7     3.2     69.9
AVG. MINIMUM     42.2              40.0     2.2     42.2
MEAN             56.0              53.4     2.6     56.1
DAYS MAX >= 90     65              59.0     6.0       74
DAYS MAX <= 32     15              22.6    -7.6       23
DAYS MIN <= 32    129             141.5   -12.5      126
DAYS MIN <= 0       4               4.4    -0.4        1

PRECIPITATION (INCHES)
RECORD
 MAXIMUM        32.06   2008
 MINIMUM        10.53   2012
TOTALS          29.23             22.92    6.31
DAYS >= .01        73                MM      MM       81
DAYS >= .10        35                MM      MM       39
DAYS >= .50        15                MM      MM       10
DAYS >= 1.00        9                MM      MM        4
GREATEST
 24 HR. TOTAL    4.50   04/16 TO 04/17              3.99  07/19

.................................................................



-  INDICATES NEGATIVE NUMBERS.
R  INDICATES RECORD WAS SET OR TIED.
MM INDICATES DATA IS MISSING.
T  INDICATES TRACE AMOUNT.

$$
