000
CXUS51 KRLX 031514
CLAHTS

...THE HUNTINGTON CLIMATE SUMMARY FOR THE YEAR OF 2015...

CLIMATE NORMAL PERIOD 1981 TO 2010
CLIMATE RECORD PERIOD 1897 TO 2016

WEATHER         OBSERVED          NORMAL  DEPART
                 VALUE   DATE(S)  VALUE   FROM
                                          NORMAL
................................................
TEMPERATURE (F)
HIGHEST            93   09/08
LOWEST            -16   02/20
AVG. MAXIMUM     66.0              66.1    -0.1
AVG. MINIMUM     45.4
MEAN             55.7              55.7     0.0
DAYS MAX >= 90     17
DAYS MAX <= 32     19
DAYS MIN <= 32     92
DAYS MIN <= 0       3

PRECIPITATION (INCHES)
TOTALS          49.32             42.59
DAILY AVG.       0.14
DAYS >= .01       145
DAYS >= .10        88
DAYS >= .50        33
DAYS >= 1.00       14
GREATEST
 24 HR. TOTAL    2.43   MM

SNOWFALL (INCHES)
TOTALS           36.6
SINCE 7/1           T               4.6

DEGREE_DAYS
HEATING TOTAL    4364              4513
 SINCE 7/1         MM              1755
COOLING TOTAL    1137              1135
 SINCE 1/1       1137              1135
.................................................

WIND (MPH)
AVERAGE WIND SPEED              5.1
HIGHEST WIND SPEED/DIRECTION    32/350    DATE  07/14
HIGHEST GUST SPEED/DIRECTION    50/350    DATE  07/14

AVERAGE RH (PERCENT)     72

WEATHER CONDITIONS. NUMBER OF DAYS WITH
THUNDERSTORM              0     MIXED PRECIP               0
HEAVY RAIN               51     RAIN                      77
LIGHT RAIN              155     FREEZING RAIN              2
LT FREEZING RAIN          2     HAIL                       0
HEAVY SNOW                4     SNOW                       9
LIGHT SNOW               32     SLEET                      1
FOG                     242     FOG W/VIS <= 1/4 MILE     51
HAZE                     53

-  INDICATES NEGATIVE NUMBERS.
R  INDICATES RECORD WAS SET OR TIED.
MM INDICATES DATA IS MISSING.
T  INDICATES TRACE AMOUNT.
...................................
