000
CXUS55 KVEF 012322
CLAIGM

CLIMATE REPORT
NATIONAL WEATHER SERVICE LAS VEGAS, NV
315 PM PST MON JAN 1 2018

...................................

...THE KINGMAN AZ CLIMATE SUMMARY FOR THE YEAR OF 2017...

CLIMATE NORMAL PERIOD 1981 TO 2010
CLIMATE RECORD PERIOD 1901 TO 2017

WEATHER         OBSERVED          NORMAL  DEPART  LAST YEAR`S
                 VALUE   DATE(S)  VALUE   FROM    VALUE  DATE(S)
                                          NORMAL
................................................................
TEMPERATURE (F)
RECORD
 HIGH             113   06/20/2017
                        07/17/2005
                        06/20/2016
 LOW                4   01/29/1979
HIGHEST           113R  06/20        76      37      111  06/20
LOWEST             18   12/22        47     -29       20  12/20
                                                          12/18
                                                          02/03
AVG. MAXIMUM     79.3              76.0     3.3     78.4
AVG. MINIMUM     48.9              48.4     0.5     49.7
MEAN             64.1              62.2     1.9     64.0
DAYS MAX >= 90    106             104.6     1.4      106
DAYS MAX <= 32      0               0.1    -0.1        0
DAYS MIN <= 32     45              59.0   -14.0       56
DAYS MIN <= 0       0               0.0     0.0        0

PRECIPITATION (INCHES)
RECORD
 MAXIMUM        18.93   1931
 MINIMUM         3.58   1947
TOTALS           7.97              8.39   -0.42    10.99
DAILY AVG.          T              0.02   -0.02        T
DAYS >= .01        37                MM      MM       48
DAYS >= .10        20                MM      MM       22
DAYS >= .50         4                MM      MM        8
DAYS >= 1.00        1                MM      MM        2
GREATEST
 24 HR. TOTAL    1.31   07/25 TO 07/25           12/31 TO 12/31
                                                          12/31 TO 12/31
                                                          12/31 TO 12/31
 STORM TOTAL     1.31                                 MM
 (MM/DD(HH))  07/25(11) TO 07/25(16)          12/31(00) TO 12/31(00)
                                                 12/31(00) TO 12/31(00)1
                                                 12/31(00) TO 12/31(00)1

SNOWFALL (INCHES)
RECORDS
 TOTAL           15.0   1905
 24 HR TOTAL     99.0   MM
 SNOW DEPTH         7   01/14/1949
                        03/11/1922
TOTALS           99.0R               MM      MM        T
 LIQUID EQUIV   99.00                MM      MM       MM
SINCE 7/1       198.0                MM      MM      0.0
 LIQUID 7/1     19.80                MM      MM     0.00
SNOWDEPTH AVG.     22                MM      MM        0
DAYS >= TRACE      99                MM      MM        1
DAYS >= 1.0        99                MM      MM        0
GREATEST
 SNOW DEPTH        99R  MM                             0  MM
 24 HR TOTAL     99.0R  MM                       12/31 TO 12/31
                                                          12/31 TO 12/31
                                                          12/31 TO 12/31
 STORM TOTAL       MM                                 MM
 (MM/DD(HH))            MM                    12/31(00) TO 12/31(00)
                                                 12/31(00) TO 12/31(00)1
                                                 12/31(00) TO 12/31(00)1

DEGREE_DAYS
HEATING TOTAL    2396              3103    -707     2485
 SINCE 7/1         MM              1249      MM      963
COOLING TOTAL    2183              2095      88     2244
 SINCE 1/1       2183              2093      90     2244

FREEZE DATES
RECORD
 EARLIEST     10/22/1996
 LATEST       05/21/1975
EARLIEST                        11/14
LATEST                          04/04
..................................................

WIND (MPH)
AVERAGE WIND SPEED              9.4
RESULTANT WIND SPEED/DIRECTION   4/190
HIGHEST WIND SPEED/DIRECTION    55/340    DATE  04/03
HIGHEST GUST SPEED/DIRECTION    65/340    DATE  04/03

SKY COVER
POSSIBLE SUNSHINE (PERCENT)   MM
AVERAGE SKY COVER           0.10
NUMBER OF DAYS FAIR          326
NUMBER OF DAYS PC             31
NUMBER OF DAYS CLOUDY          8

AVERAGE RH (PERCENT)     34

WEATHER CONDITIONS. NUMBER OF DAYS WITH
THUNDERSTORM              0     MIXED PRECIP               0
HEAVY RAIN                9     RAIN                      17
LIGHT RAIN               60     FREEZING RAIN              0
LT FREEZING RAIN          0     HAIL                       0
HEAVY SNOW                0     SNOW                       0
LIGHT SNOW                2     SLEET                      0
FOG                      16     FOG W/VIS <= 1/4 MILE      0
HAZE                     21

-  INDICATES NEGATIVE NUMBERS.
R  INDICATES RECORD WAS SET OR TIED.
MM INDICATES DATA IS MISSING.
T  INDICATES TRACE AMOUNT.

$$
