000
CXUS55 KVEF 052009
CLAIGM

CLIMATE REPORT
NATIONAL WEATHER SERVICE LAS VEGAS, NV
1209 PM PST SUN JAN 5 2014

...................................

...THE KINGMAN AZ CLIMATE SUMMARY FOR THE YEAR OF 2013...

CLIMATE NORMAL PERIOD 1981 TO 2010
CLIMATE RECORD PERIOD 1901 TO 2014

WEATHER         OBSERVED          NORMAL  DEPART  LAST YEAR`S
                 VALUE   DATE(S)  VALUE   FROM    VALUE  DATE(S)
                                          NORMAL
................................................................
TEMPERATURE (F)
RECORD
 HIGH             113   07/17/2005
 LOW                4   01/29/1979
HIGHEST           112   06/29        76      36      108  07/10
LOWEST             10   01/13        47     -37       21  11/11
                                                          01/14
AVG. MAXIMUM     76.5              76.0     0.5     78.2
AVG. MINIMUM     47.1              48.4    -1.3     48.4
MEAN             61.8              62.2    -0.4     63.3
DAYS MAX >= 90    107             104.6    -2.4      122
DAYS MAX <= 32      1               0.1     0.9        0
DAYS MIN <= 32     83              59.0    24.0       69
DAYS MIN <= 0       0               0.0     0.0        0

PRECIPITATION (INCHES)
RECORD
 MAXIMUM        18.93   1931
 MINIMUM         3.58   1947
TOTALS           6.72              8.39   -1.67     7.69
DAILY AVG.       0.02              0.02    0.00        T
DAYS >= .01        42              40.0     2.0       39
DAYS >= .10        21              22.0    -1.0       22
DAYS >= .50         5               4.0     1.0        4
DAYS >= 1.00        1               0.0     1.0        0
GREATEST
 24 HR. TOTAL    1.10   07/27
 STORM TOTAL     1.10   07/27

SNOWFALL (INCHES)
RECORDS
 TOTAL           15.0   1905
 24 HR TOTAL     10.0   12/11/1932 TO 12/12/1932
 SNOW DEPTH         7   01/14/1949
                        03/11/1922
TOTALS             MM                MM      MM       MM
 LIQUID EQUIV      MM                MM      MM       MM
SINCE 7/1          MM                MM      MM       MM
 LIQUID 7/1        MM                MM      MM       MM
SNOWDEPTH AVG.     MM                MM      MM       MM
DAYS >= TRACE      MM                MM      MM       MM
DAYS >= 1.0        MM                MM      MM       MM
GREATEST
 SNOW DEPTH        MM   MM                            MM
 24 HR TOTAL       MM   MM                            MM
 STORM TOTAL       MM                                 MM
 (MM/DD(HH))            MM                            MM

DEGREE_DAYS
HEATING TOTAL    2186              3103    -917     2824
 SINCE 7/1       1376              1249     127     1081
COOLING TOTAL    2066              2095     -29     2297
 SINCE 1/1       2066              2093     -27     2297

FREEZE DATES
RECORD
 EARLIEST     10/22/1996
 LATEST       05/21/1975
EARLIEST                        11/14
LATEST                          04/04
..................................................

WIND (MPH)
AVERAGE WIND SPEED              9.0
RESULTANT WIND SPEED/DIRECTION   3/187
HIGHEST WIND SPEED/DIRECTION    48/360    DATE  07/20
HIGHEST GUST SPEED/DIRECTION    60/360    DATE  07/20
                                60/120          07/18

SKY COVER
POSSIBLE SUNSHINE (PERCENT)   MM
AVERAGE SKY COVER           0.10
NUMBER OF DAYS FAIR          251
NUMBER OF DAYS PC             19
NUMBER OF DAYS CLOUDY          6

AVERAGE RH (PERCENT)     37

WEATHER CONDITIONS. NUMBER OF DAYS WITH
THUNDERSTORM             42     MIXED PRECIP               0
HEAVY RAIN                8     RAIN                      14
LIGHT RAIN               58     FREEZING RAIN              0
LT FREEZING RAIN          0     HAIL                       0
HEAVY SNOW                0     SNOW                       0
LIGHT SNOW                4     SLEET                      0
FOG                      19     FOG W/VIS <= 1/4 MILE      0
HAZE                      9

-  INDICATES NEGATIVE NUMBERS.
R  INDICATES RECORD WAS SET OR TIED.
MM INDICATES DATA IS MISSING.
T  INDICATES TRACE AMOUNT.

&&

...2013 WAS A COOLER AND DRIER THAN NORMAL YEAR IN KINGMAN...

THE AVERAGE TEMPERATURE FOR 2013 FOR KINGMAN WAS 61.8 DEGREES WHICH
TIED WITH 1940, 1968 AND 2010 FOR THE 26TH COOLEST YEAR EVER ON
RECORD. THE AVERAGE LOW OF 47.1 DEGREES RANKED AS THE 19TH COOLEST
ON RECORD WHILE THE AVERAGE HIGH TEMPERATURE OF 76.5 DEGREES TIED
WITH 1961 FOR THE 32ND COOLEST EVER. THE HIGHEST TEMPERATURE OF THE
YEAR WAS 112 DEGREES ON JUNE 29TH WHICH SET A NEW ALL-TIME RECORD
HIGH FOR THE MONTH OF JUNE. THIS BROKE THE PREVIOUS RECORD ALL-TIME
HIGH FOR JUNE OF 110 DEGREES SET ON JUNE 16, 1917, JUNE 29, 1924 AND
JUNE 28, 2013. THERE WERE A TOTAL OF 3 DAYS OF 110 DEGREES OR
GREATER RECORDED ALL YEAR AND ALL 3 WERE IN JUNE WHICH BROKE THE
PREVIOUS RECORD OF 1 DAY SET IN 1917 AND TIED IN 1924. FOR THE YEAR
THERE WERE A TOTAL OF 28 DAYS WITH A HIGH TEMPERATURE OF 100 DEGREES
OR GREATER. BY CONTRAST, THE COLDEST TEMPERATURE OF THE YEAR WAS 10
DEGREES ON JANUARY 13TH. THERE WERE A TOTAL OF 12 DAYS WITH A LOW
BELOW 20 DEGREES, WHICH RANKED AS THE HIGHEST TOTAL FOR ANY YEAR
SINCE 1990. ONLY 1937 AND 1949 RANK HIGHER WITH A TOTAL OF 16 SUCH
DAYS.

DESPITE AN ACTIVE MONSOON SEASON WITH 41 THUNDERSTORM DAYS RECORDED
BETWEEN JUNE AND SEPTEMBER, THE YEARLY PRECIPITATION TOTAL STILL
FINISHED BELOW NORMAL. SEPTEMBER WAS THE WETTEST MONTH OF THE YEAR
WITH 1.80 INCH. JULY, AUGUST AND SEPTEMBER WERE THE ONLY MONTHS OF
THE YEAR TO FINISH WITH A TOTAL OF AN INCH OR MORE OF PRECIPITATION.
THE DRIEST MONTH OF THE YEAR WAS MAY WHICH ONLY SAW A TRACE.

$$

STACHELSKI
