000
CXUS53 KDLH 020434
CLAINL


CLIMATE REPORT
NATIONAL WEATHER SERVICE DULUTH MN
905 PM CST SUN JAN 1 2017

...................................

...THE INTERNATIONAL FALLS MN CLIMATE SUMMARY FOR THE YEAR OF 2016...

CLIMATE NORMAL PERIOD 1981 TO 2010
CLIMATE RECORD PERIOD 1895 TO 2016

WEATHER         OBSERVED          NORMAL  DEPART  LAST YEAR`S
                 VALUE   DATE(S)  VALUE   FROM    VALUE  DATE(S)
                                          NORMAL
................................................................
TEMPERATURE (F)
RECORD
 HIGH              99   06/18/1995
                        06/17/1995
 LOW              -46   01/21/2011
                        01/06/1968
                        01/06/1968
HIGHEST            89   07/20        MM      MM       90  07/26
                        05/05
LOWEST            -30   12/18        MM      MM      -36  02/19
AVG. MAXIMUM     51.0              48.8     2.2     50.7
AVG. MINIMUM     29.2              26.2     3.0     27.3
MEAN             40.1              37.5     2.6     39.0
DAYS MAX >= 90      0               2.9    -2.9        1
DAYS MAX <= 32     89             102.6   -13.6       91
DAYS MIN <= 32    188             198.2   -10.2      187
DAYS MIN <= 0      44              58.8   -14.8       55

PRECIPITATION (INCHES)
RECORD
 MAXIMUM        32.76   2010
 MINIMUM        17.79   2006
TOTALS          29.36             24.22    5.14    24.92
DAILY AVG.       0.08              0.07    0.01     0.07
DAYS >= .01       152             128.0    24.0      130
DAYS >= .10        70              54.9    15.1       59
DAYS >= .50        20              12.9     7.1       17
DAYS >= 1.00        2                      -1.4        4
GREATEST
 24 HR. TOTAL    2.68   06/25 TO 06/25

 STORM TOTAL       MM                                 MM
 (MM/DD(HH))            MM

SNOWFALL (INCHES)
RECORDS
 TOTAL          109.5   2009
 24 HR TOTAL     13.7   MM
 SNOW DEPTH        34   02/22/2014
TOTALS           68.3              71.0    -2.7     57.8
 LIQUID EQUIV    6.83              7.10   -0.27     0.00
SINCE 7/1        33.9              31.0     2.9     13.3
SNOWDEPTH AVG.      3                MM      MM        3
DAYS >= TRACE      88              58.9    29.1      109
DAYS >= 1.0        21                      -1.2
GREATEST
 SNOW DEPTH        14   02/28                         18  02/25
                        02/23                             02/24
 24 HR TOTAL      6.8   03/16 TO 03/16

DEGREE_DAYS
HEATING TOTAL    9148             10222   -1074     9528
 SINCE 7/1         MM              4175      MM       MM
COOLING TOTAL     155               193     -38      211
 SINCE 1/1        155               192     -37      211

FREEZE DATES
RECORD
 EARLIEST     08/20/1907
 LATEST       07/11/1911
EARLIEST                        MM
LATEST                          MM
....................................................

WIND (MPH)
AVERAGE WIND SPEED              6.8
RESULTANT WIND SPEED/DIRECTION   1/281
HIGHEST WIND SPEED/DIRECTION    38/320    DATE  06/25
HIGHEST GUST SPEED/DIRECTION    52/320    DATE  06/25

SKY COVER
AVERAGE SKY COVER           0.50

AVERAGE RH (PERCENT)     73


-  INDICATES NEGATIVE NUMBERS.
R  INDICATES RECORD WAS SET OR TIED.
MM INDICATES DATA IS MISSING.
T  INDICATES TRACE AMOUNT.

$$

.2016 WAS WARMER THAN NORMAL WITH ABOVE NORMAL
PRECIPITATION AT INTERNATIONAL FALLS MN...

THE AVERAGE TEMPERATURE FOR 2016 WAS 40.1 DEGREES WHICH WAS 2.6
DEGREES ABOVE THE NORMAL OF 37.5 DEGREES MAKING THIS THE 6TH
WARMEST YEAR IN STATION HISTORY. THE HIGHEST TEMPERATURE FOR THE YEAR
WAS 89 DEGREES ON MAY 5TH AND JULY 20TH. THE LOWEST TEMPERATURE WAS
-30 DEGREES ON DECEMBER 18TH. ONE MONTHLY TEMPERATURE RECORD WAS
BROKEN THIS YEAR. NOVEMBER HAD AN AVERAGE TEMPERATURE OF 37.2
DEGREES BREAKING THE PREVIOUS RECORD OF 36.9 DEGREES IN 2001.

2016 WAS ABOVE NORMAL FOR PRECIPITATION WITH A TOTAL OF 29.36
INCHES OF PRECIPITATION RECORDED FOR THE YEAR. THIS WAS 5.14 INCHES
ABOVE THE NORMAL OF 24.22 INCHES MAKING THIS THE 11TH WETTEST YEAR
ON RECORD. THE GREATEST AMOUNT OF PRECIPITATION IN A 24 HOUR PERIOD
OCCURRED ON JUNE 25TH WHEN 2.68 INCHES WAS RECORDED. AT LEAST 0.01
INCHES OF PRECIPITATION FELL ON 152 DAYS. AT LEAST 0.10 INCHES FELL
ON 70 DAYS. AT LEAST 0.50 INCHES FELL ON 20 DAYS. AT LEAST 1.00
INCHES FELL ON 2 DAYS. THERE WAS 68.3 INCHES OF SNOW FOR THE YEAR
WHICH IS 2.7 INCHES BELOW THE NORMAL OF 71.0 INCHES. THE GREATEST
AMOUNT OF SNOWFALL IN A 24 HOUR PERIOD OCCURRED ON MARCH 16TH WHEN
6.8 INCHES WAS RECORDED. ONE MONTHLY PRECIPITATION RECORD WAS BROKEN
THIS YEAR. DECEMBER HAD 2.19 INCHES OF PRECIPITATION BREAKING THE
PREVIOUS RECORD OF 2.00 INCHES IN 2004. NO MONTHLY SNOWFALL RECORDS
WERE BROKEN THIS YEAR.

THE AVERAGE WIND SPEED FOR THE YEAR WAS 6.8 MPH. THE HIGHEST
SUSTAINED WIND OCCURRED ON JUNE 25TH WITH A SPEED OF 38 MPH
OUT OF THE NORTHWEST. THE HIGHEST PEAK WIND GUST OCCURRED ON JUNE
25TH WITH A SPEED OF 52 MPH OUT OF THE NORTHWEST.

THERE WERE 9148 HEATING DEGREE DAYS FOR THE YEAR WHICH WAS 1074 BELOW
THE NORMAL OF 10222. THERE WERE 155 COOLING DEGREE DAYS FOR THE YEAR
WHICH WAS 38 BELOW THE NORMAL OF 193. THE HIGHEST SEA LEVEL PRESSURE
FOR THE YEAR WAS 30.71 INCHES REACHED ON FEBRUARY 13TH AND THE LOWEST
SEA LEVEL PRESSURE READING WAS 29.08 INCHES REACHED ON NOVEMBER 29TH.

$$
