000
CXUS53 KEAX 010819
CLAIRK

STLCLMWA3 000
TTAA00 KEAX 010800


CLIMATE REPORT
NATIONAL WEATHER SERVICE KANSAS CITY/PLEASANT HILL MO
159 AM CST WED JAN 1 2014

...................................

...THE KIRKSVILLE MO CLIMATE SUMMARY FOR THE YEAR OF 2013...

CLIMATE NORMAL PERIOD 1981 TO 2010
CLIMATE RECORD PERIOD 9999 TO 9999

WEATHER         OBSERVED          NORMAL  DEPART
                 VALUE   DATE(S)  VALUE   FROM
                                          NORMAL
................................................
TEMPERATURE (F)
HIGHEST           102   08/30        95       7
LOWEST            -13   12/24        -5      -8
AVG. MAXIMUM     61.4              61.6    -0.2
AVG. MINIMUM     39.0              41.4    -2.4
MEAN             50.2              51.5    -1.3
DAYS MAX >= 90     35              19.1    15.9
DAYS MAX <= 32     44              37.3     6.7
DAYS MIN <= 32    148             123.0    25.0
DAYS MIN <= 0       3               8.3    -5.3

PRECIPITATION (INCHES)
TOTALS          38.22             39.31   -1.09
DAILY AVG.       0.02              0.11   -0.09
DAYS >= .01        97             114.0   -17.0
DAYS >= .10        68              66.3     1.7
DAYS >= .50        23              26.2    -3.2
DAYS >= 1.00       10              10.0     0.0
GREATEST
 24 HR. TOTAL    4.26   MM

DEGREE_DAYS
HEATING TOTAL    6320              5856     464
COOLING TOTAL    1028               940      88
.................................................

WIND (MPH)
AVERAGE WIND SPEED              8.1
HIGHEST WIND SPEED/DIRECTION    87/040    DATE  01/29
HIGHEST GUST SPEED/DIRECTION   130/270    DATE  01/29

SKY COVER
POSSIBLE SUNSHINE (PERCENT)   MM
AVERAGE SKY COVER           0.30
NUMBER OF DAYS FAIR          220
NUMBER OF DAYS PC             87
NUMBER OF DAYS CLOUDY         58

AVERAGE RH (PERCENT)     71

WEATHER CONDITIONS. NUMBER OF DAYS WITH
THUNDERSTORM              0     MIXED PRECIP               0
HEAVY RAIN               25     RAIN                      47
LIGHT RAIN               91     FREEZING RAIN              3
LT FREEZING RAIN          5     HAIL                       0
HEAVY SNOW                2     SNOW                      10
LIGHT SNOW               37     SLEET                      0
FOG                     195     FOG W/VIS <= 1/4 MILE     41
HAZE                     59

-  INDICATES NEGATIVE NUMBERS.
R  INDICATES RECORD WAS SET OR TIED.
MM INDICATES DATA IS MISSING.
T  INDICATES TRACE AMOUNT.

$$
