000
CXUS53 KEAX 011610 CCA
CLAIRK

CLIMATE REPORT.....CORRECTED PRODUCT IDENTIFIER
NATIONAL WEATHER SERVICE KANSAS CITY/PLEASANT HILL MO
137 AM CST THU JAN 1 2015

...................................

...THE KIRKSVILLE MO CLIMATE SUMMARY FOR THE YEAR OF 2014...

CLIMATE NORMAL PERIOD 1981 TO 2010
CLIMATE RECORD PERIOD 9999 TO 9999

WEATHER         OBSERVED          NORMAL  DEPART
                 VALUE   DATE(S)  VALUE   FROM
                                          NORMAL
................................................
TEMPERATURE (F)
HIGHEST            93   08/25        95      -2
                        08/24
                        07/22
LOWEST            -17R  02/07        -5     -12
AVG. MAXIMUM     60.4              61.6    -1.2
AVG. MINIMUM     39.0              41.4    -2.4
MEAN             49.7              51.5    -1.8
DAYS MAX >= 90     11              19.1    -8.1
DAYS MAX <= 32     46              37.3     8.7
DAYS MIN <= 32    133             123.0    10.0
DAYS MIN <= 0      20               8.3    11.7

PRECIPITATION (INCHES)
TOTALS          44.53             39.31    5.22
DAILY AVG.       0.12              0.11    0.01
DAYS >= .01       110             114.0    -4.0
DAYS >= .10        65              66.3    -1.3
DAYS >= .50        21              26.2    -5.2
DAYS >= 1.00       11              10.0     1.0
GREATEST
 24 HR. TOTAL    9.60   MM

DEGREE_DAYS
HEATING TOTAL    6234              5856     378
COOLING TOTAL     958               940      18
.................................................

WIND (MPH)
AVERAGE WIND SPEED              8.8
HIGHEST WIND SPEED/DIRECTION    45/310    DATE  07/07
HIGHEST GUST SPEED/DIRECTION    69/220    DATE  06/04

SKY COVER
POSSIBLE SUNSHINE (PERCENT)    0
AVERAGE SKY COVER           0.40
NUMBER OF DAYS FAIR          196
NUMBER OF DAYS PC            106
NUMBER OF DAYS CLOUDY         63

AVERAGE RH (PERCENT)     71

WEATHER CONDITIONS. NUMBER OF DAYS WITH
THUNDERSTORM              0     MIXED PRECIP               0
HEAVY RAIN               30     RAIN                      45
LIGHT RAIN              109     FREEZING RAIN              2
LT FREEZING RAIN          3     HAIL                       0
HEAVY SNOW                2     SNOW                      15
LIGHT SNOW               42     SLEET                      0
FOG                     213     FOG W/VIS <= 1/4 MILE     41
HAZE                     79

-  INDICATES NEGATIVE NUMBERS.
R  INDICATES RECORD WAS SET OR TIED.
MM INDICATES DATA IS MISSING.
T  INDICATES TRACE AMOUNT.

$$
