000
CXUS55 KGLD 022058 CCA
CLAITR

CLIMATE REPORT
NATIONAL WEATHER SERVICE GOODLAND
149 PM MST THU JAN 2 2014

...................................

...THE BURLINGTON CLIMATE SUMMARY FOR THE YEAR OF 2013...

CLIMATE NORMAL PERIOD 1981 TO 2010
CLIMATE RECORD PERIOD 1896 TO 2014

WEATHER         OBSERVED          NORMAL  DEPART  LAST YEAR`S
                 VALUE   DATE(S)  VALUE   FROM    VALUE  DATE(S)
                                          NORMAL
................................................................
TEMPERATURE (F)
RECORD
 HIGH             112   06/15/1952
 LOW              -25   01/04/1959
HIGHEST           107   06/11       102       5      106  06/27
                                                          06/26
LOWEST             -7   12/05        -9       2       -4  12/26
                                                          12/25
AVG. MAXIMUM     65.6              64.4     1.2     69.7
AVG. MINIMUM     35.7              36.4    -0.7     37.7
MEAN             50.7              50.4     0.3     53.7
DAYS MAX >= 90     59              37.7    21.3       70
DAYS MAX <= 32     24              24.0     0.0       15
DAYS MIN <= 32    176             162.5    13.5      143
DAYS MIN <= 0       8               4.0     4.0        5

PRECIPITATION (INCHES)
RECORD
 MAXIMUM        21.65   2008
 MINIMUM        10.70   2006
TOTALS          16.80             17.46   -0.66
DAYS >= .01        74                MM      MM       53
DAYS >= .10        37                MM      MM       28
DAYS >= .50         9                MM      MM        7
DAYS >= 1.00        2                MM      MM        3
GREATEST
 24 HR. TOTAL    4.32   09/12 TO 09/12              1.35

.................................................................



-  INDICATES NEGATIVE NUMBERS.
R  INDICATES RECORD WAS SET OR TIED.
MM INDICATES DATA IS MISSING.
T  INDICATES TRACE AMOUNT.

$$
