000
CXUS55 KGLD 031237
CLAITR

CLIMATE REPORT
NATIONAL WEATHER SERVICE GOODLAND
518 AM MST SUN JAN 3 2016

...................................

...THE BURLINGTON CLIMATE SUMMARY FOR THE YEAR OF 2015...

CLIMATE NORMAL PERIOD 1981 TO 2010
CLIMATE RECORD PERIOD 1896 TO 2015

WEATHER         OBSERVED          NORMAL  DEPART  LAST YEAR`S
                 VALUE   DATE(S)  VALUE   FROM    VALUE  DATE(S)
                                          NORMAL
................................................................
TEMPERATURE (F)
RECORD
 HIGH             112   06/15/1952
 LOW              -25   01/04/1959
HIGHEST            99   07/05       102      -3      102  07/07
LOWEST             -7   01/04        -9       2      -16  01/06
AVG. MAXIMUM     66.7              64.4     2.3     65.2
AVG. MINIMUM     39.2              36.4     2.8     35.6
MEAN             53.0              50.4     2.6     50.4
DAYS MAX >= 90     48              37.7    10.3       42
DAYS MAX <= 32     27              24.0     3.0       32
DAYS MIN <= 32    139             162.5   -23.5      167
DAYS MIN <= 0       3               4.0    -1.0       14

PRECIPITATION (INCHES)
RECORD
 MAXIMUM        30.85   2009
 MINIMUM         7.67   1934
TOTALS          23.50             17.46    6.04
DAYS >= .01        86                MM      MM       86
DAYS >= .10        49                MM      MM       39
DAYS >= .50        19                MM      MM        5
DAYS >= 1.00        6                MM      MM        1
GREATEST
 24 HR. TOTAL    1.36   07/19                       1.20  12/14

.................................................................



-  INDICATES NEGATIVE NUMBERS.
R  INDICATES RECORD WAS SET OR TIED.
MM INDICATES DATA IS MISSING.
T  INDICATES TRACE AMOUNT.

$$
