000
CXUS51 KOKX 061500
CLAJFK

CLIMATE REPORT
NATIONAL WEATHER SERVICE NEW YORK NY
1000 AM EST MON JAN 6 2014

...THE KENNEDY NY CLIMATE SUMMARY FOR THE YEAR OF 2013...

CLIMATE NORMAL PERIOD 1981 TO 2010
CLIMATE RECORD PERIOD 1949 TO 2014

WEATHER         OBSERVED          NORMAL  DEPART  LAST YEAR`S
                 VALUE   DATE(S)  VALUE   FROM    VALUE  DATE(S)
                                          NORMAL
................................................................
TEMPERATURE (F)
RECORD
 HIGH             104   07/03/1966
 LOW               -2   01/21/1985
                        02/08/1963
HIGHEST           100   07/18        MM      MM       99  07/07
LOWEST             12   01/23        MM      MM       13  01/04
AVG. MAXIMUM     61.8              61.6     0.2     64.1
AVG. MINIMUM     47.2              47.3    -0.1     49.8
MEAN             54.5              54.5     0.0     57.0
DAYS MAX >= 90      9               8.8     0.2       16
DAYS MAX <= 32     14              14.2    -0.2        3
DAYS MIN <= 32     86              71.9    14.1       47
DAYS MIN <= 0       0               0.0     0.0        0

PRECIPITATION (INCHES)
RECORD
 MAXIMUM        55.78   2011
 MINIMUM        39.85   2012
TOTALS          35.48R            42.77   -7.29    39.85
DAILY AVG.       0.10              0.12   -0.02     0.11
DAYS >= .01       114             119.4    -5.4      124
DAYS >= .10        62              73.7   -11.7       78
DAYS >= .50        24              28.8    -4.8       23
DAYS >= 1.00        6              11.2    -5.2        8
GREATEST
 24 HR. TOTAL    4.34   MM                       12/31 TO 12/31
                                                          12/31 TO 12/31
                                                          12/31 TO 12/31
 STORM TOTAL       MM                                 MM
 (MM/DD(HH))            MM                    12/31(00) TO 12/31(00)
                                                 12/31(00) TO 12/31(00)1
                                                 12/31(00) TO 12/31(00)1

SNOWFALL (INCHES)
RECORDS
 TOTAL           46.8   2010
 24 HR TOTAL     15.0   MM
 SNOW DEPTH        17   02/13/2006
TOTALS           19.8              23.8    -4.0      6.9
 LIQUID EQUIV    1.98              2.40   -0.42     0.69
SINCE 7/1         6.9               4.9     2.0      4.7
 LIQUID 7/1      0.69              0.50    0.19     0.47
SNOWDEPTH AVG.      0                MM      MM        0
DAYS >= TRACE      38              13.6    24.4       21
DAYS >= 1.0         6               5.4     0.6        2
GREATEST
 SNOW DEPTH         6   02/09                          4  11/08
 24 HR TOTAL      3.5   MM                       12/31 TO 12/31
                                                          12/31 TO 12/31
                                                          12/31 TO 12/31
 STORM TOTAL       MM                                0.0
 (MM/DD(HH))            MM                    12/31(00) TO 12/31(00)
                                                 12/31(00) TO 12/31(00)1
                                                 12/31(00) TO 12/31(00)1

DEGREE_DAYS
HEATING TOTAL    4797              4840     -43     4053
 SINCE 7/1         MM              1669      MM       MM
COOLING TOTAL    1111              1004     107     1229
 SINCE 1/1       1111              1005     106     1229
..................................................

WIND (MPH)
AVERAGE WIND SPEED
RESULTANT WIND SPEED/DIRECTION
HIGHEST WIND SPEED/DIRECTION
HIGHEST GUST SPEED/DIRECTION

SKY COVER
POSSIBLE SUNSHINE (PERCENT)   MM
AVERAGE SKY COVER           0.60
NUMBER OF DAYS FAIR           53
NUMBER OF DAYS PC            179
NUMBER OF DAYS CLOUDY        133

AVERAGE RH (PERCENT)     65

WEATHER CONDITIONS. NUMBER OF DAYS WITH
THUNDERSTORM              0     MIXED PRECIP               4
HEAVY RAIN               30     RAIN                      53
LIGHT RAIN              146     FREEZING RAIN              0
LT FREEZING RAIN          5     HAIL                       0
HEAVY SNOW                1     SNOW                      11
LIGHT SNOW               34     SLEET                      8
FOG                     139     FOG W/VIS <= 1/4 MILE     33
HAZE                     47

-  INDICATES NEGATIVE NUMBERS.
R  INDICATES RECORD WAS SET OR TIED.
MM INDICATES DATA IS MISSING.
T  INDICATES TRACE AMOUNT.

$$
