000
CXUS53 KGRR 011218
CLALAN

WRKCLMLAN 000
TTAA00 KGRR 011216


CLIMATE REPORT
NATIONAL WEATHER SERVICE GRAND RAPIDS, MI
704 AM EST THU JAN 1 2015

...................................

...THE LANSING MI CLIMATE SUMMARY FOR THE YEAR OF 2014...

CLIMATE NORMAL PERIOD 1981 TO 2010
CLIMATE RECORD PERIOD 1864 TO 2014

WEATHER         OBSERVED          NORMAL  DEPART  LAST YEAR`S
                 VALUE   DATE(S)  VALUE   FROM    VALUE  DATE(S)
                                          NORMAL
................................................................
TEMPERATURE (F)
RECORD
 HIGH             103   07/06/2012
 LOW              -37   02/02/1868
HIGHEST            89   09/05        MM      MM       94  07/19
                                                          07/17
                                                          07/18
LOWEST            -13   01/07        MM      MM       -4  01/22
AVG. MAXIMUM     54.7              57.5    -2.8     56.6
AVG. MINIMUM     36.1              39.1    -3.0     38.5
MEAN             45.4              48.3    -2.9     47.6
DAYS MAX >= 90      0               7.0    -7.0        6
DAYS MAX <= 32     80              51.0    29.0       65
DAYS MIN <= 32    149             131.0    18.0      151
DAYS MIN <= 0      21               7.6    13.4        3

PRECIPITATION (INCHES)
TOTALS          37.48             31.77    5.71    41.45
DAILY AVG.       0.10              0.09    0.01     0.11
GREATEST
 24 HR. TOTAL    2.75   06/11 TO 06/11

SNOWFALL (INCHES)
TOTALS           60.3              51.1     9.2     42.2
SINCE 7/1         7.7
SNOWDEPTH AVG.      3                MM      MM        1
DAYS >= 1.0        15              16.3    -1.3       16
GREATEST
 SNOW DEPTH        19   02/19                          8  12/19
                        02/18                             12/18
 24 HR TOTAL      9.5   01/05 TO 01/05

DEGREE_DAYS
HEATING TOTAL    7505              6711     794     6851
 SINCE 7/1         MM              2552      MM       MM
COOLING TOTAL     490               623    -133      661
 SINCE 1/1        490               625    -135      661
.................................................................

WIND (MPH)
AVERAGE WIND SPEED              8.6
HIGHEST WIND SPEED/DIRECTION    41/320    DATE  06/18
HIGHEST GUST SPEED/DIRECTION    57/310    DATE  06/18

SKY COVER
POSSIBLE SUNSHINE (PERCENT)   MM
AVERAGE SKY COVER           0.50
NUMBER OF DAYS FAIR          127
NUMBER OF DAYS PC            123
NUMBER OF DAYS CLOUDY        115

AVERAGE RH (PERCENT)     70

WEATHER CONDITIONS. NUMBER OF DAYS WITH
THUNDERSTORM             18     MIXED PRECIP               0
HEAVY RAIN               40     RAIN                      63
LIGHT RAIN              127     FREEZING RAIN              0
LT FREEZING RAIN          6     HAIL                       0
HEAVY SNOW               10     SNOW                      19
LIGHT SNOW               93     SLEET                      2
FOG                     216     FOG W/VIS <= 1/4 MILE     33
HAZE                    120

-  INDICATES NEGATIVE NUMBERS.
R  INDICATES RECORD WAS SET OR TIED.
MM INDICATES DATA IS MISSING.
T  INDICATES TRACE AMOUNT.

$$

EBW
