000
CXUS55 KCYS 091750
CLALAR


CLIMATE REPORT
NATIONAL WEATHER SERVICE CHEYENNE WY
1049 AM MST THU JAN 9 2014

...................................

...THE LARAMIE WY AIRPORT CLIMATE SUMMARY FOR THE YEAR OF 2013...

CLIMATE NORMAL PERIOD 1981 TO 2010
CLIMATE RECORD PERIOD 1948 TO 2014

WEATHER         OBSERVED          NORMAL  DEPART  LAST YEAR`S
                 VALUE   DATE(S)  VALUE   FROM    VALUE
                                          NORMAL
.............................................................
TEMPERATURE (F)
RECORD
 HIGH              94   07/22/1982
                        08/05/1979
                        06/23/1954
 LOW              -50   01/12/1963
HIGHEST            93   07/11        MM      MM       93
LOWEST            -31   12/05        MM      MM      -13
AVG. MAXIMUM     54.2              54.5    -0.3     59.0
AVG. MINIMUM     27.2              27.5    -0.3     29.4
MEAN             40.7              41.0    -0.3     44.2
DAYS MAX >= 90      4               1.5               10
DAYS MAX <= 32     67              53.7               48
DAYS MIN <= 32    216             209.3              202
DAYS MIN <= 0      32              21.9               17

PRECIPITATION (INCHES)
RECORD
 MAXIMUM        11.88   2004
 MINIMUM         3.50   2002
TOTALS          12.57R            10.92    1.65     6.48
DAYS >= .01       102              85.7               77
DAYS >= .10        41              32.1               27
DAYS >= .50         4               3.8                0
DAYS >= 1.00        1               0.5                0
GREATEST
 24 HR. TOTAL    1.07   09/12 TO 09/12

DEGREE_DAYS
HEATING TOTAL    8883              8830      53     7692
 SINCE 7/1       3523              3673    -150     3210
COOLING TOTAL     162                67      95      211
 SINCE 1/1        162                67      95      211
..............................................................

WIND (MPH)
AVERAGE WIND SPEED              12.0
HIGHEST WIND SPEED/DIRECTION    51/290    DATE  03/17
HIGHEST GUST SPEED/DIRECTION    63/270    DATE  03/17

SKY COVER
POSSIBLE SUNSHINE (PERCENT)   MM
AVERAGE SKY COVER           0.30
NUMBER OF DAYS FAIR          225
NUMBER OF DAYS PC            113
NUMBER OF DAYS CLOUDY         26

AVERAGE RH (PERCENT)     59

WEATHER CONDITIONS. NUMBER OF DAYS WITH
THUNDERSTORM              0     MIXED PRECIP               0
HEAVY RAIN               14     RAIN                      29
LIGHT RAIN               88     FREEZING RAIN              0
LT FREEZING RAIN          0     HAIL                       0
HEAVY SNOW               12     SNOW                      35
LIGHT SNOW               72     SLEET                      0
FOG                     115     FOG W/VIS <= 1/4 MILE     24
HAZE                     39

-  INDICATES NEGATIVE NUMBERS.
R  INDICATES RECORD WAS SET OR TIED.
MM INDICATES DATA IS MISSING.
T  INDICATES TRACE AMOUNT.

$$
