000
CXUS55 KCYS 172307
CLALAR

CLIMATE REPORT
NATIONAL WEATHER SERVICE CHEYENNE WY
403 PM MST SAT JAN 17 2015

...................................

...THE LARAMIE WY AIRPORT CLIMATE SUMMARY FOR THE YEAR OF 2014...

CLIMATE NORMAL PERIOD 1981 TO 2010
CLIMATE RECORD PERIOD 1948 TO 2015

WEATHER         OBSERVED          NORMAL  DEPART  LAST YEAR`S
                 VALUE   DATE(S)  VALUE   FROM    VALUE
                                          NORMAL
.............................................................
TEMPERATURE (F)
RECORD
 HIGH              94   07/22/1982
                        08/05/1979
                        06/23/1954
 LOW              -50   01/12/1963
HIGHEST            89   07/07        MM      MM       93
LOWEST            -34   12/31        MM      MM      -31
AVG. MAXIMUM     54.9              54.5     0.4     54.2
AVG. MINIMUM     27.8              27.5     0.3     27.2
MEAN             41.4              41.0     0.4     40.7
DAYS MAX >= 90      0               1.5               MM
DAYS MAX <= 32     49              53.7               MM
DAYS MIN <= 32    207             209.3               MM
DAYS MIN <= 0      26              21.9               MM

PRECIPITATION (INCHES)
RECORD
 MAXIMUM        12.57   2013
 MINIMUM         3.50   2002
TOTALS          14.30R            10.92    3.38    12.58
DAYS >= .01       103              85.7               MM
DAYS >= .10        41              32.1               MM
DAYS >= .50         5               3.8               MM
DAYS >= 1.00        1               0.5               MM
GREATEST
 24 HR. TOTAL    1.19   07/29 TO 07/30

DEGREE_DAYS
HEATING TOTAL    8550              8830    -280     8883
 SINCE 7/1       3441              3673    -232     3523
COOLING TOTAL      67                67       0      162
 SINCE 1/1         67                67       0      162
..............................................................

WIND (MPH)
AVERAGE WIND SPEED              12.8
HIGHEST WIND SPEED/DIRECTION    52/270    DATE  02/13
HIGHEST GUST SPEED/DIRECTION    62/270    DATE  02/15

SKY COVER
POSSIBLE SUNSHINE (PERCENT)   MM
AVERAGE SKY COVER           0.30
NUMBER OF DAYS FAIR          226
NUMBER OF DAYS PC            118
NUMBER OF DAYS CLOUDY         17

AVERAGE RH (PERCENT)     59

WEATHER CONDITIONS. NUMBER OF DAYS WITH
THUNDERSTORM              0     MIXED PRECIP               0
HEAVY RAIN               20     RAIN                      32
LIGHT RAIN               84     FREEZING RAIN              0
LT FREEZING RAIN          1     HAIL                       0
HEAVY SNOW               14     SNOW                      42
LIGHT SNOW               94     SLEET                      0
FOG                     138     FOG W/VIS <= 1/4 MILE     44
HAZE                     61

-  INDICATES NEGATIVE NUMBERS.
R  INDICATES RECORD WAS SET OR TIED.
MM INDICATES DATA IS MISSING.
T  INDICATES TRACE AMOUNT.

$$
