000
CXUS53 KJKL 011704
CLALOZ

CLIMATE REPORT
NATIONAL WEATHER SERVICE JACKSON KY
1204 PM EST FRI JAN 1 2016

...................................

...THE LONDON KY CLIMATE SUMMARY FOR THE YEAR OF 2015...

CLIMATE NORMAL PERIOD 1981 TO 2010
CLIMATE RECORD PERIOD 1954 TO 2015

WEATHER         OBSERVED          NORMAL  DEPART  LAST YEAR`S
                 VALUE   DATE(S)  VALUE   FROM    VALUE
                                          NORMAL
.............................................................
TEMPERATURE (F)
RECORD
 HIGH             105   06/29/2012
 LOW              -25   01/19/1994
HIGHEST            93   09/05        MM      MM       93
                        09/04
                        07/18
LOWEST            -17   02/20        MM      MM       -4
AVG. MAXIMUM     68.4              67.5     0.9     66.3
AVG. MINIMUM     47.2              46.0     1.2     45.4
MEAN             57.8              56.7     1.1     55.9
DAYS MAX >= 90     28              19.3     8.7       17
DAYS MAX <= 32     11              10.3     0.7       15
DAYS MIN <= 32     83              87.1    -4.1      101
DAYS MIN <= 0       2               0.9     1.1        3

PRECIPITATION (INCHES)
RECORD
 MAXIMUM        65.22   2004
 MINIMUM        32.32   2007
TOTALS          55.00             47.14    7.86    51.26
DAYS >= .01       145             133.9    11.1      142
DAYS >= .10        93              86.1     6.9       89
DAYS >= .50        36              33.0     3.0       36
DAYS >= 1.00       12              10.9     1.1       11
GREATEST
 24 HR. TOTAL    3.73   07/02 TO 07/03              4.23

SNOWFALL (INCHES)
RECORDS
 TOTAL           63.9
 24 HR TOTAL     15.0   03/09/1960 TO 03/09/1960
TOTALS             MM              10.3      MM       MM
SINCE 7/1          MM               1.1      MM       MM
SNOWDEPTH AVG.     MM                MM      MM       MM
DAYS >= 1.0        MM               4.7      MM       MM
GREATEST
 24 HR TOTAL       MM                                 MM

DEGREE_DAYS
HEATING TOTAL    3855              4205    -350     4480
 SINCE 7/1       1140              1652    -512     1667
COOLING TOTAL    1387              1191     196     1247
 SINCE 1/1       1387              1191     196     1247
..............................................................

WIND (MPH)
AVERAGE WIND SPEED              5.0
RESULTANT WIND SPEED/DIRECTION   1/252
HIGHEST WIND SPEED/DIRECTION    33/290    DATE  04/20
HIGHEST GUST SPEED/DIRECTION    45/290    DATE  12/24

SKY COVER
POSSIBLE SUNSHINE (PERCENT)   MM
AVERAGE SKY COVER           0.40
NUMBER OF DAYS FAIR          181
NUMBER OF DAYS PC            110
NUMBER OF DAYS CLOUDY         73

AVERAGE RH (PERCENT)     64

WEATHER CONDITIONS. NUMBER OF DAYS WITH
THUNDERSTORM             50     MIXED PRECIP               0
HEAVY RAIN               53     RAIN                      85
LIGHT RAIN              160     FREEZING RAIN              2
LT FREEZING RAIN          4     HAIL                       0
HEAVY SNOW                3     SNOW                       3
LIGHT SNOW               20     SLEET                      0
FOG                     186     FOG W/VIS <= 1/4 MILE     30
HAZE                    131

-  INDICATES NEGATIVE NUMBERS.
R  INDICATES RECORD WAS SET OR TIED.
MM INDICATES DATA IS MISSING.
T  INDICATES TRACE AMOUNT.

$$

CARICO
