000
CXUS53 KILX 020259 RRA
CLALWV

CLIMATE REPORT
NATIONAL WEATHER SERVICE LINCOLN IL
859 PM CST SUN JAN 1 2017

...................................

...THE LAWRENCEVILLE IL AIRPORT CLIMATE SUMMARY FOR THE YEAR OF 2016...

CLIMATE NORMAL PERIOD 1981 TO 2010
CLIMATE RECORD PERIOD 9999 TO 9999

WEATHER         OBSERVED          NORMAL  DEPART  LAST YEAR`S
                 VALUE   DATE(S)  VALUE   FROM    VALUE  DATE(S)
                                          NORMAL
................................................................
TEMPERATURE (F)
RECORD
 HIGH              MM   MM
 LOW               MM   MM
HIGHEST            97   06/26        MM      MM       96  09/06
LOWEST              2   01/20        MM      MM      -13  02/20
AVG. MAXIMUM     67.3              66.1     1.2     65.6
AVG. MINIMUM     47.2              45.8     1.4     45.3
MEAN             57.3              56.0     1.3     55.5
DAYS MAX >= 90     43              37.1     5.9       24
DAYS MAX <= 32     22              17.3     4.7       27
DAYS MIN <= 32     92              89.8     2.2       91
DAYS MIN <= 0       0               2.2    -2.2        8

PRECIPITATION (INCHES)
RECORD
 MAXIMUM           MM   MM
 MINIMUM           MM   MM
TOTALS          42.03             43.88   -1.85    46.05
DAILY AVG.       0.11                               0.14
DAYS >= .01       109                MM      MM      111
DAYS >= .10        73                MM      MM       69
DAYS >= .50        26                MM      MM       29
DAYS >= 1.00       12                MM      MM       17
GREATEST
 24 HR. TOTAL    3.78   08/13 TO 08/14              3.52

DEGREE_DAYS
HEATING TOTAL    4367              4680    -313     4645
COOLING TOTAL    1615              1387     228     1331

FREEZE DATES
RECORD
 EARLIEST     MM
 LATEST       MM
EARLIEST                        MM
LATEST                          MM
.................................................................

SKY COVER
POSSIBLE SUNSHINE (PERCENT)   MM



-  INDICATES NEGATIVE NUMBERS.
R  INDICATES RECORD WAS SET OR TIED.
MM INDICATES DATA IS MISSING.
T  INDICATES TRACE AMOUNT.

$$
GEELHART
