000
CXUS53 KILX 011856
CLALWV

CLIMATE REPORT
NATIONAL WEATHER SERVICE LINCOLN IL
1255 PM CST FRI JAN 1 2016

...................................

...THE LAWRENCEVILLE IL AIRPORT CLIMATE SUMMARY FOR THE YEAR OF 2015...

CLIMATE NORMAL PERIOD 1981 TO 2010
CLIMATE RECORD PERIOD 9999 TO 9999

WEATHER         OBSERVED          NORMAL  DEPART  LAST YEAR`S
                 VALUE   DATE(S)  VALUE   FROM    VALUE  DATE(S)
                                          NORMAL
................................................................
TEMPERATURE (F)
RECORD
 HIGH              MM   MM
 LOW               MM   MM
HIGHEST            96   09/06        MM      MM       93  09/05
                                                          08/26
LOWEST            -13   02/20        MM      MM       -8  01/06
AVG. MAXIMUM     65.6              66.1    -0.5     62.7
AVG. MINIMUM     45.3              45.8    -0.5     43.0
MEAN             55.5              56.0    -0.5     52.9
DAYS MAX >= 90     24              37.1   -13.1       17
DAYS MAX <= 32     27              17.3     9.7       36
DAYS MIN <= 32     91              89.8     1.2      114
DAYS MIN <= 0       8               2.2     5.8        6

PRECIPITATION (INCHES)
RECORD
 MAXIMUM           MM   MM
 MINIMUM           MM   MM
TOTALS          46.05             43.88    2.17    40.39
DAILY AVG.       0.14                               0.12
DAYS >= .01       111                MM      MM      105
DAYS >= .10        69                MM      MM       71
DAYS >= .50        29                MM      MM       21
DAYS >= 1.00       17                MM      MM       11
GREATEST
 24 HR. TOTAL    3.52   06/18 TO 06/19              2.45

DEGREE_DAYS
HEATING TOTAL    4645              4680     -35     5491
COOLING TOTAL    1331              1387     -56     1218

FREEZE DATES
RECORD
 EARLIEST     MM
 LATEST       MM
EARLIEST                        MM
LATEST                          MM
.................................................................

SKY COVER
POSSIBLE SUNSHINE (PERCENT)   MM



-  INDICATES NEGATIVE NUMBERS.
R  INDICATES RECORD WAS SET OR TIED.
MM INDICATES DATA IS MISSING.
T  INDICATES TRACE AMOUNT.

$$
GEELHART
