000
CXUS53 KABR 041143
CLAMBG

CLIMATE REPORT
NATIONAL WEATHER SERVICE ABERDEEN SD
1104 AM CST FRI JAN 1 2016

...................................

...THE MOBRIDGE SD CLIMATE SUMMARY FOR THE YEAR OF 2015...

CLIMATE NORMAL PERIOD 1981 TO 2010
CLIMATE RECORD PERIOD 1911 TO 2015

WEATHER         OBSERVED          NORMAL  DEPART  LAST YEAR`S
                 VALUE   DATE(S)  VALUE   FROM    VALUE  DATE(S)
                                          NORMAL
................................................................
TEMPERATURE (F)
RECORD
 HIGH             116   07/15/2006
                        07/16/1936
 LOW              -44   02/19/1929
HIGHEST            99   09/03                         95  07/20
                        08/15
LOWEST            -17   01/05                        -19  02/10
AVG. MAXIMUM     60.7              56.8     3.9     54.5
AVG. MINIMUM     35.9              33.1     2.8     31.4
MEAN             48.3              44.9     3.4     42.9
DAYS MAX >= 90     37              22.3    14.7        5
DAYS MAX <= 32     54              65.2   -11.2       77
DAYS MIN <= 32    152             172.0   -20.0      173
DAYS MIN <= 0      28              30.2    -2.2       45

PRECIPITATION (INCHES)
RECORD
 MAXIMUM        26.86   1915
 MINIMUM         6.15   1934
TOTALS          23.33             17.87    5.46    21.81
DAILY AVG.       0.06              0.05    0.01     0.06
DAYS >= .01        85                MM      MM       85
DAYS >= .10        41                MM      MM       41
DAYS >= .50        15                MM      MM       11
DAYS >= 1.00        3                MM      MM        3

SNOWFALL (INCHES)
RECORDS
 TOTAL           75.9   1997
TOTALS           17.9                MM      MM     36.6
 LIQUID EQUIV    1.79                MM      MM     3.66
SINCE 7/1         9.5                MM      MM     10.3
 LIQUID 7/1      0.95                MM      MM     1.03
DAYS >= TRACE      47                MM      MM       71
DAYS >= 1.0         5                MM      MM       13

DEGREE_DAYS
HEATING TOTAL    6794              7960   -1166     8355
 SINCE 7/1         MM              3216      MM       MM
COOLING TOTAL     860               643     217      471
 SINCE 1/1        860               644     216      471
.................................................................

WIND (MPH)
AVERAGE WIND SPEED              10.4
HIGHEST WIND SPEED/DIRECTION    48/320    DATE  11/18
HIGHEST GUST SPEED/DIRECTION    61/320    DATE  11/18



-  INDICATES NEGATIVE NUMBERS.
R  INDICATES RECORD WAS SET OR TIED.
MM INDICATES DATA IS MISSING.
T  INDICATES TRACE AMOUNT.

$$
