000
CXUS53 KGLD 032108
CLAMCK

CLIMATE REPORT
NATIONAL WEATHER SERVICE GOODLAND
145 PM MST SAT JAN 3 2015

...................................

...THE MCCOOK CLIMATE SUMMARY FOR THE YEAR OF 2014...

CLIMATE NORMAL PERIOD 1981 TO 2010
CLIMATE RECORD PERIOD 1896 TO 2014

WEATHER         OBSERVED          NORMAL  DEPART  LAST YEAR`S
                 VALUE   DATE(S)  VALUE   FROM    VALUE  DATE(S)
                                          NORMAL
................................................................
TEMPERATURE (F)
RECORD
 HIGH             115   06/26/2012
 LOW              -30   01/12/1912
HIGHEST           104   07/24       105      -1      108  06/11
LOWEST            -15   12/31       -10      -5      -10  12/09
                        02/06
AVG. MAXIMUM     65.4              64.9     0.5     65.9
AVG. MINIMUM     37.2              36.6     0.6     37.8
MEAN             51.3              50.8     0.5     51.8
DAYS MAX >= 90     48              44.7     3.3       68
DAYS MAX <= 32     40              27.6    12.4       26
DAYS MIN <= 32    158             161.0    -3.0      173
DAYS MIN <= 0      12               8.6     3.4        8

PRECIPITATION (INCHES)
RECORD
 MAXIMUM        24.60   2009
 MINIMUM         9.41   2012
TOTALS          24.19             22.53    1.66
DAYS >= .01        72              75.1    -3.1       75
DAYS >= .10        42              43.8    -1.8       37
DAYS >= .50        15              14.5     0.5        4
DAYS >= 1.00        6               5.1     0.9        1
GREATEST
 24 HR. TOTAL    3.04   06/08 TO 06/09              4.32  09/12

.................................................................



-  INDICATES NEGATIVE NUMBERS.
R  INDICATES RECORD WAS SET OR TIED.
MM INDICATES DATA IS MISSING.
T  INDICATES TRACE AMOUNT.

$$
