862
CXUS53 KMKX 011549 RRA
CLAMKE

CLIMATE REPORT
NATIONAL WEATHER SERVICE IN MILWAUKEE
919 AM CST SUN JAN 1 2017

...................................

...THE MILWAUKEE WI CLIMATE SUMMARY FOR THE YEAR OF 2016...

CLIMATE NORMAL PERIOD 1981 TO 2010
CLIMATE RECORD PERIOD 1871 TO 2016

WEATHER         OBSERVED          NORMAL  DEPART  LAST YEAR`S
                 VALUE   DATE(S)  VALUE   FROM    VALUE  DATE(S)
                                          NORMAL
................................................................
TEMPERATURE (F)
RECORD
 HIGH             105   07/24/1934
 LOW              -26   02/03/1996
                        01/17/1982
HIGHEST            94   09/06        95      -1       93  08/14
                        08/11                             08/02
                        07/24
LOWEST             -7   12/19       -13       6       -9  02/19
AVG. MAXIMUM     58.5              55.6     2.9     56.5
AVG. MINIMUM     43.1              40.1     3.0     40.6
MEAN             50.8              47.9     2.9     48.5
DAYS MAX >= 90     12               7.0     5.0        6
DAYS MAX <= 32     46              51.5    -5.5       53
DAYS MIN <= 32    109             125.5   -16.5      111
DAYS MIN <= 0       9               6.9     2.1       15

PRECIPITATION (INCHES)
RECORD
 MAXIMUM        50.36   1876
 MINIMUM        18.69   1901
TOTALS          29.26             34.76   -5.50    32.84
DAILY AVG.       0.08              0.10   -0.02     0.09
DAYS >= .01       121             126.7    -5.7      110
DAYS >= .10        59              69.1   -10.1       69
DAYS >= .50        19              22.2    -3.2       22
DAYS >= 1.00        7               7.2    -0.2        4
GREATEST
 24 HR. TOTAL    2.09   08/30 TO 08/30              3.18

SNOWFALL (INCHES)
RECORDS
 TOTAL          110.3   1886
TOTALS           41.4              46.9    -5.5     54.2
SINCE 7/1        18.8              13.3     5.5     16.5
SNOWDEPTH AVG.      1                MM      MM        1
DAYS >= 1.0        15              13.4     1.6       13
GREATEST
 SNOW DEPTH        13   12/18                         11  02/05
                                                          02/03
                                                          02/04
 24 HR TOTAL      7.8   12/10 TO 12/11              10.4

DEGREE_DAYS
HEATING TOTAL    6068              6894    -826     6468
 SINCE 7/1         MM              2560      MM       MM
COOLING TOTAL     991               641     350      622
 SINCE 1/1        991               641     350      622

FREEZE DATES
RECORD
 EARLIEST     09/20/1956
 LATEST       05/27/1961
EARLIEST                        10/17
LATEST                          04/27
.................................................................

WIND (MPH)
AVERAGE WIND SPEED              9.4
RESULTANT WIND SPEED/DIRECTION   2/257
HIGHEST WIND SPEED/DIRECTION    41/230    DATE  12/26
HIGHEST GUST SPEED/DIRECTION    63/240    DATE  02/19

SKY COVER
POSSIBLE SUNSHINE (PERCENT)   MM
AVERAGE SKY COVER           0.60
NUMBER OF DAYS FAIR           62
NUMBER OF DAYS PC            187
NUMBER OF DAYS CLOUDY        117

AVERAGE RH (PERCENT)     69

WEATHER CONDITIONS. NUMBER OF DAYS WITH
THUNDERSTORM             44     MIXED PRECIP               0
HEAVY RAIN               25     RAIN                      39
LIGHT RAIN              128     FREEZING RAIN              0
LT FREEZING RAIN          3     HAIL                       1
HEAVY SNOW                2     SNOW                      18
LIGHT SNOW               53     SLEET                      4
FOG                     143     FOG W/VIS <= 1/4 MILE     24
HAZE                     93

-  INDICATES NEGATIVE NUMBERS.
R  INDICATES RECORD WAS SET OR TIED.
MM INDICATES DATA IS MISSING.
T  INDICATES TRACE AMOUNT.

$$
