000
CXUS53 KMKX 011847 RRA
CLAMSN

CLIMATE REPORT
NATIONAL WEATHER SERVICE IN MILWAUKEE
1246 PM CST WED JAN 1 2014

...................................

...THE MADISON WI CLIMATE SUMMARY FOR THE YEAR OF 2013...

CLIMATE NORMAL PERIOD 1981 TO 2010
CLIMATE RECORD PERIOD 1871 TO 2013

WEATHER         OBSERVED          NORMAL  DEPART  LAST YEAR`S
                 VALUE   DATE(S)  VALUE   FROM    VALUE  DATE(S)
                                          NORMAL
................................................................
TEMPERATURE (F)
RECORD
 HIGH             107   07/14/1936
 LOW              -37   01/30/1951
HIGHEST            94   09/10        94       0      104  07/05
LOWEST            -14   12/30       -17       3       -8  01/21
                                                          01/19
                                                          01/20
AVG. MAXIMUM     55.2              56.0    -0.8     61.9
AVG. MINIMUM     36.2              36.9    -0.7     40.7
MEAN             45.7              46.5    -0.8     51.3
DAYS MAX >= 90     11               5.9     5.1       39
DAYS MAX <= 32     72              61.3    10.7       32
DAYS MIN <= 32    152             148.5     3.5      125
DAYS MIN <= 0      18              15.3     2.7        4

PRECIPITATION (INCHES)
RECORD
 MAXIMUM        52.91   1881
 MINIMUM        13.63   1895
TOTALS          45.38             34.48   10.90    26.36
DAILY AVG.       0.12              0.09    0.03     0.07
DAYS >= .01       135             124.8    10.2      102
DAYS >= .10        73              68.0     5.0       61
DAYS >= .50        33              20.8    12.2       16
DAYS >= 1.00       12               7.4     4.6        5
GREATEST
 24 HR. TOTAL    3.28   06/25 TO 06/26              1.78 10/13 TO 10/14

SNOWFALL (INCHES)
RECORDS
 TOTAL          111.1   2008
TOTALS           72.7              50.9    21.8     50.8
SINCE 7/1        25.6              17.6     8.0     23.5
SNOWDEPTH AVG.      2                MM      MM        1
DAYS >= 1.0        20              14.7     5.3       14
GREATEST
 SNOW DEPTH        11   03/08                         11  12/29
                        03/06
                        03/07
 24 HR TOTAL      6.4   03/05 TO 03/05              14.2  12/19 TO 12/20

DEGREE_DAYS
HEATING TOTAL    7627              7332     295     5964
 SINCE 7/1         MM              2879      MM       MM
COOLING TOTAL     709               568     141     1068
 SINCE 1/1        709               568     141     1068

FREEZE DATES
RECORD
 EARLIEST     09/12/1955
 LATEST       05/31/1966
EARLIEST                        10/01
LATEST                          05/10
.................................................................

WIND (MPH)
AVERAGE WIND SPEED              6.9
RESULTANT WIND SPEED/DIRECTION   1/202
HIGHEST WIND SPEED/DIRECTION    41/060    DATE  04/11
HIGHEST GUST SPEED/DIRECTION    59/020    DATE  06/26

SKY COVER
POSSIBLE SUNSHINE (PERCENT)   MM
AVERAGE SKY COVER           0.50
NUMBER OF DAYS FAIR          145
NUMBER OF DAYS PC            132
NUMBER OF DAYS CLOUDY         88

AVERAGE RH (PERCENT)     71

WEATHER CONDITIONS. NUMBER OF DAYS WITH
THUNDERSTORM             35     MIXED PRECIP               1
HEAVY RAIN               31     RAIN                      50
LIGHT RAIN              114     FREEZING RAIN              1
LT FREEZING RAIN         13     HAIL                       1
HEAVY SNOW                3     SNOW                      14
LIGHT SNOW               81     SLEET                      7
FOG                     195     FOG W/VIS <= 1/4 MILE     28
HAZE                     70

-  INDICATES NEGATIVE NUMBERS.
R  INDICATES RECORD WAS SET OR TIED.
MM INDICATES DATA IS MISSING.
T  INDICATES TRACE AMOUNT.

$$
