000
CXUS53 KILX 030237
CLAMTO

CLIMATE REPORT
NATIONAL WEATHER SERVICE LINCOLN IL
836 PM CST FRI JAN 2 2015

...................................

...THE MATTOON IL AIRPORT CLIMATE SUMMARY FOR THE YEAR OF 2014...

CLIMATE NORMAL PERIOD 1981 TO 2010
CLIMATE RECORD PERIOD 9999 TO 9999

WEATHER         OBSERVED          NORMAL  DEPART  LAST YEAR`S
                 VALUE   DATE(S)  VALUE   FROM    VALUE  DATE(S)
                                          NORMAL
................................................................
TEMPERATURE (F)
RECORD
 HIGH              MM   MM
 LOW               MM   MM
HIGHEST            91   08/25        MM      MM       96  09/10
LOWEST            -14   01/06        MM      MM        0  12/12
AVG. MAXIMUM     59.4              62.6    -3.2     61.2
AVG. MINIMUM     40.9              43.5    -2.6     42.7
MEAN             50.1              53.1    -3.0     51.9
DAYS MAX >= 90      4              15.8   -11.8       14
DAYS MAX <= 32     53              29.7    23.3       37
DAYS MIN <= 32    126             107.5    18.5      131
DAYS MIN <= 0      17               3.2    13.8        1

PRECIPITATION (INCHES)
RECORD
 MAXIMUM           MM   MM
 MINIMUM           MM   MM
TOTALS          31.43             38.05   -6.62    42.35
DAILY AVG.       0.10                               0.12
DAYS >= .01        95                MM      MM      101
DAYS >= .10        59                MM      MM       61
DAYS >= .50        21                MM      MM       28
DAYS >= 1.00        5                MM      MM       11
GREATEST
 24 HR. TOTAL    2.18   10/02 TO 10/03              3.25

DEGREE_DAYS
HEATING TOTAL    6214              5406     808     5670
COOLING TOTAL     932              1059    -127     1007

FREEZE DATES
RECORD
 EARLIEST     MM
 LATEST       MM
EARLIEST                        MM
LATEST                          MM
.................................................................

SKY COVER
POSSIBLE SUNSHINE (PERCENT)   MM



-  INDICATES NEGATIVE NUMBERS.
R  INDICATES RECORD WAS SET OR TIED.
MM INDICATES DATA IS MISSING.
T  INDICATES TRACE AMOUNT.

$$
GEELHART
