000
CXUS53 KILX 020259
CLAMTO

CLIMATE REPORT
NATIONAL WEATHER SERVICE LINCOLN IL
859 PM CST SUN JAN 1 2017

...................................

...THE MATTOON IL AIRPORT CLIMATE SUMMARY FOR THE YEAR OF 2016...

CLIMATE NORMAL PERIOD 1981 TO 2010
CLIMATE RECORD PERIOD 9999 TO 9999

WEATHER         OBSERVED          NORMAL  DEPART  LAST YEAR`S
                 VALUE   DATE(S)  VALUE   FROM    VALUE  DATE(S)
                                          NORMAL
................................................................
TEMPERATURE (F)
RECORD
 HIGH              MM   MM
 LOW               MM   MM
HIGHEST            94   06/26        MM      MM       94  09/06
                        06/23
LOWEST                  12/19        MM      MM       -9  02/24
                                                          02/23
AVG. MAXIMUM     64.3              62.6     1.7     63.0
AVG. MINIMUM     45.9              43.5     2.4     44.0
MEAN             55.1              53.1     2.0     53.5
DAYS MAX >= 90     18              15.8     2.2       15
DAYS MAX <= 32     27              29.7    -2.7       32
DAYS MIN <= 32     95             107.5   -12.5       95
DAYS MIN <= 0       2               3.2    -1.2       11

PRECIPITATION (INCHES)
RECORD
 MAXIMUM           MM   MM
 MINIMUM           MM   MM
TOTALS          31.54             38.05   -6.51    38.91
DAILY AVG.       0.09                               0.11
DAYS >= .01       110                MM      MM      103
DAYS >= .10        69                MM      MM       67
DAYS >= .50        22                MM      MM       33
DAYS >= 1.00        3                MM      MM        9
GREATEST
 24 HR. TOTAL    3.01   08/15 TO 08/16              3.45

DEGREE_DAYS
HEATING TOTAL    4840              5406    -566     5153
COOLING TOTAL    1316              1059     257     1103

FREEZE DATES
RECORD
 EARLIEST     MM
 LATEST       MM
EARLIEST                        MM
LATEST                          MM
.................................................................

SKY COVER
POSSIBLE SUNSHINE (PERCENT)   MM



-  INDICATES NEGATIVE NUMBERS.
R  INDICATES RECORD WAS SET OR TIED.
MM INDICATES DATA IS MISSING.
T  INDICATES TRACE AMOUNT.

$$
GEELHART
